2026-08-04 09:17:20.499 132629 WARNING neutron.agent.l3.agent [-] Info for router 2a2c8e59-405b-447c-8322-58f344989d86 was not found. Performing router cleanup
2026-08-04 09:17:20.500 133355 DEBUG oslo.privsep.daemon [-] privsep: reply[1a147814-824d-4383-a78e-de29a8e9c996]: (4, ['qrouter-a69871ea-f950-4415-bf2d-c21bd03e4835', 'qdhcp-c12a6141-d969-49de-8e68-36262a9ce79a']) _call_back /var/lib/kolla/venv/lib/python3.13/site-packages/oslo_privsep/daemon.py:580
2026-08-04 09:17:20.501 132629 INFO neutron.agent.l3.agent [-] Finished a router delete for 2a2c8e59-405b-447c-8322-58f344989d86, update_id 2d7d1df4-2180-4c5f-90c9-580bb295dd6f. Time elapsed: 0.089
2026-08-04 09:17:22.615 132629 DEBUG neutron.agent.l3.agent [None req-c7110db4-339b-4da8-b1e0-8b3699ccffa8 f2b00c3aad074e3294d402ed52e29da4 2f9c21de02a14130931209d2298aa632 - - default default] Got routers updated notification :['2a2c8e59-405b-447c-8322-58f344989d86'] routers_updated /var/lib/kolla/venv/lib/python3.13/site-packages/neutron/agent/l3/agent.py:549
2026-08-04 09:17:22.618 132629 INFO neutron.agent.l3.agent [-] Starting processing update 2a2c8e59-405b-447c-8322-58f344989d86, action 3, priority 1, update_id 6858e925-ce1d-4a8c-9e2d-ad2452c7a965. Wait time elapsed: 0.000
2026-08-04 09:17:22.619 132629 INFO neutron.agent.l3.agent [-] Starting router update for 2a2c8e59-405b-447c-8322-58f344989d86, action 3, priority 1, update_id 6858e925-ce1d-4a8c-9e2d-ad2452c7a965. Wait time elapsed: 0.001
2026-08-04 09:17:22.619 132629 DEBUG neutron.common.utils [-] Time-cost: call bb42c49a-d402-4561-a856-87e5ac4e311c function get_routers start wrapper /var/lib/kolla/venv/lib/python3.13/site-packages/neutron/common/utils.py:970
2026-08-04 09:17:22.711 132629 DEBUG neutron.common.utils [-] Time-cost: call bb42c49a-d402-4561-a856-87e5ac4e311c function get_routers took 0.092s seconds to run wrapper /var/lib/kolla/venv/lib/python3.13/site-packages/oslo_utils/timeutils.py:435
2026-08-04 09:17:22.712 132629 WARNING neutron.agent.l3.agent [-] Info for router 2a2c8e59-405b-447c-8322-58f344989d86 was not found. Performing router cleanup
2026-08-04 09:17:22.714 133355 DEBUG oslo.privsep.daemon [-] privsep: reply[109cb2d3-6c38-479f-b145-f23485eb7c55]: (4, ['qrouter-a69871ea-f950-4415-bf2d-c21bd03e4835', 'qdhcp-c12a6141-d969-49de-8e68-36262a9ce79a']) _call_back /var/lib/kolla/venv/lib/python3.13/site-packages/oslo_privsep/daemon.py:580
2026-08-04 09:17:22.715 132629 INFO neutron.agent.l3.agent [-] Finished a router delete for 2a2c8e59-405b-447c-8322-58f344989d86, update_id 6858e925-ce1d-4a8c-9e2d-ad2452c7a965. Time elapsed: 0.097
2026-08-04 09:17:23.178 132629 DEBUG neutron.agent.l3.agent [None req-b251c40e-1ea1-4532-a49e-5ad80fe7dc0c f2b00c3aad074e3294d402ed52e29da4 2f9c21de02a14130931209d2298aa632 - - default default] Got routers updated notification :['2a2c8e59-405b-447c-8322-58f344989d86'] routers_updated /var/lib/kolla/venv/lib/python3.13/site-packages/neutron/agent/l3/agent.py:549
2026-08-04 09:17:23.179 132629 INFO neutron.agent.l3.agent [-] Starting processing update 2a2c8e59-405b-447c-8322-58f344989d86, action 3, priority 1, update_id 0cd95f7f-d8c1-406b-92a3-8f4d430343fe. Wait time elapsed: 0.000
2026-08-04 09:17:23.179 132629 INFO neutron.agent.l3.agent [-] Starting router update for 2a2c8e59-405b-447c-8322-58f344989d86, action 3, priority 1, update_id 0cd95f7f-d8c1-406b-92a3-8f4d430343fe. Wait time elapsed: 0.000
2026-08-04 09:17:23.179 132629 DEBUG neutron.common.utils [-] Time-cost: call bb42c49a-d402-4561-a856-87e5ac4e311c function get_routers start wrapper /var/lib/kolla/venv/lib/python3.13/site-packages/neutron/common/utils.py:970
2026-08-04 09:17:23.270 132629 DEBUG neutron.common.utils [-] Time-cost: call bb42c49a-d402-4561-a856-87e5ac4e311c function get_routers took 0.091s seconds to run wrapper /var/lib/kolla/venv/lib/python3.13/site-packages/oslo_utils/timeutils.py:435
2026-08-04 09:17:23.272 132629 WARNING neutron.agent.l3.agent [-] Info for router 2a2c8e59-405b-447c-8322-58f344989d86 was not found. Performing router cleanup
2026-08-04 09:17:23.273 133355 DEBUG oslo.privsep.daemon [-] privsep: reply[b332376f-271f-47c9-8cfc-858765fe4f6a]: (4, ['qrouter-a69871ea-f950-4415-bf2d-c21bd03e4835', 'qdhcp-c12a6141-d969-49de-8e68-36262a9ce79a']) _call_back /var/lib/kolla/venv/lib/python3.13/site-packages/oslo_privsep/daemon.py:580
2026-08-04 09:17:23.274 132629 INFO neutron.agent.l3.agent [-] Finished a router delete for 2a2c8e59-405b-447c-8322-58f344989d86, update_id 0cd95f7f-d8c1-406b-92a3-8f4d430343fe. Time elapsed: 0.095
2026-08-04 09:17:24.813 132629 DEBUG neutron.agent.l3.agent [None req-f3dfe8eb-b2a9-40a8-ac00-475dbea3247e f2b00c3aad074e3294d402ed52e29da4 2f9c21de02a14130931209d2298aa632 - - default default] Got routers updated notification :['2a2c8e59-405b-447c-8322-58f344989d86'] routers_updated /var/lib/kolla/venv/lib/python3.13/site-packages/neutron/agent/l3/agent.py:549
2026-08-04 09:17:24.814 132629 INFO neutron.agent.l3.agent [-] Starting processing update 2a2c8e59-405b-447c-8322-58f344989d86, action 3, priority 1, update_id d7cfc2d5-92c3-45a8-8433-60953ace1e68. Wait time elapsed: 0.001
2026-08-04 09:17:24.815 132629 INFO neutron.agent.l3.agent [-] Starting router update for 2a2c8e59-405b-447c-8322-58f344989d86, action 3, priority 1, update_id d7cfc2d5-92c3-45a8-8433-60953ace1e68. Wait time elapsed: 0.002
2026-08-04 09:17:24.815 132629 DEBUG neutron.common.utils [-] Time-cost: call bb42c49a-d402-4561-a856-87e5ac4e311c function get_routers start wrapper /var/lib/kolla/venv/lib/python3.13/site-packages/neutron/common/utils.py:970
2026-08-04 09:17:24.912 132629 DEBUG neutron.common.utils [-] Time-cost: call bb42c49a-d402-4561-a856-87e5ac4e311c function get_routers took 0.097s seconds to run wrapper /var/lib/kolla/venv/lib/python3.13/site-packages/oslo_utils/timeutils.py:435
2026-08-04 09:17:24.913 132629 WARNING neutron.agent.l3.agent [-] Info for router 2a2c8e59-405b-447c-8322-58f344989d86 was not found. Performing router cleanup
2026-08-04 09:17:24.914 133355 DEBUG oslo.privsep.daemon [-] privsep: reply[5a6d9f88-2074-4284-ba8e-faceb956769e]: (4, ['qrouter-a69871ea-f950-4415-bf2d-c21bd03e4835', 'qdhcp-c12a6141-d969-49de-8e68-36262a9ce79a']) _call_back /var/lib/kolla/venv/lib/python3.13/site-packages/oslo_privsep/daemon.py:580
2026-08-04 09:17:24.916 132629 INFO neutron.agent.l3.agent [-] Finished a router delete for 2a2c8e59-405b-447c-8322-58f344989d86, update_id d7cfc2d5-92c3-45a8-8433-60953ace1e68. Time elapsed: 0.102
2026-08-04 09:17:26.181 132629 DEBUG neutron.agent.l3.agent [None req-515e08cc-b32c-461c-98ec-974ac31afc9b f2b00c3aad074e3294d402ed52e29da4 2f9c21de02a14130931209d2298aa632 - - default default] Got routers updated notification :['2a2c8e59-405b-447c-8322-58f344989d86'] routers_updated /var/lib/kolla/venv/lib/python3.13/site-packages/neutron/agent/l3/agent.py:549
2026-08-04 09:17:26.185 132629 INFO neutron.agent.l3.agent [-] Starting processing update 2a2c8e59-405b-447c-8322-58f344989d86, action 3, priority 1, update_id d9b1a755-289a-459a-8d7e-3dbf6335928c. Wait time elapsed: 0.004
2026-08-04 09:17:26.185 132629 INFO neutron.agent.l3.agent [-] Starting router update for 2a2c8e59-405b-447c-8322-58f344989d86, action 3, priority 1, update_id d9b1a755-289a-459a-8d7e-3dbf6335928c. Wait time elapsed: 0.004
2026-08-04 09:17:26.186 132629 DEBUG neutron.common.utils [-] Time-cost: call bb42c49a-d402-4561-a856-87e5ac4e311c function get_routers start wrapper /var/lib/kolla/venv/lib/python3.13/site-packages/neutron/common/utils.py:970
2026-08-04 09:17:26.622 132629 DEBUG neutron.common.utils [-] Time-cost: call bb42c49a-d402-4561-a856-87e5ac4e311c function get_routers took 0.436s seconds to run wrapper /var/lib/kolla/venv/lib/python3.13/site-packages/oslo_utils/timeutils.py:435
2026-08-04 09:17:26.625 132629 WARNING neutron.agent.l3.agent [-] Info for router 2a2c8e59-405b-447c-8322-58f344989d86 was not found. Performing router cleanup
2026-08-04 09:17:26.626 133355 DEBUG oslo.privsep.daemon [-] privsep: reply[cb571379-cf8a-4896-bf2c-3cd5c7ae6d13]: (4, ['qdhcp-2a5e311e-e605-42c5-891d-3a70c22c13ce', 'qrouter-a69871ea-f950-4415-bf2d-c21bd03e4835', 'qdhcp-c12a6141-d969-49de-8e68-36262a9ce79a']) _call_back /var/lib/kolla/venv/lib/python3.13/site-packages/oslo_privsep/daemon.py:580
2026-08-04 09:17:26.627 132629 INFO neutron.agent.l3.agent [-] Finished a router delete for 2a2c8e59-405b-447c-8322-58f344989d86, update_id d9b1a755-289a-459a-8d7e-3dbf6335928c. Time elapsed: 0.442
2026-08-04 09:17:26.630 132629 DEBUG neutron.agent.l3.agent [None req-515e08cc-b32c-461c-98ec-974ac31afc9b f2b00c3aad074e3294d402ed52e29da4 2f9c21de02a14130931209d2298aa632 - - default default] Got routers updated notification :['2a2c8e59-405b-447c-8322-58f344989d86'] routers_updated /var/lib/kolla/venv/lib/python3.13/site-packages/neutron/agent/l3/agent.py:549
2026-08-04 09:17:26.630 132629 INFO neutron.agent.l3.agent [-] Starting processing update 2a2c8e59-405b-447c-8322-58f344989d86, action 3, priority 1, update_id 906f5732-93e0-4b18-902a-3e09127749c9. Wait time elapsed: 0.000
2026-08-04 09:17:26.630 132629 INFO neutron.agent.l3.agent [-] Starting router update for 2a2c8e59-405b-447c-8322-58f344989d86, action 3, priority 1, update_id 906f5732-93e0-4b18-902a-3e09127749c9. Wait time elapsed: 0.000
2026-08-04 09:17:26.631 132629 DEBUG neutron.common.utils [-] Time-cost: call bb42c49a-d402-4561-a856-87e5ac4e311c function get_routers start wrapper /var/lib/kolla/venv/lib/python3.13/site-packages/neutron/common/utils.py:970
2026-08-04 09:17:26.870 132629 DEBUG neutron.common.utils [-] Time-cost: call bb42c49a-d402-4561-a856-87e5ac4e311c function get_routers took 0.239s seconds to run wrapper /var/lib/kolla/venv/lib/python3.13/site-packages/oslo_utils/timeutils.py:435
2026-08-04 09:17:26.871 132629 WARNING neutron.agent.l3.agent [-] Info for router 2a2c8e59-405b-447c-8322-58f344989d86 was not found. Performing router cleanup
2026-08-04 09:17:26.872 133355 DEBUG oslo.privsep.daemon [-] privsep: reply[9d7f90ef-e8fb-43b2-87a3-b336e9aa2ccc]: (4, ['qdhcp-2a5e311e-e605-42c5-891d-3a70c22c13ce', 'qrouter-a69871ea-f950-4415-bf2d-c21bd03e4835', 'qdhcp-c12a6141-d969-49de-8e68-36262a9ce79a']) _call_back /var/lib/kolla/venv/lib/python3.13/site-packages/oslo_privsep/daemon.py:580
2026-08-04 09:17:26.873 132629 INFO neutron.agent.l3.agent [-] Finished a router delete for 2a2c8e59-405b-447c-8322-58f344989d86, update_id 906f5732-93e0-4b18-902a-3e09127749c9. Time elapsed: 0.243
2026-08-04 09:17:27.300 132629 DEBUG neutron.agent.l3.agent [None req-735ea00d-46df-4806-8bc1-871360eef7da f2b00c3aad074e3294d402ed52e29da4 2f9c21de02a14130931209d2298aa632 - - default default] Got routers updated notification :['2a2c8e59-405b-447c-8322-58f344989d86'] routers_updated /var/lib/kolla/venv/lib/python3.13/site-packages/neutron/agent/l3/agent.py:549
2026-08-04 09:17:27.302 132629 INFO neutron.agent.l3.agent [-] Starting processing update 2a2c8e59-405b-447c-8322-58f344989d86, action 3, priority 1, update_id 23549148-7784-4012-b4cd-648ebfc00e05. Wait time elapsed: 0.002
2026-08-04 09:17:27.303 132629 INFO neutron.agent.l3.agent [-] Starting router update for 2a2c8e59-405b-447c-8322-58f344989d86, action 3, priority 1, update_id 23549148-7784-4012-b4cd-648ebfc00e05. Wait time elapsed: 0.003
2026-08-04 09:17:27.303 132629 DEBUG neutron.common.utils [-] Time-cost: call bb42c49a-d402-4561-a856-87e5ac4e311c function get_routers start wrapper /var/lib/kolla/venv/lib/python3.13/site-packages/neutron/common/utils.py:970
2026-08-04 09:17:27.422 132629 DEBUG neutron.common.utils [-] Time-cost: call bb42c49a-d402-4561-a856-87e5ac4e311c function get_routers took 0.120s seconds to run wrapper /var/lib/kolla/venv/lib/python3.13/site-packages/oslo_utils/timeutils.py:435
2026-08-04 09:17:27.423 132629 WARNING neutron.agent.l3.agent [-] Info for router 2a2c8e59-405b-447c-8322-58f344989d86 was not found. Performing router cleanup
2026-08-04 09:17:27.424 133355 DEBUG oslo.privsep.daemon [-] privsep: reply[7fa00ccd-ce50-4056-a59c-61236b68377f]: (4, ['qdhcp-2a5e311e-e605-42c5-891d-3a70c22c13ce', 'qrouter-a69871ea-f950-4415-bf2d-c21bd03e4835', 'qdhcp-c12a6141-d969-49de-8e68-36262a9ce79a']) _call_back /var/lib/kolla/venv/lib/python3.13/site-packages/oslo_privsep/daemon.py:580
2026-08-04 09:17:27.427 132629 INFO neutron.agent.l3.agent [-] Finished a router delete for 2a2c8e59-405b-447c-8322-58f344989d86, update_id 23549148-7784-4012-b4cd-648ebfc00e05. Time elapsed: 0.125
2026-08-04 09:17:28.922 132629 DEBUG neutron.agent.l3.agent [None req-4b99e73d-6d42-4160-b5a2-27da1ef6a77a dd4c924954994803b55087e2cc0c1309 836571b26ae54b739df1f5059b1cbece - - default default] Got routers updated notification :['c4fdfe72-700b-4962-9272-96f73a8491bf'] routers_updated /var/lib/kolla/venv/lib/python3.13/site-packages/neutron/agent/l3/agent.py:549
2026-08-04 09:17:28.927 132629 INFO neutron.agent.l3.agent [-] Starting processing update c4fdfe72-700b-4962-9272-96f73a8491bf, action 3, priority 1, update_id 90ff0362-2240-4e22-b7dd-4c72c302b98c. Wait time elapsed: 0.002
2026-08-04 09:17:28.927 132629 INFO neutron.agent.l3.agent [-] Starting router update for c4fdfe72-700b-4962-9272-96f73a8491bf, action 3, priority 1, update_id 90ff0362-2240-4e22-b7dd-4c72c302b98c. Wait time elapsed: 0.002
2026-08-04 09:17:28.927 132629 DEBUG neutron.common.utils [-] Time-cost: call bb42c49a-d402-4561-a856-87e5ac4e311c function get_routers start wrapper /var/lib/kolla/venv/lib/python3.13/site-packages/neutron/common/utils.py:970
2026-08-04 09:17:29.945 132629 DEBUG neutron.common.utils [-] Time-cost: call bb42c49a-d402-4561-a856-87e5ac4e311c function get_routers took 1.018s seconds to run wrapper /var/lib/kolla/venv/lib/python3.13/site-packages/oslo_utils/timeutils.py:435
2026-08-04 09:17:29.945 132629 DEBUG neutron.agent.l3.agent [-] Router c4fdfe72-700b-4962-9272-96f73a8491bf info not in cache, will do the router add action. _process_router_if_compatible /var/lib/kolla/venv/lib/python3.13/site-packages/neutron/agent/l3/agent.py:606
2026-08-04 09:17:29.946 132629 DEBUG neutron_lib.callbacks.manager [-] Publish callbacks [] for router (c4fdfe72-700b-4962-9272-96f73a8491bf), before_create _notify_loop /var/lib/kolla/venv/lib/python3.13/site-packages/neutron_lib/callbacks/manager.py:184
2026-08-04 09:17:29.968 133355 DEBUG oslo.privsep.daemon [-] privsep: reply[5405d7d3-f126-428f-a1f8-2b6b751270eb]: (4, None) _call_back /var/lib/kolla/venv/lib/python3.13/site-packages/oslo_privsep/daemon.py:580
2026-08-04 09:17:29.988 132629 DEBUG neutron.agent.l3.agent [None req-a131b980-3dd4-41d7-b5ab-6e6b0646e408 f2b00c3aad074e3294d402ed52e29da4 2f9c21de02a14130931209d2298aa632 - - default default] Got routers updated notification :['2a2c8e59-405b-447c-8322-58f344989d86'] routers_updated /var/lib/kolla/venv/lib/python3.13/site-packages/neutron/agent/l3/agent.py:549
2026-08-04 09:17:29.989 132629 INFO neutron.agent.l3.agent [-] Starting processing update 2a2c8e59-405b-447c-8322-58f344989d86, action 3, priority 1, update_id 2b56e675-c7e5-4132-800e-b2432ff00c6d. Wait time elapsed: 0.000
2026-08-04 09:17:29.993 132629 INFO neutron.agent.l3.agent [-] Starting router update for 2a2c8e59-405b-447c-8322-58f344989d86, action 3, priority 1, update_id 2b56e675-c7e5-4132-800e-b2432ff00c6d. Wait time elapsed: 0.004
2026-08-04 09:17:29.993 132629 DEBUG neutron.common.utils [-] Time-cost: call bb42c49a-d402-4561-a856-87e5ac4e311c function get_routers start wrapper /var/lib/kolla/venv/lib/python3.13/site-packages/neutron/common/utils.py:970
2026-08-04 09:17:30.045 160508 DEBUG oslo.privsep.daemon [-] privsep: reply[2e850839-d269-4488-a46d-c036e9e2dfc8]: (4, None) _call_back /var/lib/kolla/venv/lib/python3.13/site-packages/oslo_privsep/daemon.py:580
2026-08-04 09:17:30.054 132629 DEBUG neutron.agent.l3.router_info [-] Process updates, router c4fdfe72-700b-4962-9272-96f73a8491bf process /var/lib/kolla/venv/lib/python3.13/site-packages/neutron/agent/l3/router_info.py:1246
2026-08-04 09:17:30.094 132629 DEBUG oslo_concurrency.lockutils [-] Acquiring lock "router-lock-ns-qrouter-c4fdfe72-700b-4962-9272-96f73a8491bf" lock /var/lib/kolla/venv/lib/python3.13/site-packages/oslo_concurrency/lockutils.py:396
2026-08-04 09:17:30.095 132629 DEBUG oslo_concurrency.lockutils [-] Acquired lock "router-lock-ns-qrouter-c4fdfe72-700b-4962-9272-96f73a8491bf" lock /var/lib/kolla/venv/lib/python3.13/site-packages/oslo_concurrency/lockutils.py:399
2026-08-04 09:17:30.095 132629 DEBUG neutron.common.coordination [-] Lock "router-lock-ns-qrouter-c4fdfe72-700b-4962-9272-96f73a8491bf" acquired by "process_external" :: waited 0.000s _synchronized /var/lib/kolla/venv/lib/python3.13/site-packages/neutron/common/coordination.py:73
2026-08-04 09:17:30.095 132629 DEBUG neutron.agent.l3.router_info [-] External gateway added: port({'id': 'abd59e09-d912-4cdc-8643-ba1131fa3f75', 'name': '', 'network_id': 'f3af6e8a-bb2c-4b77-9b9d-2e6571885544', 'project_id': '', 'mac_address': 'fa:16:3e:af:5c:e1', 'admin_state_up': True, 'status': 'DOWN', 'device_id': 'c4fdfe72-700b-4962-9272-96f73a8491bf', 'device_owner': 'network:router_gateway', 'standard_attr_id': 390, 'fixed_ips': [{'subnet_id': 'a5dcf650-d5fc-4531-86e6-9f72637d2383', 'ip_address': '198.51.100.159', 'prefixlen': 24}], 'allowed_address_pairs': [], 'extra_dhcp_opts': [], 'security_groups': [], 'description': '', 'binding:vnic_type': 'normal', 'binding:profile': {}, 'binding:host_id': 'primary', 'binding:vif_type': 'ovs', 'binding:vif_details': {'connectivity': 'l2', 'port_filter': True, 'ovs_hybrid_plug': True, 'ovs_create_tap': True, 'datapath_type': 'system', 'bridge_name': 'br-int', 'bound_drivers': {'0': 'openvswitch'}}, 'port_security_enabled': False, 'tags': [], 'created_at': '2026-08-04T09:17:28Z', 'updated_at': '2026-08-04T09:17:29Z', 'revision_number': 4, 'tenant_id': '', 'subnets': [{'id': 'a5dcf650-d5fc-4531-86e6-9f72637d2383', 'cidr': '198.51.100.0/24', 'gateway_ip': '198.51.100.1', 'dns_nameservers': [], 'ipv6_ra_mode': None, 'subnetpool_id': None}], 'extra_subnets': [], 'address_scopes': {'4': None, '6': None}, 'mtu': 1450}), interface(qg-abd59e09-d9), ns(qrouter-c4fdfe72-700b-4962-9272-96f73a8491bf) _external_gateway_added /var/lib/kolla/venv/lib/python3.13/site-packages/neutron/agent/l3/router_info.py:773
2026-08-04 09:17:30.099 132629 DEBUG neutron.common.utils [-] Time-cost: call bb42c49a-d402-4561-a856-87e5ac4e311c function get_routers took 0.105s seconds to run wrapper /var/lib/kolla/venv/lib/python3.13/site-packages/oslo_utils/timeutils.py:435
2026-08-04 09:17:30.099 132629 WARNING neutron.agent.l3.agent [-] Info for router 2a2c8e59-405b-447c-8322-58f344989d86 was not found. Performing router cleanup
2026-08-04 09:17:30.102 133355 DEBUG oslo.privsep.daemon [-] privsep: reply[0ed47517-8399-45bd-aaad-e5923bc16e8e]: (4, ['qrouter-c4fdfe72-700b-4962-9272-96f73a8491bf', 'qdhcp-2a5e311e-e605-42c5-891d-3a70c22c13ce', 'qrouter-a69871ea-f950-4415-bf2d-c21bd03e4835', 'qdhcp-c12a6141-d969-49de-8e68-36262a9ce79a']) _call_back /var/lib/kolla/venv/lib/python3.13/site-packages/oslo_privsep/daemon.py:580
2026-08-04 09:17:30.103 132629 INFO neutron.agent.l3.agent [-] Finished a router delete for 2a2c8e59-405b-447c-8322-58f344989d86, update_id 2b56e675-c7e5-4132-800e-b2432ff00c6d. Time elapsed: 0.114
2026-08-04 09:17:30.127 132629 DEBUG ovsdbapp.backend.ovs_idl [-] Connection already started, not creating indices __init__ /var/lib/kolla/venv/lib/python3.13/site-packages/ovsdbapp/backend/ovs_idl/__init__.py:36
2026-08-04 09:17:30.128 132629 DEBUG ovsdbapp.backend.ovs_idl.transaction [-] Running txn n=1 command(idx=0): DelPortCommand(_result=None, port=qg-abd59e09-d9, bridge=None, if_exists=True) do_commit /var/lib/kolla/venv/lib/python3.13/site-packages/ovsdbapp/backend/ovs_idl/transaction.py:89
2026-08-04 09:17:30.128 132629 DEBUG ovsdbapp.backend.ovs_idl.transaction [-] Transaction caused no change do_commit /var/lib/kolla/venv/lib/python3.13/site-packages/ovsdbapp/backend/ovs_idl/transaction.py:129
2026-08-04 09:17:30.128 132629 DEBUG ovsdbapp.backend.ovs_idl.transaction [-] Running txn n=1 command(idx=0): AddPortCommand(_result=None, bridge=br-int, port=qg-abd59e09-d9, may_exist=False, interface_attrs={}) do_commit /var/lib/kolla/venv/lib/python3.13/site-packages/ovsdbapp/backend/ovs_idl/transaction.py:89
2026-08-04 09:17:30.129 132629 DEBUG ovsdbapp.backend.ovs_idl.transaction [-] Running txn n=1 command(idx=1): DbSetCommand(_result=None, table=Port, record=qg-abd59e09-d9, col_values=(('tag', 4095),), if_exists=True) do_commit /var/lib/kolla/venv/lib/python3.13/site-packages/ovsdbapp/backend/ovs_idl/transaction.py:89
2026-08-04 09:17:30.129 132629 DEBUG ovsdbapp.backend.ovs_idl.transaction [-] Running txn n=1 command(idx=2): DbSetCommand(_result=None, table=Port, record=qg-abd59e09-d9, col_values=(('vlan_mode', 'trunk'),), if_exists=True) do_commit /var/lib/kolla/venv/lib/python3.13/site-packages/ovsdbapp/backend/ovs_idl/transaction.py:89
2026-08-04 09:17:30.129 132629 DEBUG ovsdbapp.backend.ovs_idl.transaction [-] Running txn n=1 command(idx=3): DbSetCommand(_result=None, table=Port, record=qg-abd59e09-d9, col_values=(('trunks', 4095),), if_exists=True) do_commit /var/lib/kolla/venv/lib/python3.13/site-packages/ovsdbapp/backend/ovs_idl/transaction.py:89
2026-08-04 09:17:30.129 132629 DEBUG ovsdbapp.backend.ovs_idl.transaction [-] Running txn n=1 command(idx=4): DbSetCommand(_result=None, table=Interface, record=qg-abd59e09-d9, col_values=(('type', 'internal'), ('external_ids', {'iface-id': 'abd59e09-d912-4cdc-8643-ba1131fa3f75', 'iface-status': 'active', 'attached-mac': 'fa:16:3e:af:5c:e1'})), if_exists=True) do_commit /var/lib/kolla/venv/lib/python3.13/site-packages/ovsdbapp/backend/ovs_idl/transaction.py:89
2026-08-04 09:17:30.171 160508 DEBUG oslo.privsep.daemon [-] privsep: reply[8ce8f159-77ed-4a19-9be5-52b2c032e539]: (4, None) _call_back /var/lib/kolla/venv/lib/python3.13/site-packages/oslo_privsep/daemon.py:580
2026-08-04 09:17:30.178 160508 DEBUG oslo.privsep.daemon [-] privsep: reply[4e99a158-0576-4431-a2f0-5fd99f258ab8]: (4, {'mtu': 1500, 'qlen': 1000, 'state': 'DOWN', 'qdisc': 'noop', 'brd': 'ff:ff:ff:ff:ff:ff', 'link/ether': 'fa:16:3e:af:5c:e1', 'alias': None, 'allmulticast': False, 'link_kind': 'openvswitch'}) _call_back /var/lib/kolla/venv/lib/python3.13/site-packages/oslo_privsep/daemon.py:580
2026-08-04 09:17:30.223 160508 DEBUG oslo.privsep.daemon [-] privsep: reply[3a222de8-1419-4c1d-a1d1-c75119a6a2c4]: (4, None) _call_back /var/lib/kolla/venv/lib/python3.13/site-packages/oslo_privsep/daemon.py:580
2026-08-04 09:17:30.304 160508 DEBUG oslo.privsep.daemon [-] privsep: reply[ad8a8856-5ad9-4952-88c7-3e84b3c1ba6b]: (4, None) _call_back /var/lib/kolla/venv/lib/python3.13/site-packages/oslo_privsep/daemon.py:580
2026-08-04 09:17:30.368 160508 DEBUG oslo.privsep.daemon [-] privsep: reply[2a6c1fe9-35f7-4ddb-97e4-22fce90f3c3e]: (4, None) _call_back /var/lib/kolla/venv/lib/python3.13/site-packages/oslo_privsep/daemon.py:580
2026-08-04 09:17:30.369 132629 DEBUG neutron.agent.linux.interface [-] init_router_port: device_name(qg-abd59e09-d9), namespace(qrouter-c4fdfe72-700b-4962-9272-96f73a8491bf) init_router_port /var/lib/kolla/venv/lib/python3.13/site-packages/neutron/agent/linux/interface.py:169
2026-08-04 09:17:30.416 160508 DEBUG oslo.privsep.daemon [-] privsep: reply[53b71aff-36c6-421a-8143-3d212de47d55]: (4, {'mtu': 1450, 'qlen': 1000, 'state': 'UNKNOWN', 'qdisc': 'noqueue', 'brd': 'ff:ff:ff:ff:ff:ff', 'link/ether': 'fa:16:3e:af:5c:e1', 'alias': None, 'allmulticast': False, 'link_kind': 'openvswitch'}) _call_back /var/lib/kolla/venv/lib/python3.13/site-packages/oslo_privsep/daemon.py:580
2026-08-04 09:17:31.046 132629 DEBUG oslo_concurrency.lockutils [-] Acquiring lock "iptables-qrouter-c4fdfe72-700b-4962-9272-96f73a8491bf" lock /var/lib/kolla/venv/lib/python3.13/site-packages/oslo_concurrency/lockutils.py:396
2026-08-04 09:17:31.046 132629 DEBUG oslo_concurrency.lockutils [-] Acquired lock "iptables-qrouter-c4fdfe72-700b-4962-9272-96f73a8491bf" lock /var/lib/kolla/venv/lib/python3.13/site-packages/oslo_concurrency/lockutils.py:399
2026-08-04 09:17:31.046 132629 DEBUG oslo_concurrency.lockutils [-] Acquired external semaphore "iptables-qrouter-c4fdfe72-700b-4962-9272-96f73a8491bf" lock /var/lib/kolla/venv/lib/python3.13/site-packages/oslo_concurrency/lockutils.py:407
2026-08-04 09:17:31.163 132629 DEBUG neutron.agent.l3.agent [None req-09fe2cb7-7765-4774-8e9c-d78a4f8137fd f2b00c3aad074e3294d402ed52e29da4 2f9c21de02a14130931209d2298aa632 - - default default] Got router deleted notification for 2a2c8e59-405b-447c-8322-58f344989d86 router_deleted /var/lib/kolla/venv/lib/python3.13/site-packages/neutron/agent/l3/agent.py:541
2026-08-04 09:17:31.166 132629 INFO neutron.agent.l3.agent [-] Starting processing update 2a2c8e59-405b-447c-8322-58f344989d86, action 1, priority 1, update_id 62dd0a03-9fe7-48dc-b755-7af3bab6739f. Wait time elapsed: 0.002
2026-08-04 09:17:31.166 132629 INFO neutron.agent.l3.agent [-] Starting router update for 2a2c8e59-405b-447c-8322-58f344989d86, action 1, priority 1, update_id 62dd0a03-9fe7-48dc-b755-7af3bab6739f. Wait time elapsed: 0.003
2026-08-04 09:17:31.166 132629 WARNING neutron.agent.l3.agent [-] Info for router 2a2c8e59-405b-447c-8322-58f344989d86 was not found. Performing router cleanup
2026-08-04 09:17:31.169 133355 DEBUG oslo.privsep.daemon [-] privsep: reply[65145162-19b4-4b5a-8a2d-8f336735f304]: (4, ['qdhcp-2d9ca866-4079-4b48-a495-b056d628ef93', 'qrouter-c4fdfe72-700b-4962-9272-96f73a8491bf', 'qdhcp-2a5e311e-e605-42c5-891d-3a70c22c13ce', 'qrouter-a69871ea-f950-4415-bf2d-c21bd03e4835', 'qdhcp-c12a6141-d969-49de-8e68-36262a9ce79a']) _call_back /var/lib/kolla/venv/lib/python3.13/site-packages/oslo_privsep/daemon.py:580
2026-08-04 09:17:31.172 132629 INFO neutron.agent.l3.agent [-] Finished a router delete for 2a2c8e59-405b-447c-8322-58f344989d86, update_id 62dd0a03-9fe7-48dc-b755-7af3bab6739f. Time elapsed: 0.006
2026-08-04 09:17:31.285 132629 DEBUG neutron.agent.linux.iptables_manager [-] IPTablesManager.apply completed with success. 145 iptables commands were issued _apply_synchronized /var/lib/kolla/venv/lib/python3.13/site-packages/neutron/agent/linux/iptables_manager.py:634
2026-08-04 09:17:31.285 132629 DEBUG oslo_concurrency.lockutils [-] Releasing lock "iptables-qrouter-c4fdfe72-700b-4962-9272-96f73a8491bf" lock /var/lib/kolla/venv/lib/python3.13/site-packages/oslo_concurrency/lockutils.py:419
2026-08-04 09:17:31.367 132629 DEBUG oslo_concurrency.lockutils [-] Releasing lock "router-lock-ns-qrouter-c4fdfe72-700b-4962-9272-96f73a8491bf" lock /var/lib/kolla/venv/lib/python3.13/site-packages/oslo_concurrency/lockutils.py:419
2026-08-04 09:17:31.367 132629 DEBUG neutron.common.coordination [-] Lock "router-lock-ns-qrouter-c4fdfe72-700b-4962-9272-96f73a8491bf" released by "process_external" :: held 1.272s _synchronized /var/lib/kolla/venv/lib/python3.13/site-packages/neutron/common/coordination.py:85
2026-08-04 09:17:31.367 132629 DEBUG oslo_concurrency.lockutils [-] Acquiring lock "router-lock-ns-qrouter-c4fdfe72-700b-4962-9272-96f73a8491bf" lock /var/lib/kolla/venv/lib/python3.13/site-packages/oslo_concurrency/lockutils.py:396
2026-08-04 09:17:31.367 132629 DEBUG oslo_concurrency.lockutils [-] Acquired lock "router-lock-ns-qrouter-c4fdfe72-700b-4962-9272-96f73a8491bf" lock /var/lib/kolla/venv/lib/python3.13/site-packages/oslo_concurrency/lockutils.py:399
2026-08-04 09:17:31.368 132629 DEBUG neutron.common.coordination [-] Lock "router-lock-ns-qrouter-c4fdfe72-700b-4962-9272-96f73a8491bf" acquired by "process_address_scope" :: waited 0.000s _synchronized /var/lib/kolla/venv/lib/python3.13/site-packages/neutron/common/coordination.py:73
2026-08-04 09:17:31.368 132629 DEBUG oslo_concurrency.lockutils [-] Acquiring lock "iptables-qrouter-c4fdfe72-700b-4962-9272-96f73a8491bf" lock /var/lib/kolla/venv/lib/python3.13/site-packages/oslo_concurrency/lockutils.py:396
2026-08-04 09:17:31.368 132629 DEBUG oslo_concurrency.lockutils [-] Acquired lock "iptables-qrouter-c4fdfe72-700b-4962-9272-96f73a8491bf" lock /var/lib/kolla/venv/lib/python3.13/site-packages/oslo_concurrency/lockutils.py:399
2026-08-04 09:17:31.368 132629 DEBUG oslo_concurrency.lockutils [-] Acquired external semaphore "iptables-qrouter-c4fdfe72-700b-4962-9272-96f73a8491bf" lock /var/lib/kolla/venv/lib/python3.13/site-packages/oslo_concurrency/lockutils.py:407
2026-08-04 09:17:31.448 132629 DEBUG neutron.agent.linux.iptables_manager [-] IPTablesManager.apply completed with success. 15 iptables commands were issued _apply_synchronized /var/lib/kolla/venv/lib/python3.13/site-packages/neutron/agent/linux/iptables_manager.py:634
2026-08-04 09:17:31.448 132629 DEBUG oslo_concurrency.lockutils [-] Releasing lock "iptables-qrouter-c4fdfe72-700b-4962-9272-96f73a8491bf" lock /var/lib/kolla/venv/lib/python3.13/site-packages/oslo_concurrency/lockutils.py:419
2026-08-04 09:17:31.448 132629 DEBUG oslo_concurrency.lockutils [-] Releasing lock "router-lock-ns-qrouter-c4fdfe72-700b-4962-9272-96f73a8491bf" lock /var/lib/kolla/venv/lib/python3.13/site-packages/oslo_concurrency/lockutils.py:419
2026-08-04 09:17:31.449 132629 DEBUG neutron.common.coordination [-] Lock "router-lock-ns-qrouter-c4fdfe72-700b-4962-9272-96f73a8491bf" released by "process_address_scope" :: held 0.081s _synchronized /var/lib/kolla/venv/lib/python3.13/site-packages/neutron/common/coordination.py:85
2026-08-04 09:17:31.449 132629 DEBUG neutron_lib.callbacks.manager [-] Publish callbacks ['neutron.agent.metadata.driver.after_router_added-8790687247180'] for router (c4fdfe72-700b-4962-9272-96f73a8491bf), after_create _notify_loop /var/lib/kolla/venv/lib/python3.13/site-packages/neutron_lib/callbacks/manager.py:184
2026-08-04 09:17:31.449 132629 DEBUG oslo_concurrency.lockutils [-] Acquiring lock "router-lock-ns-qrouter-c4fdfe72-700b-4962-9272-96f73a8491bf" lock /var/lib/kolla/venv/lib/python3.13/site-packages/oslo_concurrency/lockutils.py:396
2026-08-04 09:17:31.449 132629 DEBUG oslo_concurrency.lockutils [-] Acquired lock "router-lock-ns-qrouter-c4fdfe72-700b-4962-9272-96f73a8491bf" lock /var/lib/kolla/venv/lib/python3.13/site-packages/oslo_concurrency/lockutils.py:399
2026-08-04 09:17:31.449 132629 DEBUG neutron.common.coordination [-] Lock "router-lock-ns-qrouter-c4fdfe72-700b-4962-9272-96f73a8491bf" acquired by "apply_metadata_nat_rules" :: waited 0.000s _synchronized /var/lib/kolla/venv/lib/python3.13/site-packages/neutron/common/coordination.py:73
2026-08-04 09:17:31.449 132629 DEBUG oslo_concurrency.lockutils [-] Acquiring lock "iptables-qrouter-c4fdfe72-700b-4962-9272-96f73a8491bf" lock /var/lib/kolla/venv/lib/python3.13/site-packages/oslo_concurrency/lockutils.py:396
2026-08-04 09:17:31.449 132629 DEBUG oslo_concurrency.lockutils [-] Acquired lock "iptables-qrouter-c4fdfe72-700b-4962-9272-96f73a8491bf" lock /var/lib/kolla/venv/lib/python3.13/site-packages/oslo_concurrency/lockutils.py:399
2026-08-04 09:17:31.450 132629 DEBUG oslo_concurrency.lockutils [-] Acquired external semaphore "iptables-qrouter-c4fdfe72-700b-4962-9272-96f73a8491bf" lock /var/lib/kolla/venv/lib/python3.13/site-packages/oslo_concurrency/lockutils.py:407
2026-08-04 09:17:31.493 132629 DEBUG neutron.agent.linux.iptables_manager [-] IPTablesManager.apply completed with success. 22 iptables commands were issued _apply_synchronized /var/lib/kolla/venv/lib/python3.13/site-packages/neutron/agent/linux/iptables_manager.py:634
2026-08-04 09:17:31.493 132629 DEBUG oslo_concurrency.lockutils [-] Releasing lock "iptables-qrouter-c4fdfe72-700b-4962-9272-96f73a8491bf" lock /var/lib/kolla/venv/lib/python3.13/site-packages/oslo_concurrency/lockutils.py:419
2026-08-04 09:17:31.493 132629 DEBUG oslo_concurrency.lockutils [-] Releasing lock "router-lock-ns-qrouter-c4fdfe72-700b-4962-9272-96f73a8491bf" lock /var/lib/kolla/venv/lib/python3.13/site-packages/oslo_concurrency/lockutils.py:419
2026-08-04 09:17:31.493 132629 DEBUG neutron.common.coordination [-] Lock "router-lock-ns-qrouter-c4fdfe72-700b-4962-9272-96f73a8491bf" released by "apply_metadata_nat_rules" :: held 0.044s _synchronized /var/lib/kolla/venv/lib/python3.13/site-packages/neutron/common/coordination.py:85
2026-08-04 09:17:31.495 132629 DEBUG neutron.agent.linux.utils [-] Unable to access /var/lib/neutron/kolla/external/pids/c4fdfe72-700b-4962-9272-96f73a8491bf.pid.haproxy; Error: [Errno 2] No such file or directory: '/var/lib/neutron/kolla/external/pids/c4fdfe72-700b-4962-9272-96f73a8491bf.pid.haproxy' get_value_from_file /var/lib/kolla/venv/lib/python3.13/site-packages/neutron/agent/linux/utils.py:272
2026-08-04 09:17:31.495 132629 DEBUG neutron.agent.linux.utils [-] Unable to access /var/lib/neutron/kolla/external/pids/c4fdfe72-700b-4962-9272-96f73a8491bf.pid.haproxy; Error: [Errno 2] No such file or directory: '/var/lib/neutron/kolla/external/pids/c4fdfe72-700b-4962-9272-96f73a8491bf.pid.haproxy' get_value_from_file /var/lib/kolla/venv/lib/python3.13/site-packages/neutron/agent/linux/utils.py:272
2026-08-04 09:17:31.495 132629 DEBUG neutron.agent.linux.external_process [-] No haproxy process started for c4fdfe72-700b-4962-9272-96f73a8491bf disable /var/lib/kolla/venv/lib/python3.13/site-packages/neutron/agent/linux/external_process.py:180
2026-08-04 09:17:31.495 132629 DEBUG neutron.agent.linux.utils [-] Unable to access /var/lib/neutron/kolla/external/pids/c4fdfe72-700b-4962-9272-96f73a8491bf.pid.haproxy; Error: [Errno 2] No such file or directory: '/var/lib/neutron/kolla/external/pids/c4fdfe72-700b-4962-9272-96f73a8491bf.pid.haproxy' get_value_from_file /var/lib/kolla/venv/lib/python3.13/site-packages/neutron/agent/linux/utils.py:272
2026-08-04 09:17:31.495 132629 DEBUG neutron.agent.linux.utils [-] Unable to access /var/lib/neutron/kolla/external/pids/c4fdfe72-700b-4962-9272-96f73a8491bf.pid.haproxy; Error: [Errno 2] No such file or directory: '/var/lib/neutron/kolla/external/pids/c4fdfe72-700b-4962-9272-96f73a8491bf.pid.haproxy' get_value_from_file /var/lib/kolla/venv/lib/python3.13/site-packages/neutron/agent/linux/utils.py:272
2026-08-04 09:17:31.499 132629 DEBUG neutron.agent.metadata.driver_base [-] haproxy_cfg = global log /dev/log local0 debug log-tag haproxy-metadata-proxy-c4fdfe72-700b-4962-9272-96f73a8491bf user neutron group neutron maxconn 1024 nbthread 2 pidfile /var/lib/neutron/kolla/external/pids/c4fdfe72-700b-4962-9272-96f73a8491bf.pid.haproxy daemon defaults log global mode http option httplog option dontlognull option http-server-close option forwardfor retries 3 timeout http-request 30s timeout connect 30s timeout client 32s timeout server 32s timeout http-keep-alive 30s listen listener bind :::9697 server metadata /var/lib/neutron/kolla/metadata_proxy http-request del-header X-Neutron-Network-ID http-request set-header X-Neutron-Router-ID c4fdfe72-700b-4962-9272-96f73a8491bf create_config_file /var/lib/kolla/venv/lib/python3.13/site-packages/neutron/agent/metadata/driver_base.py:160
2026-08-04 09:17:31.499 132629 DEBUG neutron.agent.linux.utils [-] Running command: ['sudo', 'neutron-rootwrap', '/etc/neutron/rootwrap.conf', 'ip', 'netns', 'exec', 'qrouter-c4fdfe72-700b-4962-9272-96f73a8491bf', 'env', 'PROCESS_TAG=haproxy-c4fdfe72-700b-4962-9272-96f73a8491bf', 'haproxy', '-f', '/var/lib/neutron/kolla/ns-metadata-proxy/c4fdfe72-700b-4962-9272-96f73a8491bf.conf'] create_process /var/lib/kolla/venv/lib/python3.13/site-packages/neutron/agent/linux/utils.py:83
2026-08-04 09:17:31.857 132629 DEBUG neutron.agent.l3.agent [None req-36b25f6c-6d7a-4ad8-a0f9-ecda9b5b7b31 dd4c924954994803b55087e2cc0c1309 836571b26ae54b739df1f5059b1cbece - - default default] Got routers updated notification :['c4fdfe72-700b-4962-9272-96f73a8491bf'] routers_updated /var/lib/kolla/venv/lib/python3.13/site-packages/neutron/agent/l3/agent.py:549
2026-08-04 09:17:32.073 132629 DEBUG oslo.service.backend._threading.loopingcall [-] Fixed interval looping call 'neutron.agent.l3.agent.L3NATAgentWithStateReport._report_state' sleeping for 29.95 seconds _run_loop /var/lib/kolla/venv/lib/python3.13/site-packages/oslo_service/backend/_threading/loopingcall.py:125
2026-08-04 09:17:32.124 132629 DEBUG oslo.service.backend._threading.loopingcall [-] Fixed interval looping call 'neutron.service.Service.report_state' sleeping for 30.00 seconds _run_loop /var/lib/kolla/venv/lib/python3.13/site-packages/oslo_service/backend/_threading/loopingcall.py:125
2026-08-04 09:17:32.227 132629 DEBUG neutron.agent.linux.utils [-] Unable to access /var/lib/neutron/kolla/external/pids/c4fdfe72-700b-4962-9272-96f73a8491bf.pid.haproxy; Error: [Errno 2] No such file or directory: '/var/lib/neutron/kolla/external/pids/c4fdfe72-700b-4962-9272-96f73a8491bf.pid.haproxy' get_value_from_file /var/lib/kolla/venv/lib/python3.13/site-packages/neutron/agent/linux/utils.py:272
2026-08-04 09:17:33.228 132629 DEBUG neutron.agent.l3.l3_agent_extensions_manager [-] L3 agent extension(s) finished router c4fdfe72-700b-4962-9272-96f73a8491bf add action. add_router /var/lib/kolla/venv/lib/python3.13/site-packages/neutron/agent/l3/l3_agent_extensions_manager.py:49
2026-08-04 09:17:33.228 132629 INFO neutron.agent.l3.agent [-] Finished a router update for c4fdfe72-700b-4962-9272-96f73a8491bf, update_id 90ff0362-2240-4e22-b7dd-4c72c302b98c. Time elapsed: 4.301
2026-08-04 09:17:33.228 132629 INFO neutron.agent.l3.agent [-] Starting processing update c4fdfe72-700b-4962-9272-96f73a8491bf, action 3, priority 1, update_id 103bf9c4-dbb8-4d7e-9c0d-0e665d2d666b. Wait time elapsed: 1.369
2026-08-04 09:17:33.228 132629 INFO neutron.agent.l3.agent [-] Starting router update for c4fdfe72-700b-4962-9272-96f73a8491bf, action 3, priority 1, update_id 103bf9c4-dbb8-4d7e-9c0d-0e665d2d666b. Wait time elapsed: 1.369
2026-08-04 09:17:33.228 132629 DEBUG neutron.common.utils [-] Time-cost: call bb42c49a-d402-4561-a856-87e5ac4e311c function get_routers start wrapper /var/lib/kolla/venv/lib/python3.13/site-packages/neutron/common/utils.py:970
2026-08-04 09:17:33.988 132629 DEBUG neutron.common.utils [-] Time-cost: call bb42c49a-d402-4561-a856-87e5ac4e311c function get_routers took 0.759s seconds to run wrapper /var/lib/kolla/venv/lib/python3.13/site-packages/oslo_utils/timeutils.py:435
2026-08-04 09:17:33.991 132629 DEBUG neutron.agent.l3.agent [-] Router c4fdfe72-700b-4962-9272-96f73a8491bf info in cache, will do the router update action. _process_router_if_compatible /var/lib/kolla/venv/lib/python3.13/site-packages/neutron/agent/l3/agent.py:610
2026-08-04 09:17:33.991 132629 DEBUG neutron_lib.callbacks.manager [-] Publish callbacks [] for router (c4fdfe72-700b-4962-9272-96f73a8491bf), before_update _notify_loop /var/lib/kolla/venv/lib/python3.13/site-packages/neutron_lib/callbacks/manager.py:184
2026-08-04 09:17:33.991 132629 DEBUG neutron.agent.l3.router_info [-] Process updates, router c4fdfe72-700b-4962-9272-96f73a8491bf process /var/lib/kolla/venv/lib/python3.13/site-packages/neutron/agent/l3/router_info.py:1246
2026-08-04 09:17:33.991 132629 DEBUG neutron.agent.l3.router_info [-] adding internal network: prefix(qr-), port(dac43eaa-cb08-4526-b88c-d01e3ee6b069) _internal_network_added /var/lib/kolla/venv/lib/python3.13/site-packages/neutron/agent/l3/router_info.py:536
2026-08-04 09:17:34.012 132629 DEBUG ovsdbapp.backend.ovs_idl [-] Connection already started, not creating indices __init__ /var/lib/kolla/venv/lib/python3.13/site-packages/ovsdbapp/backend/ovs_idl/__init__.py:36
2026-08-04 09:17:34.012 132629 DEBUG ovsdbapp.backend.ovs_idl.transaction [-] Running txn n=1 command(idx=0): DelPortCommand(_result=None, port=qr-dac43eaa-cb, bridge=None, if_exists=True) do_commit /var/lib/kolla/venv/lib/python3.13/site-packages/ovsdbapp/backend/ovs_idl/transaction.py:89
2026-08-04 09:17:34.012 132629 DEBUG ovsdbapp.backend.ovs_idl.transaction [-] Transaction caused no change do_commit /var/lib/kolla/venv/lib/python3.13/site-packages/ovsdbapp/backend/ovs_idl/transaction.py:129
2026-08-04 09:17:34.013 132629 DEBUG ovsdbapp.backend.ovs_idl.transaction [-] Running txn n=1 command(idx=0): AddPortCommand(_result=None, bridge=br-int, port=qr-dac43eaa-cb, may_exist=False, interface_attrs={}) do_commit /var/lib/kolla/venv/lib/python3.13/site-packages/ovsdbapp/backend/ovs_idl/transaction.py:89
2026-08-04 09:17:34.014 132629 DEBUG ovsdbapp.backend.ovs_idl.transaction [-] Running txn n=1 command(idx=1): DbSetCommand(_result=None, table=Port, record=qr-dac43eaa-cb, col_values=(('tag', 4095),), if_exists=True) do_commit /var/lib/kolla/venv/lib/python3.13/site-packages/ovsdbapp/backend/ovs_idl/transaction.py:89
2026-08-04 09:17:34.014 132629 DEBUG ovsdbapp.backend.ovs_idl.transaction [-] Running txn n=1 command(idx=2): DbSetCommand(_result=None, table=Port, record=qr-dac43eaa-cb, col_values=(('vlan_mode', 'trunk'),), if_exists=True) do_commit /var/lib/kolla/venv/lib/python3.13/site-packages/ovsdbapp/backend/ovs_idl/transaction.py:89
2026-08-04 09:17:34.014 132629 DEBUG ovsdbapp.backend.ovs_idl.transaction [-] Running txn n=1 command(idx=3): DbSetCommand(_result=None, table=Port, record=qr-dac43eaa-cb, col_values=(('trunks', 4095),), if_exists=True) do_commit /var/lib/kolla/venv/lib/python3.13/site-packages/ovsdbapp/backend/ovs_idl/transaction.py:89
2026-08-04 09:17:34.014 132629 DEBUG ovsdbapp.backend.ovs_idl.transaction [-] Running txn n=1 command(idx=4): DbSetCommand(_result=None, table=Interface, record=qr-dac43eaa-cb, col_values=(('type', 'internal'), ('external_ids', {'iface-id': 'dac43eaa-cb08-4526-b88c-d01e3ee6b069', 'iface-status': 'active', 'attached-mac': 'fa:16:3e:74:0f:8e'})), if_exists=True) do_commit /var/lib/kolla/venv/lib/python3.13/site-packages/ovsdbapp/backend/ovs_idl/transaction.py:89
2026-08-04 09:17:34.052 160508 DEBUG oslo.privsep.daemon [-] privsep: reply[8527e5cc-c978-497a-9752-af6aa39f2b9e]: (4, None) _call_back /var/lib/kolla/venv/lib/python3.13/site-packages/oslo_privsep/daemon.py:580
2026-08-04 09:17:34.056 160508 DEBUG oslo.privsep.daemon [-] privsep: reply[2d3613cf-644b-40cb-b041-59568ed748e5]: (4, {'mtu': 1500, 'qlen': 1000, 'state': 'DOWN', 'qdisc': 'noop', 'brd': 'ff:ff:ff:ff:ff:ff', 'link/ether': 'fa:16:3e:74:0f:8e', 'alias': None, 'allmulticast': False, 'link_kind': 'openvswitch'}) _call_back /var/lib/kolla/venv/lib/python3.13/site-packages/oslo_privsep/daemon.py:580
2026-08-04 09:17:34.084 160508 DEBUG oslo.privsep.daemon [-] privsep: reply[c9157900-3583-474a-898f-1b85f972cbbb]: (4, None) _call_back /var/lib/kolla/venv/lib/python3.13/site-packages/oslo_privsep/daemon.py:580
2026-08-04 09:17:34.174 160508 DEBUG oslo.privsep.daemon [-] privsep: reply[e909c8e2-f503-4e73-a6fd-c63340102cb3]: (4, None) _call_back /var/lib/kolla/venv/lib/python3.13/site-packages/oslo_privsep/daemon.py:580
2026-08-04 09:17:34.227 160508 DEBUG oslo.privsep.daemon [-] privsep: reply[4c2ed0f5-bde1-4975-bd34-1050b8c66ea3]: (4, None) _call_back /var/lib/kolla/venv/lib/python3.13/site-packages/oslo_privsep/daemon.py:580
2026-08-04 09:17:34.228 132629 DEBUG neutron.agent.linux.interface [-] init_router_port: device_name(qr-dac43eaa-cb), namespace(qrouter-c4fdfe72-700b-4962-9272-96f73a8491bf) init_router_port /var/lib/kolla/venv/lib/python3.13/site-packages/neutron/agent/linux/interface.py:169
2026-08-04 09:17:34.277 160508 DEBUG oslo.privsep.daemon [-] privsep: reply[53e52eec-722f-4b51-b374-daba5217be18]: (4, {'mtu': 1400, 'qlen': 1000, 'state': 'UNKNOWN', 'qdisc': 'noqueue', 'brd': 'ff:ff:ff:ff:ff:ff', 'link/ether': 'fa:16:3e:74:0f:8e', 'alias': None, 'allmulticast': False, 'link_kind': 'openvswitch'}) _call_back /var/lib/kolla/venv/lib/python3.13/site-packages/oslo_privsep/daemon.py:580
2026-08-04 09:17:34.618 132629 DEBUG neutron.agent.l3.router_info [-] appending port {'id': 'dac43eaa-cb08-4526-b88c-d01e3ee6b069', 'name': '', 'network_id': '2d9ca866-4079-4b48-a495-b056d628ef93', 'project_id': '836571b26ae54b739df1f5059b1cbece', 'mac_address': 'fa:16:3e:74:0f:8e', 'admin_state_up': True, 'status': 'DOWN', 'device_id': 'c4fdfe72-700b-4962-9272-96f73a8491bf', 'device_owner': 'network:router_interface', 'standard_attr_id': 393, 'fixed_ips': [{'subnet_id': 'eea42fa4-3ff5-496a-a639-c82e3fcca698', 'ip_address': '10.100.0.1', 'prefixlen': 28}], 'allowed_address_pairs': [], 'extra_dhcp_opts': [], 'security_groups': [], 'description': '', 'binding:vnic_type': 'normal', 'binding:profile': {}, 'binding:host_id': 'primary', 'binding:vif_type': 'ovs', 'binding:vif_details': {'connectivity': 'l2', 'port_filter': True, 'ovs_hybrid_plug': True, 'ovs_create_tap': True, 'datapath_type': 'system', 'bridge_name': 'br-int', 'bound_drivers': {'0': 'openvswitch'}}, 'port_security_enabled': False, 'tags': [], 'created_at': '2026-08-04T09:17:30Z', 'updated_at': '2026-08-04T09:17:33Z', 'revision_number': 4, 'tenant_id': '836571b26ae54b739df1f5059b1cbece', 'subnets': [{'id': 'eea42fa4-3ff5-496a-a639-c82e3fcca698', 'cidr': '10.100.0.0/28', 'gateway_ip': '10.100.0.1', 'dns_nameservers': [], 'ipv6_ra_mode': None, 'subnetpool_id': None}], 'extra_subnets': [], 'address_scopes': {'4': None, '6': None}, 'mtu': 1400} to internal_ports cache _process_internal_ports /var/lib/kolla/venv/lib/python3.13/site-packages/neutron/agent/l3/router_info.py:671
2026-08-04 09:17:34.650 132629 DEBUG oslo_concurrency.lockutils [-] Acquiring lock "router-lock-ns-qrouter-c4fdfe72-700b-4962-9272-96f73a8491bf" lock /var/lib/kolla/venv/lib/python3.13/site-packages/oslo_concurrency/lockutils.py:396
2026-08-04 09:17:34.651 132629 DEBUG oslo_concurrency.lockutils [-] Acquired lock "router-lock-ns-qrouter-c4fdfe72-700b-4962-9272-96f73a8491bf" lock /var/lib/kolla/venv/lib/python3.13/site-packages/oslo_concurrency/lockutils.py:399
2026-08-04 09:17:34.651 132629 DEBUG neutron.common.coordination [-] Lock "router-lock-ns-qrouter-c4fdfe72-700b-4962-9272-96f73a8491bf" acquired by "process_external" :: waited 0.000s _synchronized /var/lib/kolla/venv/lib/python3.13/site-packages/neutron/common/coordination.py:73
2026-08-04 09:17:34.651 132629 DEBUG neutron.agent.l3.router_info [-] External gateway added: port({'id': 'abd59e09-d912-4cdc-8643-ba1131fa3f75', 'name': '', 'network_id': 'f3af6e8a-bb2c-4b77-9b9d-2e6571885544', 'project_id': '', 'mac_address': 'fa:16:3e:af:5c:e1', 'admin_state_up': True, 'status': 'ACTIVE', 'device_id': 'c4fdfe72-700b-4962-9272-96f73a8491bf', 'device_owner': 'network:router_gateway', 'standard_attr_id': 390, 'fixed_ips': [{'subnet_id': 'a5dcf650-d5fc-4531-86e6-9f72637d2383', 'ip_address': '198.51.100.159', 'prefixlen': 24}], 'allowed_address_pairs': [], 'extra_dhcp_opts': [], 'security_groups': [], 'description': '', 'binding:vnic_type': 'normal', 'binding:profile': {}, 'binding:host_id': 'primary', 'binding:vif_type': 'ovs', 'binding:vif_details': {'connectivity': 'l2', 'port_filter': True, 'ovs_hybrid_plug': True, 'ovs_create_tap': True, 'datapath_type': 'system', 'bridge_name': 'br-int', 'bound_drivers': {'0': 'openvswitch'}}, 'port_security_enabled': False, 'tags': [], 'created_at': '2026-08-04T09:17:28Z', 'updated_at': '2026-08-04T09:17:32Z', 'revision_number': 5, 'tenant_id': '', 'subnets': [{'id': 'a5dcf650-d5fc-4531-86e6-9f72637d2383', 'cidr': '198.51.100.0/24', 'gateway_ip': '198.51.100.1', 'dns_nameservers': [], 'ipv6_ra_mode': None, 'subnetpool_id': None}], 'extra_subnets': [], 'address_scopes': {'4': None, '6': None}, 'mtu': 1450}), interface(qg-abd59e09-d9), ns(qrouter-c4fdfe72-700b-4962-9272-96f73a8491bf) _external_gateway_added /var/lib/kolla/venv/lib/python3.13/site-packages/neutron/agent/l3/router_info.py:773
2026-08-04 09:17:34.682 132629 INFO neutron.agent.linux.interface [-] Device qg-abd59e09-d9 already exists
2026-08-04 09:17:34.730 160508 DEBUG oslo.privsep.daemon [-] privsep: reply[6021e83e-4558-45b3-9ea4-55bc09462705]: (4, None) _call_back /var/lib/kolla/venv/lib/python3.13/site-packages/oslo_privsep/daemon.py:580
2026-08-04 09:17:34.731 132629 DEBUG neutron.agent.linux.interface [-] init_router_port: device_name(qg-abd59e09-d9), namespace(qrouter-c4fdfe72-700b-4962-9272-96f73a8491bf) init_router_port /var/lib/kolla/venv/lib/python3.13/site-packages/neutron/agent/linux/interface.py:169
2026-08-04 09:17:34.798 160508 DEBUG oslo.privsep.daemon [-] privsep: reply[59657863-8ec6-4f23-8a33-6cf5c72d357c]: (4, {'mtu': 1450, 'qlen': 1000, 'state': 'UNKNOWN', 'qdisc': 'noqueue', 'brd': 'ff:ff:ff:ff:ff:ff', 'link/ether': 'fa:16:3e:af:5c:e1', 'alias': None, 'allmulticast': False, 'link_kind': 'openvswitch'}) _call_back /var/lib/kolla/venv/lib/python3.13/site-packages/oslo_privsep/daemon.py:580
2026-08-04 09:17:35.355 132629 DEBUG oslo_concurrency.lockutils [-] Acquiring lock "iptables-qrouter-c4fdfe72-700b-4962-9272-96f73a8491bf" lock /var/lib/kolla/venv/lib/python3.13/site-packages/oslo_concurrency/lockutils.py:396
2026-08-04 09:17:35.355 132629 DEBUG oslo_concurrency.lockutils [-] Acquired lock "iptables-qrouter-c4fdfe72-700b-4962-9272-96f73a8491bf" lock /var/lib/kolla/venv/lib/python3.13/site-packages/oslo_concurrency/lockutils.py:399
2026-08-04 09:17:35.356 132629 DEBUG oslo_concurrency.lockutils [-] Acquired external semaphore "iptables-qrouter-c4fdfe72-700b-4962-9272-96f73a8491bf" lock /var/lib/kolla/venv/lib/python3.13/site-packages/oslo_concurrency/lockutils.py:407
2026-08-04 09:17:35.382 132629 DEBUG neutron.agent.linux.iptables_manager [-] IPTablesManager.apply completed with success. 0 iptables commands were issued _apply_synchronized /var/lib/kolla/venv/lib/python3.13/site-packages/neutron/agent/linux/iptables_manager.py:634
2026-08-04 09:17:35.382 132629 DEBUG oslo_concurrency.lockutils [-] Releasing lock "iptables-qrouter-c4fdfe72-700b-4962-9272-96f73a8491bf" lock /var/lib/kolla/venv/lib/python3.13/site-packages/oslo_concurrency/lockutils.py:419
2026-08-04 09:17:35.445 132629 DEBUG oslo_concurrency.lockutils [-] Releasing lock "router-lock-ns-qrouter-c4fdfe72-700b-4962-9272-96f73a8491bf" lock /var/lib/kolla/venv/lib/python3.13/site-packages/oslo_concurrency/lockutils.py:419
