2026-08-04 09:16:51.026 1115 DEBUG neutron.plugins.ml2.plugin [None req-fa533790-f622-47a4-8528-738cdf4d03ac - - - - - -] Current status of the port 3505bf26-de23-40c0-acd6-49ff7d7be521 is: ACTIVE; New status is: ACTIVE _update_individual_port_db_status /var/lib/kolla/venv/lib/python3.13/site-packages/neutron/plugins/ml2/plugin.py:2473
2026-08-04 09:16:51.031 1115 DEBUG neutron.db.provisioning_blocks [None req-fa533790-f622-47a4-8528-738cdf4d03ac - - - - - -] Could not find standard attr ID for object 87e7be8d-f70f-48b7-b6d5-94dcbc22015d. _get_standard_attr_id /var/lib/kolla/venv/lib/python3.13/site-packages/neutron/db/provisioning_blocks.py:178
2026-08-04 09:16:51.095 1115 DEBUG neutron.db.provisioning_blocks [None req-fa533790-f622-47a4-8528-738cdf4d03ac - - - - - -] Provisioning complete for port 51d2bac2-2c03-4bc0-929a-84c5ea11267f triggered by entity DHCP. provisioning_complete /var/lib/kolla/venv/lib/python3.13/site-packages/neutron/db/provisioning_blocks.py:141
2026-08-04 09:16:51.095 1115 DEBUG neutron_lib.callbacks.manager [None req-fa533790-f622-47a4-8528-738cdf4d03ac - - - - - -] Publish callbacks ['neutron.plugins.ml2.plugin.Ml2Plugin._port_provisioned-103598'] for port (51d2bac2-2c03-4bc0-929a-84c5ea11267f), provisioning_complete _notify_loop /var/lib/kolla/venv/lib/python3.13/site-packages/neutron_lib/callbacks/manager.py:184
2026-08-04 09:16:51.095 1115 INFO neutron.plugins.ml2.plugin [None req-fa533790-f622-47a4-8528-738cdf4d03ac - - - - - -] Attempt 1 to provision port 51d2bac2-2c03-4bc0-929a-84c5ea11267f
2026-08-04 09:16:51.145 1115 DEBUG neutron.plugins.ml2.plugin [None req-fa533790-f622-47a4-8528-738cdf4d03ac - - - - - -] Current status of the port 51d2bac2-2c03-4bc0-929a-84c5ea11267f is: ACTIVE; New status is: ACTIVE _update_individual_port_db_status /var/lib/kolla/venv/lib/python3.13/site-packages/neutron/plugins/ml2/plugin.py:2473
2026-08-04 09:16:51.230 1117 DEBUG neutron.api.rpc.handlers.l3_rpc [None req-14f3cbe0-f4ca-4a88-aafd-05e6bf49c175 - - - - - -] Sync routers for ids ['f3ee85a3-d9b3-442b-88d8-a09c56c2b9b5'] in primary sync_routers /var/lib/kolla/venv/lib/python3.13/site-packages/neutron/api/rpc/handlers/l3_rpc.py:126
2026-08-04 09:16:51.240 1115 DEBUG neutron.api.rpc.handlers.dhcp_rpc [None req-3d39d45e-c548-4337-8253-dd3fd4e7496b - - - - - -] Network 70baa6c9-c561-43cc-8138-c7420db0469d requested from primary get_network_info /var/lib/kolla/venv/lib/python3.13/site-packages/neutron/api/rpc/handlers/dhcp_rpc.py:190
2026-08-04 09:16:51.247 1117 DEBUG neutron.db.l3_dvrscheduler_db [None req-14f3cbe0-f4ca-4a88-aafd-05e6bf49c175 - - - - - -] Routers {'f3ee85a3-d9b3-442b-88d8-a09c56c2b9b5'} bound to L3 agent in host primary _get_router_ids_for_agent /var/lib/kolla/venv/lib/python3.13/site-packages/neutron/db/l3_dvrscheduler_db.py:425
2026-08-04 09:16:51.249 1117 DEBUG neutron.db.l3_hamode_db [None req-14f3cbe0-f4ca-4a88-aafd-05e6bf49c175 - - - - - -] neutron.services.l3_router.l3_router_plugin.L3RouterPlugin method get_ha_sync_data_for_host called with arguments (, 'primary', Agent(admin_state_up=True,agent_type='L3 agent',availability_zone='nova',binary='neutron-l3-agent',configurations={"agent_mode": "legacy", "ex_gw_ports": 4, "extensions": [], "floating_ips": 0, "handle_internal_only_routers": true, "interface_driver": "openvswitch", "interfaces": 4, "log_agent_heartbeats": false, "routers": 4},created_at=2026-08-04T09:09:02Z,description=,heartbeat_timestamp=2026-08-04T09:16:32Z,host='primary',id=f877464e-9b8d-46cc-9a18-c2b8fddb989f,load=0,resource_versions=,resources_synced=,started_at=2026-08-04T09:09:02Z,topic='l3_agent')) {'router_ids': ['f3ee85a3-d9b3-442b-88d8-a09c56c2b9b5'], 'active': True} wrapper /var/lib/kolla/venv/lib/python3.13/site-packages/oslo_log/helpers.py:77
2026-08-04 09:16:51.264 1117 DEBUG neutron.db.l3_hamode_db [None req-14f3cbe0-f4ca-4a88-aafd-05e6bf49c175 - - - - - -] neutron.services.l3_router.l3_router_plugin.L3RouterPlugin method _process_sync_ha_data called with arguments (, [], 'primary', False) {} wrapper /var/lib/kolla/venv/lib/python3.13/site-packages/oslo_log/helpers.py:77
2026-08-04 09:16:51.271 1117 DEBUG neutron.db.l3_dvrscheduler_db [None req-14f3cbe0-f4ca-4a88-aafd-05e6bf49c175 - - - - - -] Routers {'f3ee85a3-d9b3-442b-88d8-a09c56c2b9b5'} bound to L3 agent in host primary _get_router_ids_for_agent /var/lib/kolla/venv/lib/python3.13/site-packages/neutron/db/l3_dvrscheduler_db.py:425
2026-08-04 09:16:51.271 1117 DEBUG neutron.db.l3_hamode_db [None req-14f3cbe0-f4ca-4a88-aafd-05e6bf49c175 - - - - - -] neutron.services.l3_router.l3_router_plugin.L3RouterPlugin method get_ha_sync_data_for_host called with arguments (, 'primary', Agent(admin_state_up=True,agent_type='L3 agent',availability_zone='nova',binary='neutron-l3-agent',configurations={"agent_mode": "legacy", "ex_gw_ports": 4, "extensions": [], "floating_ips": 0, "handle_internal_only_routers": true, "interface_driver": "openvswitch", "interfaces": 4, "log_agent_heartbeats": false, "routers": 4},created_at=2026-08-04T09:09:02Z,description=,heartbeat_timestamp=2026-08-04T09:16:32Z,host='primary',id=f877464e-9b8d-46cc-9a18-c2b8fddb989f,load=0,resource_versions=,resources_synced=,started_at=2026-08-04T09:09:02Z,topic='l3_agent')) {'router_ids': ['f3ee85a3-d9b3-442b-88d8-a09c56c2b9b5'], 'active': True} wrapper /var/lib/kolla/venv/lib/python3.13/site-packages/oslo_log/helpers.py:77
2026-08-04 09:16:51.283 1117 DEBUG neutron.db.l3_hamode_db [None req-14f3cbe0-f4ca-4a88-aafd-05e6bf49c175 - - - - - -] neutron.services.l3_router.l3_router_plugin.L3RouterPlugin method _process_sync_ha_data called with arguments (, [], 'primary', False) {} wrapper /var/lib/kolla/venv/lib/python3.13/site-packages/oslo_log/helpers.py:77
2026-08-04 09:16:51.283 1117 DEBUG neutron.api.rpc.handlers.l3_rpc [None req-14f3cbe0-f4ca-4a88-aafd-05e6bf49c175 - - - - - -] The sync data for ids ['f3ee85a3-d9b3-442b-88d8-a09c56c2b9b5'] in primary is: [] sync_routers /var/lib/kolla/venv/lib/python3.13/site-packages/neutron/api/rpc/handlers/l3_rpc.py:138
2026-08-04 09:16:51.330 1117 DEBUG neutron.api.rpc.handlers.dhcp_rpc [None req-dc9e6195-8398-4cf9-9443-6b471ee894e3 - - - - - -] Create dhcp port {'port': {'name': '', 'admin_state_up': True, 'device_id': 'dhcp08e27de9-a571-5e44-8a39-d6966a601483-70baa6c9-c561-43cc-8138-c7420db0469d', 'network_id': '70baa6c9-c561-43cc-8138-c7420db0469d', 'project_id': 'da8081b472624070ace42817da889b0f', 'fixed_ips': [{'subnet_id': 'be3205d7-8498-43ce-8faa-bd6cd24ab363'}]}} from primary. create_dhcp_port /var/lib/kolla/venv/lib/python3.13/site-packages/neutron/api/rpc/handlers/dhcp_rpc.py:279
2026-08-04 09:16:51.331 1117 DEBUG neutron_lib.callbacks.manager [None req-dc9e6195-8398-4cf9-9443-6b471ee894e3 - - - - - -] Publish callbacks ['neutron.plugins.ml2.plugin.SecurityGroupDbMixin._ensure_default_security_group_handler-1767786'] for port (None), before_create _notify_loop /var/lib/kolla/venv/lib/python3.13/site-packages/neutron_lib/callbacks/manager.py:184
2026-08-04 09:16:51.394 1117 DEBUG neutron.db.db_base_plugin_common [None req-dc9e6195-8398-4cf9-9443-6b471ee894e3 - - - - - -] Allocated IP 2001:db8::2 (70baa6c9-c561-43cc-8138-c7420db0469d/be3205d7-8498-43ce-8faa-bd6cd24ab363/216d2cf6-5745-4053-8410-b6cf0f68165c) _store_ip_allocation /var/lib/kolla/venv/lib/python3.13/site-packages/neutron/db/db_base_plugin_common.py:131
2026-08-04 09:16:51.467 1117 DEBUG neutron_lib.callbacks.manager [None req-dc9e6195-8398-4cf9-9443-6b471ee894e3 - - - - - -] Publish callbacks [] for allowed_address_pair (216d2cf6-5745-4053-8410-b6cf0f68165c), before_create _notify_loop /var/lib/kolla/venv/lib/python3.13/site-packages/neutron_lib/callbacks/manager.py:184
2026-08-04 09:16:51.468 1117 DEBUG neutron_lib.callbacks.manager [None req-dc9e6195-8398-4cf9-9443-6b471ee894e3 - - - - - -] Publish callbacks [] for port (216d2cf6-5745-4053-8410-b6cf0f68165c), precommit_create _notify_loop /var/lib/kolla/venv/lib/python3.13/site-packages/neutron_lib/callbacks/manager.py:184
2026-08-04 09:16:51.471 1117 DEBUG neutron_lib.callbacks.manager [None req-dc9e6195-8398-4cf9-9443-6b471ee894e3 - - - - - -] Publish callbacks ['neutron.plugins.ml2.ovo_rpc._ObjectChangeHandler.handle_event-1689754', 'neutron.api.rpc.agentnotifiers.dhcp_rpc_agent_api.DhcpAgentNotifyAPI._native_event_send_dhcp_notification-1654658', 'neutron.plugins.ml2.plugin.SecurityGroupServerNotifierRpcMixin._notify_sg_on_port_change-1767672', 'neutron.db.l3_dvrscheduler_db._notify_l3_agent_new_port-8733302323444'] for port (216d2cf6-5745-4053-8410-b6cf0f68165c), after_create _notify_loop /var/lib/kolla/venv/lib/python3.13/site-packages/neutron_lib/callbacks/manager.py:184
2026-08-04 09:16:51.498 1117 DEBUG neutron.api.rpc.handlers.resources_rpc [None req-dc9e6195-8398-4cf9-9443-6b471ee894e3 - - - - - -] Pushing event updated for resources: {'Port': ['ID=216d2cf6-5745-4053-8410-b6cf0f68165c,revision_number=1']} push /var/lib/kolla/venv/lib/python3.13/site-packages/neutron/api/rpc/handlers/resources_rpc.py:237
2026-08-04 09:16:51.509 1117 DEBUG neutron.scheduler.dhcp_agent_scheduler [None req-dc9e6195-8398-4cf9-9443-6b471ee894e3 - - - - - -] Network 70baa6c9-c561-43cc-8138-c7420db0469d is already hosted by enough agents. _get_dhcp_agents_hosting_network /var/lib/kolla/venv/lib/python3.13/site-packages/neutron/scheduler/dhcp_agent_scheduler.py:276
2026-08-04 09:16:51.510 1117 DEBUG neutron.scheduler.base_scheduler [None req-dc9e6195-8398-4cf9-9443-6b471ee894e3 - - - - - -] Resources bound (agent type, host, resource id): schedule /var/lib/kolla/venv/lib/python3.13/site-packages/neutron/scheduler/base_scheduler.py:57
2026-08-04 09:16:51.515 1117 DEBUG neutron.db.l3_dvrscheduler_db [None req-dc9e6195-8398-4cf9-9443-6b471ee894e3 - - - - - -] Received port after_create _notify_l3_agent_new_port /var/lib/kolla/venv/lib/python3.13/site-packages/neutron/db/l3_dvrscheduler_db.py:541
2026-08-04 09:16:51.550 1117 DEBUG neutron.plugins.ml2.managers [None req-dc9e6195-8398-4cf9-9443-6b471ee894e3 - - - - - -] Attempting to bind port 216d2cf6-5745-4053-8410-b6cf0f68165c on host primary for vnic_type normal with profile bind_port /var/lib/kolla/venv/lib/python3.13/site-packages/neutron/plugins/ml2/managers.py:865
2026-08-04 09:16:51.550 1117 DEBUG neutron.plugins.ml2.managers [None req-dc9e6195-8398-4cf9-9443-6b471ee894e3 - - - - - -] Attempting to bind port 216d2cf6-5745-4053-8410-b6cf0f68165c by drivers openvswitch,l2population on host primary at level 0 using segments [{'id': '5b72fabb-7a4b-4178-a588-2878fa9d115a', 'network_type': 'vxlan', 'physical_network': None, 'segmentation_id': 640, 'network_id': '70baa6c9-c561-43cc-8138-c7420db0469d'}] _bind_port_level /var/lib/kolla/venv/lib/python3.13/site-packages/neutron/plugins/ml2/managers.py:890
2026-08-04 09:16:51.550 1117 DEBUG neutron.plugins.ml2.drivers.mech_agent [None req-dc9e6195-8398-4cf9-9443-6b471ee894e3 - - - - - -] Attempting to bind port 216d2cf6-5745-4053-8410-b6cf0f68165c on network 70baa6c9-c561-43cc-8138-c7420db0469d bind_port /var/lib/kolla/venv/lib/python3.13/site-packages/neutron/plugins/ml2/drivers/mech_agent.py:98
2026-08-04 09:16:51.556 1115 DEBUG neutron.plugins.ml2.rpc [None req-61cc2769-938a-454e-9fdd-7e081e40efb4 - - - - - -] Device 87e7be8d-f70f-48b7-b6d5-94dcbc22015d no longer exists at agent ovs-agent-primary update_device_down /var/lib/kolla/venv/lib/python3.13/site-packages/neutron/plugins/ml2/rpc.py:258
2026-08-04 09:16:51.566 1115 DEBUG neutron.plugins.ml2.plugin [None req-61cc2769-938a-454e-9fdd-7e081e40efb4 - - - - - -] No Port match for: 87e7be8d-f70f-48b7-b6d5-94dcbc22015d port_bound_to_host /var/lib/kolla/venv/lib/python3.13/site-packages/neutron/plugins/ml2/plugin.py:2557
2026-08-04 09:16:51.567 1115 DEBUG neutron.plugins.ml2.rpc [None req-61cc2769-938a-454e-9fdd-7e081e40efb4 - - - - - -] Device 87e7be8d-f70f-48b7-b6d5-94dcbc22015d not bound to the agent host primary update_device_down /var/lib/kolla/venv/lib/python3.13/site-packages/neutron/plugins/ml2/rpc.py:268
2026-08-04 09:16:51.574 1117 DEBUG neutron.plugins.ml2.drivers.mech_agent [None req-dc9e6195-8398-4cf9-9443-6b471ee894e3 - - - - - -] Checking agent: {'id': '8d198f4c-f6a1-408c-a8be-aa6e109f8391', 'agent_type': 'Open vSwitch agent', 'binary': 'neutron-openvswitch-agent', 'topic': 'N/A', 'host': 'primary', 'admin_state_up': True, 'created_at': datetime.datetime(2026, 8, 4, 9, 8, 55), 'started_at': datetime.datetime(2026, 8, 4, 9, 9, 25), 'heartbeat_timestamp': datetime.datetime(2026, 8, 4, 9, 16, 25), 'description': None, 'resources_synced': None, 'availability_zone': None, 'alive': True, 'configurations': {'arp_responder_enabled': True, 'baremetal_smartnic': False, 'bridge_mappings': {'physnet1': 'br-ex'}, 'datapath_type': 'system', 'devices': 0, 'enable_distributed_routing': False, 'extensions': [], 'in_distributed_mode': False, 'integration_bridge': 'br-int', 'l2_population': True, 'log_agent_heartbeats': False, 'ovs_capabilities': {'datapath_types': ['netdev', 'system'], 'iface_types': ['afxdp', 'afxdp-nonpmd', 'bareudp', 'erspan', 'geneve', 'gre', 'gtpu', 'internal', 'ip6erspan', 'ip6gre', 'lisp', 'patch', 'srv6', 'stt', 'system', 'tap', 'vxlan']}, 'ovs_hybrid_plug': True, 'resource_provider_bandwidths': {}, 'resource_provider_hypervisors': {'rp_tunnelled': 'primary', 'br-ex': 'primary'}, 'resource_provider_inventory_defaults': {'allocation_ratio': 1.0, 'min_unit': 1, 'step_size': 1, 'reserved': 0}, 'resource_provider_packet_processing_inventory_defaults': {'allocation_ratio': 1.0, 'min_unit': 1, 'step_size': 1, 'reserved': 0}, 'resource_provider_packet_processing_with_direction': {}, 'resource_provider_packet_processing_without_direction': {}, 'tunnel_types': ['vxlan'], 'tunneling_ip': '192.0.2.1', 'vhostuser_socket_dir': '/var/run/openvswitch'}, 'resource_versions': {'AddressGroup': '1.2', 'Agent': '1.1', 'ConntrackHelper': '1.0', 'LocalIPAssociation': '1.0', 'Log': '1.0', 'NDPProxy': '1.0', 'Network': '1.3', 'Port': '1.11', 'PortForwarding': '1.3', 'QosPolicy': '1.10', 'SecurityGroup': '1.6', 'SecurityGroupRule': '1.3', 'SubPort': '1.0', 'Subnet': '1.2', 'Trunk': '1.1'}, 'ha_chassis_priority': None} bind_port /var/lib/kolla/venv/lib/python3.13/site-packages/neutron/plugins/ml2/drivers/mech_agent.py:134
2026-08-04 09:16:51.574 1117 DEBUG neutron.plugins.ml2.drivers.mech_agent [None req-dc9e6195-8398-4cf9-9443-6b471ee894e3 - - - - - -] Checking segment: {'id': '5b72fabb-7a4b-4178-a588-2878fa9d115a', 'network_type': 'vxlan', 'physical_network': None, 'segmentation_id': 640, 'network_id': '70baa6c9-c561-43cc-8138-c7420db0469d'} for mappings: {'physnet1': 'br-ex'} with network types: ['vxlan', 'local', 'flat', 'vlan'] check_segment_for_agent /var/lib/kolla/venv/lib/python3.13/site-packages/neutron/plugins/ml2/drivers/mech_agent.py:403
2026-08-04 09:16:51.574 1117 DEBUG neutron_lib.callbacks.manager [None req-dc9e6195-8398-4cf9-9443-6b471ee894e3 - - - - - -] Publish callbacks [] for ovs_bridge_name (None), before_read _notify_loop /var/lib/kolla/venv/lib/python3.13/site-packages/neutron_lib/callbacks/manager.py:184
2026-08-04 09:16:51.575 1117 DEBUG neutron.plugins.ml2.drivers.mech_agent [None req-dc9e6195-8398-4cf9-9443-6b471ee894e3 - - - - - -] Bound using segment: {'id': '5b72fabb-7a4b-4178-a588-2878fa9d115a', 'network_type': 'vxlan', 'physical_network': None, 'segmentation_id': 640, 'network_id': '70baa6c9-c561-43cc-8138-c7420db0469d'} bind_port /var/lib/kolla/venv/lib/python3.13/site-packages/neutron/plugins/ml2/drivers/mech_agent.py:144
2026-08-04 09:16:51.575 1117 DEBUG neutron.plugins.ml2.managers [None req-dc9e6195-8398-4cf9-9443-6b471ee894e3 - - - - - -] Bound port: 216d2cf6-5745-4053-8410-b6cf0f68165c, host: primary, vif_type: ovs, vif_details: {"connectivity": "l2", "port_filter": true, "ovs_hybrid_plug": true, "ovs_create_tap": true, "datapath_type": "system", "bridge_name": "br-int"}, binding_levels: [{'bound_driver': 'openvswitch', 'bound_segment': {'id': '5b72fabb-7a4b-4178-a588-2878fa9d115a', 'network_type': 'vxlan', 'physical_network': None, 'segmentation_id': 640, 'network_id': '70baa6c9-c561-43cc-8138-c7420db0469d'}}] _bind_port_level /var/lib/kolla/venv/lib/python3.13/site-packages/neutron/plugins/ml2/managers.py:1001
2026-08-04 09:16:51.575 1117 DEBUG neutron_lib.callbacks.manager [None req-dc9e6195-8398-4cf9-9443-6b471ee894e3 - - - - - -] Publish callbacks ['neutron.plugins.ml2.plugin.SecurityGroupDbMixin._ensure_default_security_group_handler-1767786', 'neutron.db.l3_db.L3_NAT_dbonly_mixin._prevent_internal_ip_change_for_fip-8733302881334'] for port (216d2cf6-5745-4053-8410-b6cf0f68165c), before_update _notify_loop /var/lib/kolla/venv/lib/python3.13/site-packages/neutron_lib/callbacks/manager.py:184
2026-08-04 09:16:51.579 1115 DEBUG neutron.plugins.ml2.rpc [None req-61cc2769-938a-454e-9fdd-7e081e40efb4 - - - - - -] Device 6ba7722d-332e-4f9e-b8d9-6a2e856eafe0 no longer exists at agent ovs-agent-primary update_device_down /var/lib/kolla/venv/lib/python3.13/site-packages/neutron/plugins/ml2/rpc.py:258
2026-08-04 09:16:51.590 1115 DEBUG neutron.plugins.ml2.plugin [None req-61cc2769-938a-454e-9fdd-7e081e40efb4 - - - - - -] No Port match for: 6ba7722d-332e-4f9e-b8d9-6a2e856eafe0 port_bound_to_host /var/lib/kolla/venv/lib/python3.13/site-packages/neutron/plugins/ml2/plugin.py:2557
2026-08-04 09:16:51.591 1115 DEBUG neutron.plugins.ml2.rpc [None req-61cc2769-938a-454e-9fdd-7e081e40efb4 - - - - - -] Device 6ba7722d-332e-4f9e-b8d9-6a2e856eafe0 not bound to the agent host primary update_device_down /var/lib/kolla/venv/lib/python3.13/site-packages/neutron/plugins/ml2/rpc.py:268
2026-08-04 09:16:51.605 1115 DEBUG neutron.plugins.ml2.rpc [None req-61cc2769-938a-454e-9fdd-7e081e40efb4 - - - - - -] Device 5b0d22da-4b68-4b85-ad37-11a748c825f0 no longer exists at agent ovs-agent-primary update_device_down /var/lib/kolla/venv/lib/python3.13/site-packages/neutron/plugins/ml2/rpc.py:258
2026-08-04 09:16:51.614 1115 DEBUG neutron.plugins.ml2.plugin [None req-61cc2769-938a-454e-9fdd-7e081e40efb4 - - - - - -] No Port match for: 5b0d22da-4b68-4b85-ad37-11a748c825f0 port_bound_to_host /var/lib/kolla/venv/lib/python3.13/site-packages/neutron/plugins/ml2/plugin.py:2557
2026-08-04 09:16:51.616 1115 DEBUG neutron.plugins.ml2.rpc [None req-61cc2769-938a-454e-9fdd-7e081e40efb4 - - - - - -] Device 5b0d22da-4b68-4b85-ad37-11a748c825f0 not bound to the agent host primary update_device_down /var/lib/kolla/venv/lib/python3.13/site-packages/neutron/plugins/ml2/rpc.py:268
2026-08-04 09:16:51.625 1115 DEBUG neutron.plugins.ml2.rpc [None req-61cc2769-938a-454e-9fdd-7e081e40efb4 - - - - - -] Device ab153900-96bb-4a53-b4a8-b9630f1eaa5f no longer exists at agent ovs-agent-primary update_device_down /var/lib/kolla/venv/lib/python3.13/site-packages/neutron/plugins/ml2/rpc.py:258
2026-08-04 09:16:51.629 1117 DEBUG neutron.plugins.ml2.db [None req-dc9e6195-8398-4cf9-9443-6b471ee894e3 - - - - - -] For port 216d2cf6-5745-4053-8410-b6cf0f68165c, host primary, cleared binding levels clear_binding_levels /var/lib/kolla/venv/lib/python3.13/site-packages/neutron/plugins/ml2/db.py:87
2026-08-04 09:16:51.631 1117 DEBUG neutron.plugins.ml2.db [None req-dc9e6195-8398-4cf9-9443-6b471ee894e3 - - - - - -] For port 216d2cf6-5745-4053-8410-b6cf0f68165c, host primary, set binding levels [PortBindingLevel(driver='openvswitch',host='primary',level=0,port_id=216d2cf6-5745-4053-8410-b6cf0f68165c,segment=NetworkSegment(5b72fabb-7a4b-4178-a588-2878fa9d115a),segment_id=5b72fabb-7a4b-4178-a588-2878fa9d115a)] set_binding_levels /var/lib/kolla/venv/lib/python3.13/site-packages/neutron/plugins/ml2/db.py:59
2026-08-04 09:16:51.632 1115 DEBUG neutron.plugins.ml2.plugin [None req-61cc2769-938a-454e-9fdd-7e081e40efb4 - - - - - -] No Port match for: ab153900-96bb-4a53-b4a8-b9630f1eaa5f port_bound_to_host /var/lib/kolla/venv/lib/python3.13/site-packages/neutron/plugins/ml2/plugin.py:2557
2026-08-04 09:16:51.632 1115 DEBUG neutron.plugins.ml2.rpc [None req-61cc2769-938a-454e-9fdd-7e081e40efb4 - - - - - -] Device ab153900-96bb-4a53-b4a8-b9630f1eaa5f not bound to the agent host primary update_device_down /var/lib/kolla/venv/lib/python3.13/site-packages/neutron/plugins/ml2/rpc.py:268
2026-08-04 09:16:51.636 1117 DEBUG neutron_lib.callbacks.manager [None req-dc9e6195-8398-4cf9-9443-6b471ee894e3 - - - - - -] Publish callbacks ['neutron.plugins.ml2.ovo_rpc._ObjectChangeHandler.handle_event-1689754', 'neutron.api.rpc.agentnotifiers.dhcp_rpc_agent_api.DhcpAgentNotifyAPI._native_event_send_dhcp_notification-1654658', 'neutron.plugins.ml2.plugin.SecurityGroupServerNotifierRpcMixin._notify_sg_on_port_change-1767672', 'neutron.db.l3_db.L3RpcNotifierMixin._notify_gateway_port_ip_changed-8733302887878', 'neutron.db.l3_dvrscheduler_db._notify_l3_agent_port_update-8733302323464', 'neutron.db.l3_hascheduler_db._notify_l3_agent_ha_port_update-8733302323504'] for port (216d2cf6-5745-4053-8410-b6cf0f68165c), after_update _notify_loop /var/lib/kolla/venv/lib/python3.13/site-packages/neutron_lib/callbacks/manager.py:184
2026-08-04 09:16:51.637 1115 DEBUG neutron.plugins.ml2.rpc [None req-61cc2769-938a-454e-9fdd-7e081e40efb4 - - - - - -] Device b6f4da12-f223-4bda-9230-80bf7a12940b no longer exists at agent ovs-agent-primary update_device_down /var/lib/kolla/venv/lib/python3.13/site-packages/neutron/plugins/ml2/rpc.py:258
2026-08-04 09:16:51.645 1115 DEBUG neutron.plugins.ml2.plugin [None req-61cc2769-938a-454e-9fdd-7e081e40efb4 - - - - - -] No Port match for: b6f4da12-f223-4bda-9230-80bf7a12940b port_bound_to_host /var/lib/kolla/venv/lib/python3.13/site-packages/neutron/plugins/ml2/plugin.py:2557
2026-08-04 09:16:51.645 1115 DEBUG neutron.plugins.ml2.rpc [None req-61cc2769-938a-454e-9fdd-7e081e40efb4 - - - - - -] Device b6f4da12-f223-4bda-9230-80bf7a12940b not bound to the agent host primary update_device_down /var/lib/kolla/venv/lib/python3.13/site-packages/neutron/plugins/ml2/rpc.py:268
2026-08-04 09:16:51.669 1117 DEBUG neutron.api.rpc.handlers.resources_rpc [None req-dc9e6195-8398-4cf9-9443-6b471ee894e3 - - - - - -] Pushing event updated for resources: {'Port': ['ID=216d2cf6-5745-4053-8410-b6cf0f68165c,revision_number=3']} push /var/lib/kolla/venv/lib/python3.13/site-packages/neutron/api/rpc/handlers/resources_rpc.py:237
2026-08-04 09:16:52.789 1117 DEBUG neutron.plugins.ml2.rpc [None req-61cc2769-938a-454e-9fdd-7e081e40efb4 - - - - - -] Network d95c78b1-83db-42bf-a52e-302e5c531a03 details requested by agent ovs-agent-primary with host primary get_network_details /var/lib/kolla/venv/lib/python3.13/site-packages/neutron/plugins/ml2/rpc.py:247
2026-08-04 09:16:53.167 1115 DEBUG neutron.plugins.ml2.rpc [None req-61cc2769-938a-454e-9fdd-7e081e40efb4 - - - - - -] Network d95c78b1-83db-42bf-a52e-302e5c531a03 details requested by agent ovs-agent-primary with host primary get_network_details /var/lib/kolla/venv/lib/python3.13/site-packages/neutron/plugins/ml2/rpc.py:247
2026-08-04 09:16:53.216 1117 DEBUG neutron_lib.callbacks.manager [None req-7a347bdb-7a55-46bc-9474-7939a8a036b2 - - - - - -] Publish callbacks ['neutron.services.segments.db._update_segment_host_mapping_for_agent-8733303310236', 'neutron.plugins.ml2.plugin.Ml2Plugin._retry_binding_revived_agents-103434'] for agent (fec30a47-333a-42ec-90e4-42e889bea604), after_update _notify_loop /var/lib/kolla/venv/lib/python3.13/site-packages/neutron_lib/callbacks/manager.py:184
2026-08-04 09:16:53.608 1117 DEBUG neutron.plugins.ml2.rpc [None req-61cc2769-938a-454e-9fdd-7e081e40efb4 - - - - - -] Device 216d2cf6-5745-4053-8410-b6cf0f68165c up at agent ovs-agent-primary update_device_up /var/lib/kolla/venv/lib/python3.13/site-packages/neutron/plugins/ml2/rpc.py:295
2026-08-04 09:16:53.641 1117 DEBUG neutron.db.provisioning_blocks [None req-61cc2769-938a-454e-9fdd-7e081e40efb4 - - - - - -] Provisioning complete for port 216d2cf6-5745-4053-8410-b6cf0f68165c triggered by entity L2. provisioning_complete /var/lib/kolla/venv/lib/python3.13/site-packages/neutron/db/provisioning_blocks.py:141
2026-08-04 09:16:53.641 1117 DEBUG neutron_lib.callbacks.manager [None req-61cc2769-938a-454e-9fdd-7e081e40efb4 - - - - - -] Publish callbacks ['neutron.plugins.ml2.plugin.Ml2Plugin._port_provisioned-103598'] for port (216d2cf6-5745-4053-8410-b6cf0f68165c), provisioning_complete _notify_loop /var/lib/kolla/venv/lib/python3.13/site-packages/neutron_lib/callbacks/manager.py:184
2026-08-04 09:16:53.641 1117 INFO neutron.plugins.ml2.plugin [None req-61cc2769-938a-454e-9fdd-7e081e40efb4 - - - - - -] Attempt 1 to provision port 216d2cf6-5745-4053-8410-b6cf0f68165c
2026-08-04 09:16:53.680 1117 DEBUG neutron.plugins.ml2.plugin [None req-61cc2769-938a-454e-9fdd-7e081e40efb4 - - - - - -] Current status of the port 216d2cf6-5745-4053-8410-b6cf0f68165c is: DOWN; New status is: ACTIVE _update_individual_port_db_status /var/lib/kolla/venv/lib/python3.13/site-packages/neutron/plugins/ml2/plugin.py:2473
2026-08-04 09:16:53.689 1117 DEBUG neutron_lib.callbacks.manager [None req-61cc2769-938a-454e-9fdd-7e081e40efb4 - - - - - -] Publish callbacks ['neutron.plugins.ml2.plugin.SecurityGroupDbMixin._ensure_default_security_group_handler-1767786', 'neutron.db.l3_db.L3_NAT_dbonly_mixin._prevent_internal_ip_change_for_fip-8733302881334'] for port (216d2cf6-5745-4053-8410-b6cf0f68165c), before_update _notify_loop /var/lib/kolla/venv/lib/python3.13/site-packages/neutron_lib/callbacks/manager.py:184
2026-08-04 09:16:53.715 1117 DEBUG neutron.plugins.ml2.db [None req-61cc2769-938a-454e-9fdd-7e081e40efb4 - - - - - -] For port 216d2cf6-5745-4053-8410-b6cf0f68165c, host primary, got binding levels [PortBindingLevel(driver='openvswitch',host='primary',level=0,port_id=216d2cf6-5745-4053-8410-b6cf0f68165c,segment=NetworkSegment(5b72fabb-7a4b-4178-a588-2878fa9d115a),segment_id=5b72fabb-7a4b-4178-a588-2878fa9d115a)] get_binding_level_objs /var/lib/kolla/venv/lib/python3.13/site-packages/neutron/plugins/ml2/db.py:74
2026-08-04 09:16:53.771 1117 DEBUG neutron.plugins.ml2.drivers.l2pop.mech_driver [None req-61cc2769-938a-454e-9fdd-7e081e40efb4 - - - - - -] host: primary, agent_active_ports: 1, refresh_tunnels: False update_port_up /var/lib/kolla/venv/lib/python3.13/site-packages/neutron/plugins/ml2/drivers/l2pop/mech_driver.py:292
2026-08-04 09:16:53.820 1117 DEBUG neutron.plugins.ml2.drivers.l2pop.rpc [None req-61cc2769-938a-454e-9fdd-7e081e40efb4 - - - - - -] Fanout notify l2population agents at q-agent-notifier the message add_fdb_entries with {'70baa6c9-c561-43cc-8138-c7420db0469d': {'segment_id': 640, 'network_type': 'vxlan', 'ports': {'192.0.2.1': [('00:00:00:00:00:00', '0.0.0.0'), PortInfo(mac_address='fa:16:3e:27:2d:39', ip_address='2001:db8::2')]}}} _notification_fanout /var/lib/kolla/venv/lib/python3.13/site-packages/neutron/plugins/ml2/drivers/l2pop/rpc.py:41
2026-08-04 09:16:53.822 1117 DEBUG neutron_lib.callbacks.manager [None req-61cc2769-938a-454e-9fdd-7e081e40efb4 - - - - - -] Publish callbacks ['neutron.plugins.ml2.ovo_rpc._ObjectChangeHandler.handle_event-1689754', 'neutron.api.rpc.agentnotifiers.dhcp_rpc_agent_api.DhcpAgentNotifyAPI._native_event_send_dhcp_notification-1654658', 'neutron.plugins.ml2.plugin.SecurityGroupServerNotifierRpcMixin._notify_sg_on_port_change-1767672', 'neutron.db.l3_db.L3RpcNotifierMixin._notify_gateway_port_ip_changed-8733302887878', 'neutron.db.l3_dvrscheduler_db._notify_l3_agent_port_update-8733302323464', 'neutron.db.l3_hascheduler_db._notify_l3_agent_ha_port_update-8733302323504'] for port (216d2cf6-5745-4053-8410-b6cf0f68165c), after_update _notify_loop /var/lib/kolla/venv/lib/python3.13/site-packages/neutron_lib/callbacks/manager.py:184
2026-08-04 09:16:53.851 1117 DEBUG neutron.api.rpc.handlers.resources_rpc [None req-61cc2769-938a-454e-9fdd-7e081e40efb4 - - - - - -] Pushing event updated for resources: {'Port': ['ID=216d2cf6-5745-4053-8410-b6cf0f68165c,revision_number=4']} push /var/lib/kolla/venv/lib/python3.13/site-packages/neutron/api/rpc/handlers/resources_rpc.py:237
2026-08-04 09:16:53.948 1117 DEBUG neutron.plugins.ml2.db [None req-61cc2769-938a-454e-9fdd-7e081e40efb4 - - - - - -] For port 216d2cf6-5745-4053-8410-b6cf0f68165c, host primary, got binding levels [PortBindingLevel(driver='openvswitch',host='primary',level=0,port_id=216d2cf6-5745-4053-8410-b6cf0f68165c,segment=NetworkSegment(5b72fabb-7a4b-4178-a588-2878fa9d115a),segment_id=5b72fabb-7a4b-4178-a588-2878fa9d115a)] get_binding_level_objs /var/lib/kolla/venv/lib/python3.13/site-packages/neutron/plugins/ml2/db.py:74
2026-08-04 09:16:54.123 1117 DEBUG neutron.plugins.ml2.drivers.l2pop.mech_driver [None req-61cc2769-938a-454e-9fdd-7e081e40efb4 - - - - - -] host: primary, agent_active_ports: 1, refresh_tunnels: True update_port_up /var/lib/kolla/venv/lib/python3.13/site-packages/neutron/plugins/ml2/drivers/l2pop/mech_driver.py:292
2026-08-04 09:16:54.167 1117 DEBUG neutron.plugins.ml2.drivers.l2pop.rpc [None req-61cc2769-938a-454e-9fdd-7e081e40efb4 - - - - - -] Fanout notify l2population agents at q-agent-notifier the message add_fdb_entries with {'70baa6c9-c561-43cc-8138-c7420db0469d': {'segment_id': 640, 'network_type': 'vxlan', 'ports': {'192.0.2.1': [('00:00:00:00:00:00', '0.0.0.0'), PortInfo(mac_address='fa:16:3e:27:2d:39', ip_address='2001:db8::2')]}}} _notification_fanout /var/lib/kolla/venv/lib/python3.13/site-packages/neutron/plugins/ml2/drivers/l2pop/rpc.py:41
2026-08-04 09:16:54.414 1115 DEBUG neutron.plugins.ml2.rpc [None req-61cc2769-938a-454e-9fdd-7e081e40efb4 - - - - - -] Device e1952882-36b7-4c14-9f1a-f683dba05058 no longer exists at agent ovs-agent-primary update_device_down /var/lib/kolla/venv/lib/python3.13/site-packages/neutron/plugins/ml2/rpc.py:258
2026-08-04 09:16:54.429 1115 DEBUG neutron.plugins.ml2.plugin [None req-61cc2769-938a-454e-9fdd-7e081e40efb4 - - - - - -] No Port match for: e1952882-36b7-4c14-9f1a-f683dba05058 port_bound_to_host /var/lib/kolla/venv/lib/python3.13/site-packages/neutron/plugins/ml2/plugin.py:2557
2026-08-04 09:16:54.430 1115 DEBUG neutron.plugins.ml2.rpc [None req-61cc2769-938a-454e-9fdd-7e081e40efb4 - - - - - -] Device e1952882-36b7-4c14-9f1a-f683dba05058 not bound to the agent host primary update_device_down /var/lib/kolla/venv/lib/python3.13/site-packages/neutron/plugins/ml2/rpc.py:268
2026-08-04 09:16:55.013 1117 DEBUG neutron.api.rpc.handlers.dhcp_rpc [None req-86ba6087-5934-498d-a90a-6d5432070ddc - - - - - -] Network 70baa6c9-c561-43cc-8138-c7420db0469d requested from primary get_network_info /var/lib/kolla/venv/lib/python3.13/site-packages/neutron/api/rpc/handlers/dhcp_rpc.py:190
2026-08-04 09:16:55.026 1117 DEBUG neutron.api.rpc.handlers.dhcp_rpc [None req-86ba6087-5934-498d-a90a-6d5432070ddc - - - - - -] Network 70baa6c9-c561-43cc-8138-c7420db0469d could not be found, it might have been deleted concurrently. get_network_info /var/lib/kolla/venv/lib/python3.13/site-packages/neutron/api/rpc/handlers/dhcp_rpc.py:195
2026-08-04 09:16:55.074 1115 DEBUG neutron_lib.callbacks.manager [None req-61cc2769-938a-454e-9fdd-7e081e40efb4 - - - - - -] Publish callbacks ['neutron.services.segments.db._update_segment_host_mapping_for_agent-8733303310236', 'neutron.plugins.ml2.plugin.Ml2Plugin._retry_binding_revived_agents-103434'] for agent (8d198f4c-f6a1-408c-a8be-aa6e109f8391), after_update _notify_loop /var/lib/kolla/venv/lib/python3.13/site-packages/neutron_lib/callbacks/manager.py:184
2026-08-04 09:16:55.291 1115 DEBUG neutron.plugins.ml2.rpc [None req-61cc2769-938a-454e-9fdd-7e081e40efb4 - - - - - -] Network 1c34b31f-e52b-48bb-a7c9-8759a51a29ec details requested by agent ovs-agent-primary with host primary get_network_details /var/lib/kolla/venv/lib/python3.13/site-packages/neutron/plugins/ml2/rpc.py:247
2026-08-04 09:16:57.358 1117 DEBUG neutron.api.rpc.handlers.dhcp_rpc [None req-47f0fa88-fe66-4c5e-b5f1-486390632ada - - - - - -] Network 8b7aafc5-2302-41ae-8b2b-2a8798a5e0a3 requested from primary get_network_info /var/lib/kolla/venv/lib/python3.13/site-packages/neutron/api/rpc/handlers/dhcp_rpc.py:190
2026-08-04 09:16:57.364 1117 DEBUG neutron.api.rpc.handlers.dhcp_rpc [None req-47f0fa88-fe66-4c5e-b5f1-486390632ada - - - - - -] Network 8b7aafc5-2302-41ae-8b2b-2a8798a5e0a3 could not be found, it might have been deleted concurrently. get_network_info /var/lib/kolla/venv/lib/python3.13/site-packages/neutron/api/rpc/handlers/dhcp_rpc.py:195
2026-08-04 09:16:57.785 1117 DEBUG neutron.api.rpc.handlers.dhcp_rpc [None req-ae3b8042-106d-4c42-aabd-3692e96bfa47 - - - - - -] DHCP port deletion for f4be99a3-82fa-4819-97d6-8be5f292385e request from primary release_dhcp_port /var/lib/kolla/venv/lib/python3.13/site-packages/neutron/api/rpc/handlers/dhcp_rpc.py:260
2026-08-04 09:16:57.840 1115 DEBUG neutron.api.rpc.handlers.dhcp_rpc [None req-c2569fc3-fb97-4a4f-af25-67cd50ef91aa - - - - - -] Network 438c0650-c4e8-4e30-9669-3060196d8353 requested from primary get_network_info /var/lib/kolla/venv/lib/python3.13/site-packages/neutron/api/rpc/handlers/dhcp_rpc.py:190
2026-08-04 09:16:57.850 1115 DEBUG neutron.api.rpc.handlers.dhcp_rpc [None req-c2569fc3-fb97-4a4f-af25-67cd50ef91aa - - - - - -] Network 438c0650-c4e8-4e30-9669-3060196d8353 could not be found, it might have been deleted concurrently. get_network_info /var/lib/kolla/venv/lib/python3.13/site-packages/neutron/api/rpc/handlers/dhcp_rpc.py:195
2026-08-04 09:16:57.904 1115 DEBUG neutron.api.rpc.handlers.l3_rpc [None req-6382f060-6549-47f0-9483-8e93f1293ffc - - - - - -] Sync routers for ids ['a2558e1e-d9dd-4729-8fc2-037204707220'] in primary sync_routers /var/lib/kolla/venv/lib/python3.13/site-packages/neutron/api/rpc/handlers/l3_rpc.py:126
2026-08-04 09:16:57.911 1117 DEBUG neutron.api.rpc.handlers.dhcp_rpc [None req-e8464703-383f-4d4b-a89e-95f4b55483a7 - - - - - -] Network c13e09ca-8a44-4e06-998f-b7967c0d4b4c requested from primary get_network_info /var/lib/kolla/venv/lib/python3.13/site-packages/neutron/api/rpc/handlers/dhcp_rpc.py:190
2026-08-04 09:16:57.919 1115 DEBUG neutron.db.l3_dvrscheduler_db [None req-6382f060-6549-47f0-9483-8e93f1293ffc - - - - - -] Routers {'a2558e1e-d9dd-4729-8fc2-037204707220'} bound to L3 agent in host primary _get_router_ids_for_agent /var/lib/kolla/venv/lib/python3.13/site-packages/neutron/db/l3_dvrscheduler_db.py:425
2026-08-04 09:16:57.920 1115 DEBUG neutron.db.l3_hamode_db [None req-6382f060-6549-47f0-9483-8e93f1293ffc - - - - - -] neutron.services.l3_router.l3_router_plugin.L3RouterPlugin method get_ha_sync_data_for_host called with arguments (, 'primary', Agent(admin_state_up=True,agent_type='L3 agent',availability_zone='nova',binary='neutron-l3-agent',configurations={"agent_mode": "legacy", "ex_gw_ports": 4, "extensions": [], "floating_ips": 0, "handle_internal_only_routers": true, "interface_driver": "openvswitch", "interfaces": 4, "log_agent_heartbeats": false, "routers": 4},created_at=2026-08-04T09:09:02Z,description=,heartbeat_timestamp=2026-08-04T09:16:32Z,host='primary',id=f877464e-9b8d-46cc-9a18-c2b8fddb989f,load=0,resource_versions=,resources_synced=,started_at=2026-08-04T09:09:02Z,topic='l3_agent')) {'router_ids': ['a2558e1e-d9dd-4729-8fc2-037204707220'], 'active': True} wrapper /var/lib/kolla/venv/lib/python3.13/site-packages/oslo_log/helpers.py:77
2026-08-04 09:16:57.935 1115 DEBUG neutron.db.l3_hamode_db [None req-6382f060-6549-47f0-9483-8e93f1293ffc - - - - - -] neutron.services.l3_router.l3_router_plugin.L3RouterPlugin method _process_sync_ha_data called with arguments (, [], 'primary', False) {} wrapper /var/lib/kolla/venv/lib/python3.13/site-packages/oslo_log/helpers.py:77
2026-08-04 09:16:57.942 1115 DEBUG neutron.db.l3_dvrscheduler_db [None req-6382f060-6549-47f0-9483-8e93f1293ffc - - - - - -] Routers {'a2558e1e-d9dd-4729-8fc2-037204707220'} bound to L3 agent in host primary _get_router_ids_for_agent /var/lib/kolla/venv/lib/python3.13/site-packages/neutron/db/l3_dvrscheduler_db.py:425
2026-08-04 09:16:57.942 1115 DEBUG neutron.db.l3_hamode_db [None req-6382f060-6549-47f0-9483-8e93f1293ffc - - - - - -] neutron.services.l3_router.l3_router_plugin.L3RouterPlugin method get_ha_sync_data_for_host called with arguments (, 'primary', Agent(admin_state_up=True,agent_type='L3 agent',availability_zone='nova',binary='neutron-l3-agent',configurations={"agent_mode": "legacy", "ex_gw_ports": 4, "extensions": [], "floating_ips": 0, "handle_internal_only_routers": true, "interface_driver": "openvswitch", "interfaces": 4, "log_agent_heartbeats": false, "routers": 4},created_at=2026-08-04T09:09:02Z,description=,heartbeat_timestamp=2026-08-04T09:16:32Z,host='primary',id=f877464e-9b8d-46cc-9a18-c2b8fddb989f,load=0,resource_versions=,resources_synced=,started_at=2026-08-04T09:09:02Z,topic='l3_agent')) {'router_ids': ['a2558e1e-d9dd-4729-8fc2-037204707220'], 'active': True} wrapper /var/lib/kolla/venv/lib/python3.13/site-packages/oslo_log/helpers.py:77
2026-08-04 09:16:57.952 1115 DEBUG neutron.db.l3_hamode_db [None req-6382f060-6549-47f0-9483-8e93f1293ffc - - - - - -] neutron.services.l3_router.l3_router_plugin.L3RouterPlugin method _process_sync_ha_data called with arguments (, [], 'primary', False) {} wrapper /var/lib/kolla/venv/lib/python3.13/site-packages/oslo_log/helpers.py:77
2026-08-04 09:16:57.952 1115 DEBUG neutron.api.rpc.handlers.l3_rpc [None req-6382f060-6549-47f0-9483-8e93f1293ffc - - - - - -] The sync data for ids ['a2558e1e-d9dd-4729-8fc2-037204707220'] in primary is: [] sync_routers /var/lib/kolla/venv/lib/python3.13/site-packages/neutron/api/rpc/handlers/l3_rpc.py:138
2026-08-04 09:16:58.371 1117 DEBUG neutron.api.rpc.handlers.dhcp_rpc [None req-c06b6e7c-e5b8-457c-bcd0-ae8b604449cc - - - - - -] Network 01e514d3-877b-4036-8d23-15ed9e1ba3bb requested from primary get_network_info /var/lib/kolla/venv/lib/python3.13/site-packages/neutron/api/rpc/handlers/dhcp_rpc.py:190
2026-08-04 09:16:58.412 1117 DEBUG neutron.api.rpc.handlers.dhcp_rpc [None req-c06b6e7c-e5b8-457c-bcd0-ae8b604449cc - - - - - -] Network 01e514d3-877b-4036-8d23-15ed9e1ba3bb could not be found, it might have been deleted concurrently. get_network_info /var/lib/kolla/venv/lib/python3.13/site-packages/neutron/api/rpc/handlers/dhcp_rpc.py:195
2026-08-04 09:16:59.116 1117 DEBUG neutron.db.provisioning_blocks [None req-c850a36b-e6d2-4be3-a162-d4d08ef775ca - - - - - -] Provisioning complete for port 05e54598-b03c-4660-9c48-e5f84d8e9818 triggered by entity DHCP. provisioning_complete /var/lib/kolla/venv/lib/python3.13/site-packages/neutron/db/provisioning_blocks.py:141
2026-08-04 09:16:59.116 1117 DEBUG neutron_lib.callbacks.manager [None req-c850a36b-e6d2-4be3-a162-d4d08ef775ca - - - - - -] Publish callbacks ['neutron.plugins.ml2.plugin.Ml2Plugin._port_provisioned-103598'] for port (05e54598-b03c-4660-9c48-e5f84d8e9818), provisioning_complete _notify_loop /var/lib/kolla/venv/lib/python3.13/site-packages/neutron_lib/callbacks/manager.py:184
2026-08-04 09:16:59.116 1117 INFO neutron.plugins.ml2.plugin [None req-c850a36b-e6d2-4be3-a162-d4d08ef775ca - - - - - -] Attempt 1 to provision port 05e54598-b03c-4660-9c48-e5f84d8e9818
2026-08-04 09:16:59.190 1117 DEBUG neutron.plugins.ml2.plugin [None req-c850a36b-e6d2-4be3-a162-d4d08ef775ca - - - - - -] Current status of the port 05e54598-b03c-4660-9c48-e5f84d8e9818 is: ACTIVE; New status is: ACTIVE _update_individual_port_db_status /var/lib/kolla/venv/lib/python3.13/site-packages/neutron/plugins/ml2/plugin.py:2473
2026-08-04 09:16:59.196 1117 DEBUG neutron.db.provisioning_blocks [None req-c850a36b-e6d2-4be3-a162-d4d08ef775ca - - - - - -] Could not find standard attr ID for object 1341f4ba-afc5-4433-9c91-dc3a7fabe4c5. _get_standard_attr_id /var/lib/kolla/venv/lib/python3.13/site-packages/neutron/db/provisioning_blocks.py:178
2026-08-04 09:16:59.212 1117 DEBUG neutron.db.provisioning_blocks [None req-c850a36b-e6d2-4be3-a162-d4d08ef775ca - - - - - -] Provisioning complete for port f1fe558a-e9f7-4276-bcd4-6a2285fe7154 triggered by entity DHCP. provisioning_complete /var/lib/kolla/venv/lib/python3.13/site-packages/neutron/db/provisioning_blocks.py:141
2026-08-04 09:16:59.212 1117 DEBUG neutron_lib.callbacks.manager [None req-c850a36b-e6d2-4be3-a162-d4d08ef775ca - - - - - -] Publish callbacks ['neutron.plugins.ml2.plugin.Ml2Plugin._port_provisioned-103598'] for port (f1fe558a-e9f7-4276-bcd4-6a2285fe7154), provisioning_complete _notify_loop /var/lib/kolla/venv/lib/python3.13/site-packages/neutron_lib/callbacks/manager.py:184
2026-08-04 09:16:59.212 1117 INFO neutron.plugins.ml2.plugin [None req-c850a36b-e6d2-4be3-a162-d4d08ef775ca - - - - - -] Attempt 1 to provision port f1fe558a-e9f7-4276-bcd4-6a2285fe7154
2026-08-04 09:16:59.304 1117 DEBUG neutron.plugins.ml2.plugin [None req-c850a36b-e6d2-4be3-a162-d4d08ef775ca - - - - - -] Current status of the port f1fe558a-e9f7-4276-bcd4-6a2285fe7154 is: ACTIVE; New status is: ACTIVE _update_individual_port_db_status /var/lib/kolla/venv/lib/python3.13/site-packages/neutron/plugins/ml2/plugin.py:2473
2026-08-04 09:16:59.308 1117 DEBUG neutron.db.provisioning_blocks [None req-c850a36b-e6d2-4be3-a162-d4d08ef775ca - - - - - -] Could not find standard attr ID for object 1376f5e7-dd59-4186-84f4-65f96576e8a0. _get_standard_attr_id /var/lib/kolla/venv/lib/python3.13/site-packages/neutron/db/provisioning_blocks.py:178
2026-08-04 09:16:59.316 1117 DEBUG neutron.db.provisioning_blocks [None req-c850a36b-e6d2-4be3-a162-d4d08ef775ca - - - - - -] Could not find standard attr ID for object 216d2cf6-5745-4053-8410-b6cf0f68165c. _get_standard_attr_id /var/lib/kolla/venv/lib/python3.13/site-packages/neutron/db/provisioning_blocks.py:178
2026-08-04 09:16:59.320 1117 DEBUG neutron.db.provisioning_blocks [None req-c850a36b-e6d2-4be3-a162-d4d08ef775ca - - - - - -] Could not find standard attr ID for object 87e7be8d-f70f-48b7-b6d5-94dcbc22015d. _get_standard_attr_id /var/lib/kolla/venv/lib/python3.13/site-packages/neutron/db/provisioning_blocks.py:178
2026-08-04 09:16:59.408 1115 DEBUG neutron.plugins.ml2.rpc [None req-61cc2769-938a-454e-9fdd-7e081e40efb4 - - - - - -] Device a3b6dac0-2455-40cf-a977-f59c737130f3 no longer exists at agent ovs-agent-primary update_device_down /var/lib/kolla/venv/lib/python3.13/site-packages/neutron/plugins/ml2/rpc.py:258
2026-08-04 09:16:59.419 1115 DEBUG neutron.plugins.ml2.plugin [None req-61cc2769-938a-454e-9fdd-7e081e40efb4 - - - - - -] No Port match for: a3b6dac0-2455-40cf-a977-f59c737130f3 port_bound_to_host /var/lib/kolla/venv/lib/python3.13/site-packages/neutron/plugins/ml2/plugin.py:2557
2026-08-04 09:16:59.419 1115 DEBUG neutron.plugins.ml2.rpc [None req-61cc2769-938a-454e-9fdd-7e081e40efb4 - - - - - -] Device a3b6dac0-2455-40cf-a977-f59c737130f3 not bound to the agent host primary update_device_down /var/lib/kolla/venv/lib/python3.13/site-packages/neutron/plugins/ml2/rpc.py:268
2026-08-04 09:16:59.484 1117 DEBUG neutron.api.rpc.handlers.dhcp_rpc [None req-d5004058-c68e-4a58-a38d-e4f8dc812eab - - - - - -] Network f2c09d7f-5c1d-4e6f-8108-88e8af7968a6 requested from primary get_network_info /var/lib/kolla/venv/lib/python3.13/site-packages/neutron/api/rpc/handlers/dhcp_rpc.py:190
2026-08-04 09:16:59.492 1117 DEBUG neutron.api.rpc.handlers.dhcp_rpc [None req-d5004058-c68e-4a58-a38d-e4f8dc812eab - - - - - -] Network f2c09d7f-5c1d-4e6f-8108-88e8af7968a6 could not be found, it might have been deleted concurrently. get_network_info /var/lib/kolla/venv/lib/python3.13/site-packages/neutron/api/rpc/handlers/dhcp_rpc.py:195
2026-08-04 09:16:59.520 1117 DEBUG neutron.api.rpc.handlers.l3_rpc [None req-5dc29216-e941-4591-8dd6-4f080d5702a2 - - - - - -] Sync routers for ids ['a2558e1e-d9dd-4729-8fc2-037204707220'] in primary sync_routers /var/lib/kolla/venv/lib/python3.13/site-packages/neutron/api/rpc/handlers/l3_rpc.py:126
2026-08-04 09:16:59.535 1117 DEBUG neutron.db.l3_dvrscheduler_db [None req-5dc29216-e941-4591-8dd6-4f080d5702a2 - - - - - -] Routers {'a2558e1e-d9dd-4729-8fc2-037204707220'} bound to L3 agent in host primary _get_router_ids_for_agent /var/lib/kolla/venv/lib/python3.13/site-packages/neutron/db/l3_dvrscheduler_db.py:425
2026-08-04 09:16:59.535 1117 DEBUG neutron.db.l3_hamode_db [None req-5dc29216-e941-4591-8dd6-4f080d5702a2 - - - - - -] neutron.services.l3_router.l3_router_plugin.L3RouterPlugin method get_ha_sync_data_for_host called with arguments (, 'primary', Agent(admin_state_up=True,agent_type='L3 agent',availability_zone='nova',binary='neutron-l3-agent',configurations={"agent_mode": "legacy", "ex_gw_ports": 4, "extensions": [], "floating_ips": 0, "handle_internal_only_routers": true, "interface_driver": "openvswitch", "interfaces": 4, "log_agent_heartbeats": false, "routers": 4},created_at=2026-08-04T09:09:02Z,description=,heartbeat_timestamp=2026-08-04T09:16:32Z,host='primary',id=f877464e-9b8d-46cc-9a18-c2b8fddb989f,load=0,resource_versions=,resources_synced=,started_at=2026-08-04T09:09:02Z,topic='l3_agent')) {'router_ids': ['a2558e1e-d9dd-4729-8fc2-037204707220'], 'active': True} wrapper /var/lib/kolla/venv/lib/python3.13/site-packages/oslo_log/helpers.py:77
2026-08-04 09:16:59.552 1117 DEBUG neutron.db.l3_hamode_db [None req-5dc29216-e941-4591-8dd6-4f080d5702a2 - - - - - -] neutron.services.l3_router.l3_router_plugin.L3RouterPlugin method _process_sync_ha_data called with arguments (, [], 'primary', False) {} wrapper /var/lib/kolla/venv/lib/python3.13/site-packages/oslo_log/helpers.py:77
2026-08-04 09:16:59.558 1115 DEBUG neutron.api.rpc.handlers.dhcp_rpc [None req-9c1858af-1b65-4186-aca5-752872fae68a - - - - - -] Network 1c34b31f-e52b-48bb-a7c9-8759a51a29ec requested from primary get_network_info /var/lib/kolla/venv/lib/python3.13/site-packages/neutron/api/rpc/handlers/dhcp_rpc.py:190
2026-08-04 09:16:59.559 1117 DEBUG neutron.db.l3_dvrscheduler_db [None req-5dc29216-e941-4591-8dd6-4f080d5702a2 - - - - - -] Routers {'a2558e1e-d9dd-4729-8fc2-037204707220'} bound to L3 agent in host primary _get_router_ids_for_agent /var/lib/kolla/venv/lib/python3.13/site-packages/neutron/db/l3_dvrscheduler_db.py:425
2026-08-04 09:16:59.559 1117 DEBUG neutron.db.l3_hamode_db [None req-5dc29216-e941-4591-8dd6-4f080d5702a2 - - - - - -] neutron.services.l3_router.l3_router_plugin.L3RouterPlugin method get_ha_sync_data_for_host called with arguments (, 'primary', Agent(admin_state_up=True,agent_type='L3 agent',availability_zone='nova',binary='neutron-l3-agent',configurations={"agent_mode": "legacy", "ex_gw_ports": 4, "extensions": [], "floating_ips": 0, "handle_internal_only_routers": true, "interface_driver": "openvswitch", "interfaces": 4, "log_agent_heartbeats": false, "routers": 4},created_at=2026-08-04T09:09:02Z,description=,heartbeat_timestamp=2026-08-04T09:16:32Z,host='primary',id=f877464e-9b8d-46cc-9a18-c2b8fddb989f,load=0,resource_versions=,resources_synced=,started_at=2026-08-04T09:09:02Z,topic='l3_agent')) {'router_ids': ['a2558e1e-d9dd-4729-8fc2-037204707220'], 'active': True} wrapper /var/lib/kolla/venv/lib/python3.13/site-packages/oslo_log/helpers.py:77
2026-08-04 09:16:59.572 1117 DEBUG neutron.db.l3_hamode_db [None req-5dc29216-e941-4591-8dd6-4f080d5702a2 - - - - - -] neutron.services.l3_router.l3_router_plugin.L3RouterPlugin method _process_sync_ha_data called with arguments (, [], 'primary', False) {} wrapper /var/lib/kolla/venv/lib/python3.13/site-packages/oslo_log/helpers.py:77
2026-08-04 09:16:59.572 1117 DEBUG neutron.api.rpc.handlers.l3_rpc [None req-5dc29216-e941-4591-8dd6-4f080d5702a2 - - - - - -] The sync data for ids ['a2558e1e-d9dd-4729-8fc2-037204707220'] in primary is: [] sync_routers /var/lib/kolla/venv/lib/python3.13/site-packages/neutron/api/rpc/handlers/l3_rpc.py:138
2026-08-04 09:16:59.694 1117 DEBUG neutron.api.rpc.handlers.dhcp_rpc [None req-fb2c24b9-b5c2-4fd5-a0ff-35ca80053dbf - - - - - -] Create dhcp port {'port': {'name': '', 'admin_state_up': True, 'device_id': 'dhcp08e27de9-a571-5e44-8a39-d6966a601483-1c34b31f-e52b-48bb-a7c9-8759a51a29ec', 'network_id': '1c34b31f-e52b-48bb-a7c9-8759a51a29ec', 'project_id': 'da8081b472624070ace42817da889b0f', 'fixed_ips': [{'subnet_id': 'c21018fc-8ae6-45cc-ac5f-a86bceafd46e'}]}} from primary. create_dhcp_port /var/lib/kolla/venv/lib/python3.13/site-packages/neutron/api/rpc/handlers/dhcp_rpc.py:279
2026-08-04 09:16:59.695 1117 DEBUG neutron_lib.callbacks.manager [None req-fb2c24b9-b5c2-4fd5-a0ff-35ca80053dbf - - - - - -] Publish callbacks ['neutron.plugins.ml2.plugin.SecurityGroupDbMixin._ensure_default_security_group_handler-1767786'] for port (None), before_create _notify_loop /var/lib/kolla/venv/lib/python3.13/site-packages/neutron_lib/callbacks/manager.py:184
2026-08-04 09:16:59.765 1117 DEBUG neutron.db.db_base_plugin_common [None req-fb2c24b9-b5c2-4fd5-a0ff-35ca80053dbf - - - - - -] Allocated IP 2001:db8::2 (1c34b31f-e52b-48bb-a7c9-8759a51a29ec/c21018fc-8ae6-45cc-ac5f-a86bceafd46e/e821ac07-fe6a-4c5b-8589-7f038f089e8d) _store_ip_allocation /var/lib/kolla/venv/lib/python3.13/site-packages/neutron/db/db_base_plugin_common.py:131
2026-08-04 09:16:59.860 1117 DEBUG neutron_lib.callbacks.manager [None req-fb2c24b9-b5c2-4fd5-a0ff-35ca80053dbf - - - - - -] Publish callbacks [] for allowed_address_pair (e821ac07-fe6a-4c5b-8589-7f038f089e8d), before_create _notify_loop /var/lib/kolla/venv/lib/python3.13/site-packages/neutron_lib/callbacks/manager.py:184
2026-08-04 09:16:59.861 1117 DEBUG neutron_lib.callbacks.manager [None req-fb2c24b9-b5c2-4fd5-a0ff-35ca80053dbf - - - - - -] Publish callbacks [] for port (e821ac07-fe6a-4c5b-8589-7f038f089e8d), precommit_create _notify_loop /var/lib/kolla/venv/lib/python3.13/site-packages/neutron_lib/callbacks/manager.py:184
