2026-08-04 09:08:55.155 1115 DEBUG neutron.api.rpc.callbacks.version_manager [None req-61cc2769-938a-454e-9fdd-7e081e40efb4 - - - - - -] Version for resource type SecurityGroupRule changed None to 1.3 on consumer Open vSwitch agent@primary _set_version /var/lib/kolla/venv/lib/python3.13/site-packages/neutron/api/rpc/callbacks/version_manager.py:118
2026-08-04 09:08:55.155 1115 DEBUG neutron.api.rpc.callbacks.version_manager [None req-61cc2769-938a-454e-9fdd-7e081e40efb4 - - - - - -] Version for resource type Log changed None to 1.0 on consumer Open vSwitch agent@primary _set_version /var/lib/kolla/venv/lib/python3.13/site-packages/neutron/api/rpc/callbacks/version_manager.py:118
2026-08-04 09:08:55.155 1115 DEBUG neutron.api.rpc.callbacks.version_manager [None req-61cc2769-938a-454e-9fdd-7e081e40efb4 - - - - - -] Version for resource type PortForwarding changed None to 1.3 on consumer Open vSwitch agent@primary _set_version /var/lib/kolla/venv/lib/python3.13/site-packages/neutron/api/rpc/callbacks/version_manager.py:118
2026-08-04 09:08:55.155 1115 DEBUG neutron.api.rpc.callbacks.version_manager [None req-61cc2769-938a-454e-9fdd-7e081e40efb4 - - - - - -] Version for resource type ConntrackHelper changed None to 1.0 on consumer Open vSwitch agent@primary _set_version /var/lib/kolla/venv/lib/python3.13/site-packages/neutron/api/rpc/callbacks/version_manager.py:118
2026-08-04 09:08:55.156 1115 DEBUG neutron.api.rpc.callbacks.version_manager [None req-61cc2769-938a-454e-9fdd-7e081e40efb4 - - - - - -] Version for resource type AddressGroup changed None to 1.2 on consumer Open vSwitch agent@primary _set_version /var/lib/kolla/venv/lib/python3.13/site-packages/neutron/api/rpc/callbacks/version_manager.py:118
2026-08-04 09:08:55.156 1115 DEBUG neutron.api.rpc.callbacks.version_manager [None req-61cc2769-938a-454e-9fdd-7e081e40efb4 - - - - - -] Version for resource type LocalIPAssociation changed None to 1.0 on consumer Open vSwitch agent@primary _set_version /var/lib/kolla/venv/lib/python3.13/site-packages/neutron/api/rpc/callbacks/version_manager.py:118
2026-08-04 09:08:55.156 1115 DEBUG neutron.api.rpc.callbacks.version_manager [None req-61cc2769-938a-454e-9fdd-7e081e40efb4 - - - - - -] Version for resource type NDPProxy changed None to 1.0 on consumer Open vSwitch agent@primary _set_version /var/lib/kolla/venv/lib/python3.13/site-packages/neutron/api/rpc/callbacks/version_manager.py:118
2026-08-04 09:08:55.156 1115 DEBUG neutron.api.rpc.callbacks.version_manager [None req-61cc2769-938a-454e-9fdd-7e081e40efb4 - - - - - -] Version for resource type Agent changed None to 1.1 on consumer Open vSwitch agent@primary _set_version /var/lib/kolla/venv/lib/python3.13/site-packages/neutron/api/rpc/callbacks/version_manager.py:118
2026-08-04 09:08:56.472 1117 DEBUG neutron.plugins.ml2.drivers.type_tunnel [None req-61cc2769-938a-454e-9fdd-7e081e40efb4 - - - - - -] get_endpoint_by_host() called for host primary get_endpoint_by_host /var/lib/kolla/venv/lib/python3.13/site-packages/neutron/plugins/ml2/drivers/type_tunnel.py:356
2026-08-04 09:08:56.478 1117 DEBUG neutron.plugins.ml2.drivers.type_tunnel [None req-61cc2769-938a-454e-9fdd-7e081e40efb4 - - - - - -] get_endpoint_by_ip() called for ip 192.0.2.1 get_endpoint_by_ip /var/lib/kolla/venv/lib/python3.13/site-packages/neutron/plugins/ml2/drivers/type_tunnel.py:363
2026-08-04 09:08:56.481 1117 DEBUG neutron.plugins.ml2.drivers.type_tunnel [None req-61cc2769-938a-454e-9fdd-7e081e40efb4 - - - - - -] _add_endpoint() called for ip 192.0.2.1 _add_endpoint /var/lib/kolla/venv/lib/python3.13/site-packages/neutron/plugins/ml2/drivers/type_tunnel.py:392
2026-08-04 09:08:56.485 1117 DEBUG neutron.plugins.ml2.drivers.type_tunnel [None req-61cc2769-938a-454e-9fdd-7e081e40efb4 - - - - - -] _get_endpoints() called _get_endpoints /var/lib/kolla/venv/lib/python3.13/site-packages/neutron/plugins/ml2/drivers/type_tunnel.py:386
2026-08-04 09:09:02.034 1115 DEBUG neutron_lib.callbacks.manager [None req-61325e5f-f56e-418c-9920-c8057c9ebaf0 - - - - - -] Publish callbacks ['neutron.services.segments.db._update_segment_host_mapping_for_agent-8733303310236', 'neutron.services.l3_router.l3_router_plugin.DVRResourceOperationHandler.create_fip_agent_gw_ports-136869'] for agent (f877464e-9b8d-46cc-9a18-c2b8fddb989f), after_create _notify_loop /var/lib/kolla/venv/lib/python3.13/site-packages/neutron_lib/callbacks/manager.py:184
2026-08-04 09:09:02.137 1120 DEBUG neutron_lib.callbacks.manager [None req-774f4f24-4514-4cd0-990d-315ec93d9210 - - - - - -] Publish callbacks ['neutron.services.segments.db._update_segment_host_mapping_for_agent-8733303310236', 'neutron.plugins.ml2.plugin.Ml2Plugin._retry_binding_revived_agents-103434'] for agent (f877464e-9b8d-46cc-9a18-c2b8fddb989f), after_update _notify_loop /var/lib/kolla/venv/lib/python3.13/site-packages/neutron_lib/callbacks/manager.py:184
2026-08-04 09:09:05.369 1123 DEBUG neutron_lib.callbacks.manager [None req-2e5931d8-a8f3-497c-9586-1ae869ba8b52 - - - - - -] Publish callbacks ['neutron.services.segments.db._update_segment_host_mapping_for_agent-8733303310236', 'neutron.services.l3_router.l3_router_plugin.DVRResourceOperationHandler.create_fip_agent_gw_ports-136869'] for agent (b26d87cd-4775-44ec-8e4b-ea8548123f30), after_create _notify_loop /var/lib/kolla/venv/lib/python3.13/site-packages/neutron_lib/callbacks/manager.py:184
2026-08-04 09:09:06.072 1117 INFO neutron.db.l3_hamode_db [None req-fc84d510-e7d6-4593-b316-0ccf5027676b - - - - - -] Number of active agents lower than max_l3_agents_per_router. L3 agents available: 1
2026-08-04 09:09:06.149 1117 DEBUG neutron.db.l3_dvrscheduler_db [None req-fc84d510-e7d6-4593-b316-0ccf5027676b - - - - - -] Routers set() bound to L3 agent in host primary _get_router_ids_for_agent /var/lib/kolla/venv/lib/python3.13/site-packages/neutron/db/l3_dvrscheduler_db.py:425
2026-08-04 09:09:06.149 1117 DEBUG neutron.db.l3_dvrscheduler_db [None req-fc84d510-e7d6-4593-b316-0ccf5027676b - - - - - -] Router IDs set() for agent in host primary _get_router_ids_for_agent /var/lib/kolla/venv/lib/python3.13/site-packages/neutron/db/l3_dvrscheduler_db.py:467
2026-08-04 09:09:08.942 1120 WARNING oslo_messaging.server [-] Possible hang: wait is waiting for stop to complete
2026-08-04 09:09:08.949 1123 WARNING oslo_messaging.server [-] Possible hang: wait is waiting for stop to complete
2026-08-04 09:09:09.575 1115 WARNING oslo_messaging.server [-] Possible hang: wait is waiting for stop to complete
2026-08-04 09:09:09.611 1117 WARNING oslo_messaging.server [-] Possible hang: wait is waiting for stop to complete
2026-08-04 09:09:23.117 1117 DEBUG neutron_lib.callbacks.manager [None req-54cfed22-f329-4aaa-9b53-b7a798770927 - - - - - -] Publish callbacks ['neutron.services.segments.db._update_segment_host_mapping_for_agent-8733303310236', 'neutron.plugins.ml2.plugin.Ml2Plugin._retry_binding_revived_agents-103434'] for agent (fec30a47-333a-42ec-90e4-42e889bea604), after_update _notify_loop /var/lib/kolla/venv/lib/python3.13/site-packages/neutron_lib/callbacks/manager.py:184
2026-08-04 09:09:25.087 1115 DEBUG neutron_lib.callbacks.manager [None req-61cc2769-938a-454e-9fdd-7e081e40efb4 - - - - - -] Publish callbacks ['neutron.services.segments.db._update_segment_host_mapping_for_agent-8733303310236', 'neutron.plugins.ml2.plugin.Ml2Plugin._retry_binding_revived_agents-103434'] for agent (8d198f4c-f6a1-408c-a8be-aa6e109f8391), after_update _notify_loop /var/lib/kolla/venv/lib/python3.13/site-packages/neutron_lib/callbacks/manager.py:184
2026-08-04 09:09:32.052 1120 DEBUG neutron_lib.callbacks.manager [None req-fa1bc159-4f66-4303-a512-ecf4a9edc9de - - - - - -] Publish callbacks ['neutron.services.segments.db._update_segment_host_mapping_for_agent-8733303310236', 'neutron.plugins.ml2.plugin.Ml2Plugin._retry_binding_revived_agents-103434'] for agent (f877464e-9b8d-46cc-9a18-c2b8fddb989f), after_update _notify_loop /var/lib/kolla/venv/lib/python3.13/site-packages/neutron_lib/callbacks/manager.py:184
2026-08-04 09:09:34.974 1123 DEBUG neutron_lib.callbacks.manager [None req-2e5931d8-a8f3-497c-9586-1ae869ba8b52 - - - - - -] Publish callbacks ['neutron.services.segments.db._update_segment_host_mapping_for_agent-8733303310236', 'neutron.plugins.ml2.plugin.Ml2Plugin._retry_binding_revived_agents-103434'] for agent (b26d87cd-4775-44ec-8e4b-ea8548123f30), after_update _notify_loop /var/lib/kolla/venv/lib/python3.13/site-packages/neutron_lib/callbacks/manager.py:184
2026-08-04 09:09:53.139 1117 DEBUG neutron_lib.callbacks.manager [None req-35b919c2-3ae3-453a-9ce8-2a4476c9dc43 - - - - - -] Publish callbacks ['neutron.services.segments.db._update_segment_host_mapping_for_agent-8733303310236', 'neutron.plugins.ml2.plugin.Ml2Plugin._retry_binding_revived_agents-103434'] for agent (fec30a47-333a-42ec-90e4-42e889bea604), after_update _notify_loop /var/lib/kolla/venv/lib/python3.13/site-packages/neutron_lib/callbacks/manager.py:184
2026-08-04 09:09:55.074 1115 DEBUG neutron_lib.callbacks.manager [None req-61cc2769-938a-454e-9fdd-7e081e40efb4 - - - - - -] Publish callbacks ['neutron.services.segments.db._update_segment_host_mapping_for_agent-8733303310236', 'neutron.plugins.ml2.plugin.Ml2Plugin._retry_binding_revived_agents-103434'] for agent (8d198f4c-f6a1-408c-a8be-aa6e109f8391), after_update _notify_loop /var/lib/kolla/venv/lib/python3.13/site-packages/neutron_lib/callbacks/manager.py:184
2026-08-04 09:10:02.064 1120 DEBUG neutron_lib.callbacks.manager [None req-a293e920-6d74-40f7-ab69-b1da5959e638 - - - - - -] Publish callbacks ['neutron.services.segments.db._update_segment_host_mapping_for_agent-8733303310236', 'neutron.plugins.ml2.plugin.Ml2Plugin._retry_binding_revived_agents-103434'] for agent (f877464e-9b8d-46cc-9a18-c2b8fddb989f), after_update _notify_loop /var/lib/kolla/venv/lib/python3.13/site-packages/neutron_lib/callbacks/manager.py:184
2026-08-04 09:10:04.956 1123 DEBUG neutron_lib.callbacks.manager [None req-2e5931d8-a8f3-497c-9586-1ae869ba8b52 - - - - - -] Publish callbacks ['neutron.services.segments.db._update_segment_host_mapping_for_agent-8733303310236', 'neutron.plugins.ml2.plugin.Ml2Plugin._retry_binding_revived_agents-103434'] for agent (b26d87cd-4775-44ec-8e4b-ea8548123f30), after_update _notify_loop /var/lib/kolla/venv/lib/python3.13/site-packages/neutron_lib/callbacks/manager.py:184
2026-08-04 09:10:23.120 1117 DEBUG neutron_lib.callbacks.manager [None req-55ff0926-1074-4681-8f4f-eb67bcae29f6 - - - - - -] Publish callbacks ['neutron.services.segments.db._update_segment_host_mapping_for_agent-8733303310236', 'neutron.plugins.ml2.plugin.Ml2Plugin._retry_binding_revived_agents-103434'] for agent (fec30a47-333a-42ec-90e4-42e889bea604), after_update _notify_loop /var/lib/kolla/venv/lib/python3.13/site-packages/neutron_lib/callbacks/manager.py:184
2026-08-04 09:10:25.265 1115 DEBUG neutron_lib.callbacks.manager [None req-61cc2769-938a-454e-9fdd-7e081e40efb4 - - - - - -] Publish callbacks ['neutron.services.segments.db._update_segment_host_mapping_for_agent-8733303310236', 'neutron.plugins.ml2.plugin.Ml2Plugin._retry_binding_revived_agents-103434'] for agent (8d198f4c-f6a1-408c-a8be-aa6e109f8391), after_update _notify_loop /var/lib/kolla/venv/lib/python3.13/site-packages/neutron_lib/callbacks/manager.py:184
2026-08-04 09:10:32.053 1120 DEBUG neutron_lib.callbacks.manager [None req-484b33af-946b-49f6-8a76-9ac25e22a7eb - - - - - -] Publish callbacks ['neutron.services.segments.db._update_segment_host_mapping_for_agent-8733303310236', 'neutron.plugins.ml2.plugin.Ml2Plugin._retry_binding_revived_agents-103434'] for agent (f877464e-9b8d-46cc-9a18-c2b8fddb989f), after_update _notify_loop /var/lib/kolla/venv/lib/python3.13/site-packages/neutron_lib/callbacks/manager.py:184
2026-08-04 09:10:34.967 1123 DEBUG neutron_lib.callbacks.manager [None req-2e5931d8-a8f3-497c-9586-1ae869ba8b52 - - - - - -] Publish callbacks ['neutron.services.segments.db._update_segment_host_mapping_for_agent-8733303310236', 'neutron.plugins.ml2.plugin.Ml2Plugin._retry_binding_revived_agents-103434'] for agent (b26d87cd-4775-44ec-8e4b-ea8548123f30), after_update _notify_loop /var/lib/kolla/venv/lib/python3.13/site-packages/neutron_lib/callbacks/manager.py:184
2026-08-04 09:10:53.144 1117 DEBUG neutron_lib.callbacks.manager [None req-ceeec99d-bf33-4956-adfa-383b97995d81 - - - - - -] Publish callbacks ['neutron.services.segments.db._update_segment_host_mapping_for_agent-8733303310236', 'neutron.plugins.ml2.plugin.Ml2Plugin._retry_binding_revived_agents-103434'] for agent (fec30a47-333a-42ec-90e4-42e889bea604), after_update _notify_loop /var/lib/kolla/venv/lib/python3.13/site-packages/neutron_lib/callbacks/manager.py:184
2026-08-04 09:10:55.078 1115 DEBUG neutron_lib.callbacks.manager [None req-61cc2769-938a-454e-9fdd-7e081e40efb4 - - - - - -] Publish callbacks ['neutron.services.segments.db._update_segment_host_mapping_for_agent-8733303310236', 'neutron.plugins.ml2.plugin.Ml2Plugin._retry_binding_revived_agents-103434'] for agent (8d198f4c-f6a1-408c-a8be-aa6e109f8391), after_update _notify_loop /var/lib/kolla/venv/lib/python3.13/site-packages/neutron_lib/callbacks/manager.py:184
2026-08-04 09:11:02.070 1120 DEBUG neutron_lib.callbacks.manager [None req-459138f0-4582-4c2d-b3d4-bac31cf5b284 - - - - - -] Publish callbacks ['neutron.services.segments.db._update_segment_host_mapping_for_agent-8733303310236', 'neutron.plugins.ml2.plugin.Ml2Plugin._retry_binding_revived_agents-103434'] for agent (f877464e-9b8d-46cc-9a18-c2b8fddb989f), after_update _notify_loop /var/lib/kolla/venv/lib/python3.13/site-packages/neutron_lib/callbacks/manager.py:184
2026-08-04 09:11:04.977 1123 DEBUG neutron_lib.callbacks.manager [None req-2e5931d8-a8f3-497c-9586-1ae869ba8b52 - - - - - -] Publish callbacks ['neutron.services.segments.db._update_segment_host_mapping_for_agent-8733303310236', 'neutron.plugins.ml2.plugin.Ml2Plugin._retry_binding_revived_agents-103434'] for agent (b26d87cd-4775-44ec-8e4b-ea8548123f30), after_update _notify_loop /var/lib/kolla/venv/lib/python3.13/site-packages/neutron_lib/callbacks/manager.py:184
2026-08-04 09:11:23.195 1117 DEBUG neutron_lib.callbacks.manager [None req-749a3d24-bd6b-4578-a0d9-48809d64b9ad - - - - - -] Publish callbacks ['neutron.services.segments.db._update_segment_host_mapping_for_agent-8733303310236', 'neutron.plugins.ml2.plugin.Ml2Plugin._retry_binding_revived_agents-103434'] for agent (fec30a47-333a-42ec-90e4-42e889bea604), after_update _notify_loop /var/lib/kolla/venv/lib/python3.13/site-packages/neutron_lib/callbacks/manager.py:184
2026-08-04 09:11:25.111 1115 DEBUG neutron_lib.callbacks.manager [None req-61cc2769-938a-454e-9fdd-7e081e40efb4 - - - - - -] Publish callbacks ['neutron.services.segments.db._update_segment_host_mapping_for_agent-8733303310236', 'neutron.plugins.ml2.plugin.Ml2Plugin._retry_binding_revived_agents-103434'] for agent (8d198f4c-f6a1-408c-a8be-aa6e109f8391), after_update _notify_loop /var/lib/kolla/venv/lib/python3.13/site-packages/neutron_lib/callbacks/manager.py:184
2026-08-04 09:11:32.100 1120 DEBUG neutron_lib.callbacks.manager [None req-91a1d7af-cc50-4de0-8d5f-e5055b452e87 - - - - - -] Publish callbacks ['neutron.services.segments.db._update_segment_host_mapping_for_agent-8733303310236', 'neutron.plugins.ml2.plugin.Ml2Plugin._retry_binding_revived_agents-103434'] for agent (f877464e-9b8d-46cc-9a18-c2b8fddb989f), after_update _notify_loop /var/lib/kolla/venv/lib/python3.13/site-packages/neutron_lib/callbacks/manager.py:184
2026-08-04 09:11:34.996 1123 DEBUG neutron_lib.callbacks.manager [None req-2e5931d8-a8f3-497c-9586-1ae869ba8b52 - - - - - -] Publish callbacks ['neutron.services.segments.db._update_segment_host_mapping_for_agent-8733303310236', 'neutron.plugins.ml2.plugin.Ml2Plugin._retry_binding_revived_agents-103434'] for agent (b26d87cd-4775-44ec-8e4b-ea8548123f30), after_update _notify_loop /var/lib/kolla/venv/lib/python3.13/site-packages/neutron_lib/callbacks/manager.py:184
2026-08-04 09:11:53.163 1117 DEBUG neutron_lib.callbacks.manager [None req-d7ec6bbf-f952-4258-94c5-4c5d47a7ab14 - - - - - -] Publish callbacks ['neutron.services.segments.db._update_segment_host_mapping_for_agent-8733303310236', 'neutron.plugins.ml2.plugin.Ml2Plugin._retry_binding_revived_agents-103434'] for agent (fec30a47-333a-42ec-90e4-42e889bea604), after_update _notify_loop /var/lib/kolla/venv/lib/python3.13/site-packages/neutron_lib/callbacks/manager.py:184
2026-08-04 09:11:55.121 1115 DEBUG neutron_lib.callbacks.manager [None req-61cc2769-938a-454e-9fdd-7e081e40efb4 - - - - - -] Publish callbacks ['neutron.services.segments.db._update_segment_host_mapping_for_agent-8733303310236', 'neutron.plugins.ml2.plugin.Ml2Plugin._retry_binding_revived_agents-103434'] for agent (8d198f4c-f6a1-408c-a8be-aa6e109f8391), after_update _notify_loop /var/lib/kolla/venv/lib/python3.13/site-packages/neutron_lib/callbacks/manager.py:184
2026-08-04 09:12:02.067 1120 DEBUG neutron_lib.callbacks.manager [None req-cace08e5-f75d-4af3-a14b-674cad6a37e2 - - - - - -] Publish callbacks ['neutron.services.segments.db._update_segment_host_mapping_for_agent-8733303310236', 'neutron.plugins.ml2.plugin.Ml2Plugin._retry_binding_revived_agents-103434'] for agent (f877464e-9b8d-46cc-9a18-c2b8fddb989f), after_update _notify_loop /var/lib/kolla/venv/lib/python3.13/site-packages/neutron_lib/callbacks/manager.py:184
2026-08-04 09:12:04.995 1123 DEBUG neutron_lib.callbacks.manager [None req-2e5931d8-a8f3-497c-9586-1ae869ba8b52 - - - - - -] Publish callbacks ['neutron.services.segments.db._update_segment_host_mapping_for_agent-8733303310236', 'neutron.plugins.ml2.plugin.Ml2Plugin._retry_binding_revived_agents-103434'] for agent (b26d87cd-4775-44ec-8e4b-ea8548123f30), after_update _notify_loop /var/lib/kolla/venv/lib/python3.13/site-packages/neutron_lib/callbacks/manager.py:184
2026-08-04 09:12:23.188 1117 DEBUG neutron_lib.callbacks.manager [None req-91961cdd-5380-4f6d-9da7-3860e0151e55 - - - - - -] Publish callbacks ['neutron.services.segments.db._update_segment_host_mapping_for_agent-8733303310236', 'neutron.plugins.ml2.plugin.Ml2Plugin._retry_binding_revived_agents-103434'] for agent (fec30a47-333a-42ec-90e4-42e889bea604), after_update _notify_loop /var/lib/kolla/venv/lib/python3.13/site-packages/neutron_lib/callbacks/manager.py:184
2026-08-04 09:12:25.356 1115 DEBUG neutron_lib.callbacks.manager [None req-61cc2769-938a-454e-9fdd-7e081e40efb4 - - - - - -] Publish callbacks ['neutron.services.segments.db._update_segment_host_mapping_for_agent-8733303310236', 'neutron.plugins.ml2.plugin.Ml2Plugin._retry_binding_revived_agents-103434'] for agent (8d198f4c-f6a1-408c-a8be-aa6e109f8391), after_update _notify_loop /var/lib/kolla/venv/lib/python3.13/site-packages/neutron_lib/callbacks/manager.py:184
2026-08-04 09:12:32.229 1120 DEBUG neutron_lib.callbacks.manager [None req-5611f6d3-16c0-416f-a549-fca4c4989ca0 - - - - - -] Publish callbacks ['neutron.services.segments.db._update_segment_host_mapping_for_agent-8733303310236', 'neutron.plugins.ml2.plugin.Ml2Plugin._retry_binding_revived_agents-103434'] for agent (f877464e-9b8d-46cc-9a18-c2b8fddb989f), after_update _notify_loop /var/lib/kolla/venv/lib/python3.13/site-packages/neutron_lib/callbacks/manager.py:184
2026-08-04 09:12:35.038 1123 DEBUG neutron_lib.callbacks.manager [None req-2e5931d8-a8f3-497c-9586-1ae869ba8b52 - - - - - -] Publish callbacks ['neutron.services.segments.db._update_segment_host_mapping_for_agent-8733303310236', 'neutron.plugins.ml2.plugin.Ml2Plugin._retry_binding_revived_agents-103434'] for agent (b26d87cd-4775-44ec-8e4b-ea8548123f30), after_update _notify_loop /var/lib/kolla/venv/lib/python3.13/site-packages/neutron_lib/callbacks/manager.py:184
2026-08-04 09:12:53.151 1117 DEBUG neutron_lib.callbacks.manager [None req-5d5818e8-6812-4613-a6fc-705e805a4bd8 - - - - - -] Publish callbacks ['neutron.services.segments.db._update_segment_host_mapping_for_agent-8733303310236', 'neutron.plugins.ml2.plugin.Ml2Plugin._retry_binding_revived_agents-103434'] for agent (fec30a47-333a-42ec-90e4-42e889bea604), after_update _notify_loop /var/lib/kolla/venv/lib/python3.13/site-packages/neutron_lib/callbacks/manager.py:184
2026-08-04 09:12:55.079 1115 DEBUG neutron_lib.callbacks.manager [None req-61cc2769-938a-454e-9fdd-7e081e40efb4 - - - - - -] Publish callbacks ['neutron.services.segments.db._update_segment_host_mapping_for_agent-8733303310236', 'neutron.plugins.ml2.plugin.Ml2Plugin._retry_binding_revived_agents-103434'] for agent (8d198f4c-f6a1-408c-a8be-aa6e109f8391), after_update _notify_loop /var/lib/kolla/venv/lib/python3.13/site-packages/neutron_lib/callbacks/manager.py:184
2026-08-04 09:13:02.047 1120 DEBUG neutron_lib.callbacks.manager [None req-e23c7ea0-c074-4ffb-83ad-c7cad0d05d2b - - - - - -] Publish callbacks ['neutron.services.segments.db._update_segment_host_mapping_for_agent-8733303310236', 'neutron.plugins.ml2.plugin.Ml2Plugin._retry_binding_revived_agents-103434'] for agent (f877464e-9b8d-46cc-9a18-c2b8fddb989f), after_update _notify_loop /var/lib/kolla/venv/lib/python3.13/site-packages/neutron_lib/callbacks/manager.py:184
2026-08-04 09:13:04.973 1123 DEBUG neutron_lib.callbacks.manager [None req-2e5931d8-a8f3-497c-9586-1ae869ba8b52 - - - - - -] Publish callbacks ['neutron.services.segments.db._update_segment_host_mapping_for_agent-8733303310236', 'neutron.plugins.ml2.plugin.Ml2Plugin._retry_binding_revived_agents-103434'] for agent (b26d87cd-4775-44ec-8e4b-ea8548123f30), after_update _notify_loop /var/lib/kolla/venv/lib/python3.13/site-packages/neutron_lib/callbacks/manager.py:184
2026-08-04 09:13:23.226 1117 DEBUG neutron_lib.callbacks.manager [None req-ec739b77-b5e6-4d37-aa25-bac3533df6c1 - - - - - -] Publish callbacks ['neutron.services.segments.db._update_segment_host_mapping_for_agent-8733303310236', 'neutron.plugins.ml2.plugin.Ml2Plugin._retry_binding_revived_agents-103434'] for agent (fec30a47-333a-42ec-90e4-42e889bea604), after_update _notify_loop /var/lib/kolla/venv/lib/python3.13/site-packages/neutron_lib/callbacks/manager.py:184
2026-08-04 09:13:25.081 1115 DEBUG neutron_lib.callbacks.manager [None req-61cc2769-938a-454e-9fdd-7e081e40efb4 - - - - - -] Publish callbacks ['neutron.services.segments.db._update_segment_host_mapping_for_agent-8733303310236', 'neutron.plugins.ml2.plugin.Ml2Plugin._retry_binding_revived_agents-103434'] for agent (8d198f4c-f6a1-408c-a8be-aa6e109f8391), after_update _notify_loop /var/lib/kolla/venv/lib/python3.13/site-packages/neutron_lib/callbacks/manager.py:184
2026-08-04 09:13:32.052 1120 DEBUG neutron_lib.callbacks.manager [None req-9b390be4-bd72-4046-ba6d-34ab464185c9 - - - - - -] Publish callbacks ['neutron.services.segments.db._update_segment_host_mapping_for_agent-8733303310236', 'neutron.plugins.ml2.plugin.Ml2Plugin._retry_binding_revived_agents-103434'] for agent (f877464e-9b8d-46cc-9a18-c2b8fddb989f), after_update _notify_loop /var/lib/kolla/venv/lib/python3.13/site-packages/neutron_lib/callbacks/manager.py:184
2026-08-04 09:13:34.960 1123 DEBUG neutron_lib.callbacks.manager [None req-2e5931d8-a8f3-497c-9586-1ae869ba8b52 - - - - - -] Publish callbacks ['neutron.services.segments.db._update_segment_host_mapping_for_agent-8733303310236', 'neutron.plugins.ml2.plugin.Ml2Plugin._retry_binding_revived_agents-103434'] for agent (b26d87cd-4775-44ec-8e4b-ea8548123f30), after_update _notify_loop /var/lib/kolla/venv/lib/python3.13/site-packages/neutron_lib/callbacks/manager.py:184
2026-08-04 09:13:53.147 1117 DEBUG neutron_lib.callbacks.manager [None req-58e006f6-fcca-430a-975e-5d1ac6ad6579 - - - - - -] Publish callbacks ['neutron.services.segments.db._update_segment_host_mapping_for_agent-8733303310236', 'neutron.plugins.ml2.plugin.Ml2Plugin._retry_binding_revived_agents-103434'] for agent (fec30a47-333a-42ec-90e4-42e889bea604), after_update _notify_loop /var/lib/kolla/venv/lib/python3.13/site-packages/neutron_lib/callbacks/manager.py:184
2026-08-04 09:13:55.074 1115 DEBUG neutron_lib.callbacks.manager [None req-61cc2769-938a-454e-9fdd-7e081e40efb4 - - - - - -] Publish callbacks ['neutron.services.segments.db._update_segment_host_mapping_for_agent-8733303310236', 'neutron.plugins.ml2.plugin.Ml2Plugin._retry_binding_revived_agents-103434'] for agent (8d198f4c-f6a1-408c-a8be-aa6e109f8391), after_update _notify_loop /var/lib/kolla/venv/lib/python3.13/site-packages/neutron_lib/callbacks/manager.py:184
2026-08-04 09:14:02.147 1120 DEBUG neutron_lib.callbacks.manager [None req-b183309f-aae0-43d4-b8b4-7a7f0246c953 - - - - - -] Publish callbacks ['neutron.services.segments.db._update_segment_host_mapping_for_agent-8733303310236', 'neutron.plugins.ml2.plugin.Ml2Plugin._retry_binding_revived_agents-103434'] for agent (f877464e-9b8d-46cc-9a18-c2b8fddb989f), after_update _notify_loop /var/lib/kolla/venv/lib/python3.13/site-packages/neutron_lib/callbacks/manager.py:184
2026-08-04 09:14:04.989 1123 DEBUG neutron_lib.callbacks.manager [None req-2e5931d8-a8f3-497c-9586-1ae869ba8b52 - - - - - -] Publish callbacks ['neutron.services.segments.db._update_segment_host_mapping_for_agent-8733303310236', 'neutron.plugins.ml2.plugin.Ml2Plugin._retry_binding_revived_agents-103434'] for agent (b26d87cd-4775-44ec-8e4b-ea8548123f30), after_update _notify_loop /var/lib/kolla/venv/lib/python3.13/site-packages/neutron_lib/callbacks/manager.py:184
2026-08-04 09:14:23.158 1117 DEBUG neutron_lib.callbacks.manager [None req-384f6eee-ca9c-4927-8561-362eb85a92f8 - - - - - -] Publish callbacks ['neutron.services.segments.db._update_segment_host_mapping_for_agent-8733303310236', 'neutron.plugins.ml2.plugin.Ml2Plugin._retry_binding_revived_agents-103434'] for agent (fec30a47-333a-42ec-90e4-42e889bea604), after_update _notify_loop /var/lib/kolla/venv/lib/python3.13/site-packages/neutron_lib/callbacks/manager.py:184
2026-08-04 09:14:25.097 1115 DEBUG neutron_lib.callbacks.manager [None req-61cc2769-938a-454e-9fdd-7e081e40efb4 - - - - - -] Publish callbacks ['neutron.services.segments.db._update_segment_host_mapping_for_agent-8733303310236', 'neutron.plugins.ml2.plugin.Ml2Plugin._retry_binding_revived_agents-103434'] for agent (8d198f4c-f6a1-408c-a8be-aa6e109f8391), after_update _notify_loop /var/lib/kolla/venv/lib/python3.13/site-packages/neutron_lib/callbacks/manager.py:184
2026-08-04 09:14:32.074 1120 DEBUG neutron_lib.callbacks.manager [None req-547a6a44-3bb8-456b-99bc-4825f12aa38b - - - - - -] Publish callbacks ['neutron.services.segments.db._update_segment_host_mapping_for_agent-8733303310236', 'neutron.plugins.ml2.plugin.Ml2Plugin._retry_binding_revived_agents-103434'] for agent (f877464e-9b8d-46cc-9a18-c2b8fddb989f), after_update _notify_loop /var/lib/kolla/venv/lib/python3.13/site-packages/neutron_lib/callbacks/manager.py:184
2026-08-04 09:14:34.999 1123 DEBUG neutron_lib.callbacks.manager [None req-2e5931d8-a8f3-497c-9586-1ae869ba8b52 - - - - - -] Publish callbacks ['neutron.services.segments.db._update_segment_host_mapping_for_agent-8733303310236', 'neutron.plugins.ml2.plugin.Ml2Plugin._retry_binding_revived_agents-103434'] for agent (b26d87cd-4775-44ec-8e4b-ea8548123f30), after_update _notify_loop /var/lib/kolla/venv/lib/python3.13/site-packages/neutron_lib/callbacks/manager.py:184
2026-08-04 09:14:36.329 1115 DEBUG neutron.plugins.ml2.rpc [None req-61cc2769-938a-454e-9fdd-7e081e40efb4 - - - - - -] Network c12a6141-d969-49de-8e68-36262a9ce79a details requested by agent ovs-agent-primary with host primary get_network_details /var/lib/kolla/venv/lib/python3.13/site-packages/neutron/plugins/ml2/rpc.py:247
2026-08-04 09:14:38.170 1117 DEBUG neutron.api.rpc.handlers.dhcp_rpc [None req-d37bd4ff-e0be-4379-a7ed-86b9d954df01 - - - - - -] Network c12a6141-d969-49de-8e68-36262a9ce79a requested from primary get_network_info /var/lib/kolla/venv/lib/python3.13/site-packages/neutron/api/rpc/handlers/dhcp_rpc.py:190
2026-08-04 09:14:38.312 1115 DEBUG neutron.api.rpc.handlers.dhcp_rpc [None req-f0a6b014-d3ce-4286-8345-9e42e2ac34b1 - - - - - -] Create dhcp port {'port': {'name': '', 'admin_state_up': True, 'device_id': 'dhcp08e27de9-a571-5e44-8a39-d6966a601483-c12a6141-d969-49de-8e68-36262a9ce79a', 'network_id': 'c12a6141-d969-49de-8e68-36262a9ce79a', 'project_id': 'de96bcccf362431ea7c3d6d310b8b495', 'fixed_ips': [{'subnet_id': '2ff5a10a-f48d-4db5-b262-766a7a8ee90d'}]}} from primary. create_dhcp_port /var/lib/kolla/venv/lib/python3.13/site-packages/neutron/api/rpc/handlers/dhcp_rpc.py:279
2026-08-04 09:14:38.321 1115 DEBUG neutron_lib.callbacks.manager [None req-f0a6b014-d3ce-4286-8345-9e42e2ac34b1 - - - - - -] Publish callbacks ['neutron.plugins.ml2.plugin.SecurityGroupDbMixin._ensure_default_security_group_handler-1767786'] for port (None), before_create _notify_loop /var/lib/kolla/venv/lib/python3.13/site-packages/neutron_lib/callbacks/manager.py:184
2026-08-04 09:14:38.419 1115 DEBUG neutron.db.db_base_plugin_common [None req-f0a6b014-d3ce-4286-8345-9e42e2ac34b1 - - - - - -] Allocated IP 203.0.113.2 (c12a6141-d969-49de-8e68-36262a9ce79a/2ff5a10a-f48d-4db5-b262-766a7a8ee90d/5728a977-a381-407e-95d5-351637fbaed3) _store_ip_allocation /var/lib/kolla/venv/lib/python3.13/site-packages/neutron/db/db_base_plugin_common.py:131
2026-08-04 09:14:38.505 1115 DEBUG neutron_lib.callbacks.manager [None req-f0a6b014-d3ce-4286-8345-9e42e2ac34b1 - - - - - -] Publish callbacks [] for allowed_address_pair (5728a977-a381-407e-95d5-351637fbaed3), before_create _notify_loop /var/lib/kolla/venv/lib/python3.13/site-packages/neutron_lib/callbacks/manager.py:184
2026-08-04 09:14:38.507 1115 DEBUG neutron_lib.callbacks.manager [None req-f0a6b014-d3ce-4286-8345-9e42e2ac34b1 - - - - - -] Publish callbacks [] for port (5728a977-a381-407e-95d5-351637fbaed3), precommit_create _notify_loop /var/lib/kolla/venv/lib/python3.13/site-packages/neutron_lib/callbacks/manager.py:184
2026-08-04 09:14:38.510 1115 DEBUG neutron_lib.callbacks.manager [None req-f0a6b014-d3ce-4286-8345-9e42e2ac34b1 - - - - - -] Publish callbacks ['neutron.plugins.ml2.ovo_rpc._ObjectChangeHandler.handle_event-1689754', 'neutron.api.rpc.agentnotifiers.dhcp_rpc_agent_api.DhcpAgentNotifyAPI._native_event_send_dhcp_notification-1654658', 'neutron.plugins.ml2.plugin.SecurityGroupServerNotifierRpcMixin._notify_sg_on_port_change-1767672', 'neutron.db.l3_dvrscheduler_db._notify_l3_agent_new_port-8733302323444'] for port (5728a977-a381-407e-95d5-351637fbaed3), after_create _notify_loop /var/lib/kolla/venv/lib/python3.13/site-packages/neutron_lib/callbacks/manager.py:184
2026-08-04 09:14:38.543 1115 DEBUG neutron.api.rpc.handlers.resources_rpc [None req-f0a6b014-d3ce-4286-8345-9e42e2ac34b1 - - - - - -] Pushing event updated for resources: {'Port': ['ID=5728a977-a381-407e-95d5-351637fbaed3,revision_number=1']} push /var/lib/kolla/venv/lib/python3.13/site-packages/neutron/api/rpc/handlers/resources_rpc.py:237
2026-08-04 09:14:38.547 1115 DEBUG neutron.api.rpc.callbacks.version_manager [None req-f0a6b014-d3ce-4286-8345-9e42e2ac34b1 - - - - - -] Version for resource type AddressGroup changed None to 1.2 on consumer Open vSwitch agent@primary _set_version /var/lib/kolla/venv/lib/python3.13/site-packages/neutron/api/rpc/callbacks/version_manager.py:118
2026-08-04 09:14:38.547 1115 DEBUG neutron.api.rpc.callbacks.version_manager [None req-f0a6b014-d3ce-4286-8345-9e42e2ac34b1 - - - - - -] Version for resource type Agent changed None to 1.1 on consumer Open vSwitch agent@primary _set_version /var/lib/kolla/venv/lib/python3.13/site-packages/neutron/api/rpc/callbacks/version_manager.py:118
2026-08-04 09:14:38.548 1115 DEBUG neutron.api.rpc.callbacks.version_manager [None req-f0a6b014-d3ce-4286-8345-9e42e2ac34b1 - - - - - -] Version for resource type ConntrackHelper changed None to 1.0 on consumer Open vSwitch agent@primary _set_version /var/lib/kolla/venv/lib/python3.13/site-packages/neutron/api/rpc/callbacks/version_manager.py:118
2026-08-04 09:14:38.548 1115 DEBUG neutron.api.rpc.callbacks.version_manager [None req-f0a6b014-d3ce-4286-8345-9e42e2ac34b1 - - - - - -] Version for resource type LocalIPAssociation changed None to 1.0 on consumer Open vSwitch agent@primary _set_version /var/lib/kolla/venv/lib/python3.13/site-packages/neutron/api/rpc/callbacks/version_manager.py:118
2026-08-04 09:14:38.548 1115 DEBUG neutron.api.rpc.callbacks.version_manager [None req-f0a6b014-d3ce-4286-8345-9e42e2ac34b1 - - - - - -] Version for resource type Log changed None to 1.0 on consumer Open vSwitch agent@primary _set_version /var/lib/kolla/venv/lib/python3.13/site-packages/neutron/api/rpc/callbacks/version_manager.py:118
2026-08-04 09:14:38.548 1115 DEBUG neutron.api.rpc.callbacks.version_manager [None req-f0a6b014-d3ce-4286-8345-9e42e2ac34b1 - - - - - -] Version for resource type NDPProxy changed None to 1.0 on consumer Open vSwitch agent@primary _set_version /var/lib/kolla/venv/lib/python3.13/site-packages/neutron/api/rpc/callbacks/version_manager.py:118
2026-08-04 09:14:38.548 1115 DEBUG neutron.api.rpc.callbacks.version_manager [None req-f0a6b014-d3ce-4286-8345-9e42e2ac34b1 - - - - - -] Version for resource type Network changed None to 1.3 on consumer Open vSwitch agent@primary _set_version /var/lib/kolla/venv/lib/python3.13/site-packages/neutron/api/rpc/callbacks/version_manager.py:118
2026-08-04 09:14:38.548 1115 DEBUG neutron.api.rpc.callbacks.version_manager [None req-f0a6b014-d3ce-4286-8345-9e42e2ac34b1 - - - - - -] Version for resource type Port changed None to 1.11 on consumer Open vSwitch agent@primary _set_version /var/lib/kolla/venv/lib/python3.13/site-packages/neutron/api/rpc/callbacks/version_manager.py:118
2026-08-04 09:14:38.548 1115 DEBUG neutron.api.rpc.callbacks.version_manager [None req-f0a6b014-d3ce-4286-8345-9e42e2ac34b1 - - - - - -] Version for resource type PortForwarding changed None to 1.3 on consumer Open vSwitch agent@primary _set_version /var/lib/kolla/venv/lib/python3.13/site-packages/neutron/api/rpc/callbacks/version_manager.py:118
2026-08-04 09:14:38.548 1115 DEBUG neutron.api.rpc.callbacks.version_manager [None req-f0a6b014-d3ce-4286-8345-9e42e2ac34b1 - - - - - -] Version for resource type QosPolicy changed None to 1.10 on consumer Open vSwitch agent@primary _set_version /var/lib/kolla/venv/lib/python3.13/site-packages/neutron/api/rpc/callbacks/version_manager.py:118
2026-08-04 09:14:38.548 1115 DEBUG neutron.api.rpc.callbacks.version_manager [None req-f0a6b014-d3ce-4286-8345-9e42e2ac34b1 - - - - - -] Version for resource type SecurityGroup changed None to 1.6 on consumer Open vSwitch agent@primary _set_version /var/lib/kolla/venv/lib/python3.13/site-packages/neutron/api/rpc/callbacks/version_manager.py:118
2026-08-04 09:14:38.548 1115 DEBUG neutron.api.rpc.callbacks.version_manager [None req-f0a6b014-d3ce-4286-8345-9e42e2ac34b1 - - - - - -] Version for resource type SecurityGroupRule changed None to 1.3 on consumer Open vSwitch agent@primary _set_version /var/lib/kolla/venv/lib/python3.13/site-packages/neutron/api/rpc/callbacks/version_manager.py:118
2026-08-04 09:14:38.548 1115 DEBUG neutron.api.rpc.callbacks.version_manager [None req-f0a6b014-d3ce-4286-8345-9e42e2ac34b1 - - - - - -] Version for resource type SubPort changed None to 1.0 on consumer Open vSwitch agent@primary _set_version /var/lib/kolla/venv/lib/python3.13/site-packages/neutron/api/rpc/callbacks/version_manager.py:118
2026-08-04 09:14:38.548 1115 DEBUG neutron.api.rpc.callbacks.version_manager [None req-f0a6b014-d3ce-4286-8345-9e42e2ac34b1 - - - - - -] Version for resource type Subnet changed None to 1.2 on consumer Open vSwitch agent@primary _set_version /var/lib/kolla/venv/lib/python3.13/site-packages/neutron/api/rpc/callbacks/version_manager.py:118
2026-08-04 09:14:38.548 1115 DEBUG neutron.api.rpc.callbacks.version_manager [None req-f0a6b014-d3ce-4286-8345-9e42e2ac34b1 - - - - - -] Version for resource type Trunk changed None to 1.1 on consumer Open vSwitch agent@primary _set_version /var/lib/kolla/venv/lib/python3.13/site-packages/neutron/api/rpc/callbacks/version_manager.py:118
2026-08-04 09:14:38.549 1115 DEBUG neutron.api.rpc.callbacks.version_manager [None req-f0a6b014-d3ce-4286-8345-9e42e2ac34b1 - - - - - -] Tracked resource versions report: pushed versions: { 'AddressGroup': {'1.2'}, 'Agent': {'1.1'}, 'ConntrackHelper': {'1.0'}, 'LocalIPAssociation': {'1.0'}, 'Log': {'1.0'}, 'NDPProxy': {'1.0'}, 'Network': {'1.3'}, 'Port': {'1.11'}, 'PortForwarding': {'1.3'}, 'QosPolicy': {'1.10'}, 'SecurityGroup': {'1.6'}, 'SecurityGroupRule': {'1.3'}, 'SubPort': {'1.0'}, 'Subnet': {'1.2'}, 'Trunk': {'1.1'}} consumer versions: { L3 agent@primary: {}, DHCP agent@primary: {}, Open vSwitch agent@primary: { 'AddressGroup': '1.2', 'Agent': '1.1', 'ConntrackHelper': '1.0', 'LocalIPAssociation': '1.0', 'Log': '1.0', 'NDPProxy': '1.0', 'Network': '1.3', 'Port': '1.11', 'PortForwarding': '1.3', 'QosPolicy': '1.10', 'SecurityGroup': '1.6', 'SecurityGroupRule': '1.3', 'SubPort': '1.0', 'Subnet': '1.2', 'Trunk': '1.1'}, Metadata agent@primary: {}} report /var/lib/kolla/venv/lib/python3.13/site-packages/neutron/api/rpc/callbacks/version_manager.py:183
2026-08-04 09:14:38.567 1115 DEBUG neutron.scheduler.dhcp_agent_scheduler [None req-f0a6b014-d3ce-4286-8345-9e42e2ac34b1 - - - - - -] Network c12a6141-d969-49de-8e68-36262a9ce79a is already hosted by enough agents. _get_dhcp_agents_hosting_network /var/lib/kolla/venv/lib/python3.13/site-packages/neutron/scheduler/dhcp_agent_scheduler.py:276
2026-08-04 09:14:38.569 1115 DEBUG neutron.scheduler.base_scheduler [None req-f0a6b014-d3ce-4286-8345-9e42e2ac34b1 - - - - - -] Resources bound (agent type, host, resource id): schedule /var/lib/kolla/venv/lib/python3.13/site-packages/neutron/scheduler/base_scheduler.py:57
2026-08-04 09:14:38.578 1115 DEBUG neutron.db.l3_dvrscheduler_db [None req-f0a6b014-d3ce-4286-8345-9e42e2ac34b1 - - - - - -] Received port after_create _notify_l3_agent_new_port /var/lib/kolla/venv/lib/python3.13/site-packages/neutron/db/l3_dvrscheduler_db.py:541
2026-08-04 09:14:38.622 1115 DEBUG neutron.plugins.ml2.managers [None req-f0a6b014-d3ce-4286-8345-9e42e2ac34b1 - - - - - -] Attempting to bind port 5728a977-a381-407e-95d5-351637fbaed3 on host primary for vnic_type normal with profile bind_port /var/lib/kolla/venv/lib/python3.13/site-packages/neutron/plugins/ml2/managers.py:865
2026-08-04 09:14:38.622 1115 DEBUG neutron.plugins.ml2.managers [None req-f0a6b014-d3ce-4286-8345-9e42e2ac34b1 - - - - - -] Attempting to bind port 5728a977-a381-407e-95d5-351637fbaed3 by drivers openvswitch,l2population on host primary at level 0 using segments [{'id': '4bc6c78c-8c2d-4711-bf7a-20bb6253aa40', 'network_type': 'vxlan', 'physical_network': None, 'segmentation_id': 471, 'network_id': 'c12a6141-d969-49de-8e68-36262a9ce79a'}] _bind_port_level /var/lib/kolla/venv/lib/python3.13/site-packages/neutron/plugins/ml2/managers.py:890
2026-08-04 09:14:38.622 1115 DEBUG neutron.plugins.ml2.drivers.mech_agent [None req-f0a6b014-d3ce-4286-8345-9e42e2ac34b1 - - - - - -] Attempting to bind port 5728a977-a381-407e-95d5-351637fbaed3 on network c12a6141-d969-49de-8e68-36262a9ce79a bind_port /var/lib/kolla/venv/lib/python3.13/site-packages/neutron/plugins/ml2/drivers/mech_agent.py:98
2026-08-04 09:14:38.636 1115 DEBUG neutron.plugins.ml2.drivers.mech_agent [None req-f0a6b014-d3ce-4286-8345-9e42e2ac34b1 - - - - - -] Checking agent: {'id': '8d198f4c-f6a1-408c-a8be-aa6e109f8391', 'agent_type': 'Open vSwitch agent', 'binary': 'neutron-openvswitch-agent', 'topic': 'N/A', 'host': 'primary', 'admin_state_up': True, 'created_at': datetime.datetime(2026, 8, 4, 9, 8, 55), 'started_at': datetime.datetime(2026, 8, 4, 9, 9, 25), 'heartbeat_timestamp': datetime.datetime(2026, 8, 4, 9, 14, 25), 'description': None, 'resources_synced': None, 'availability_zone': None, 'alive': True, 'configurations': {'arp_responder_enabled': True, 'baremetal_smartnic': False, 'bridge_mappings': {'physnet1': 'br-ex'}, 'datapath_type': 'system', 'devices': 0, 'enable_distributed_routing': False, 'extensions': [], 'in_distributed_mode': False, 'integration_bridge': 'br-int', 'l2_population': True, 'log_agent_heartbeats': False, 'ovs_capabilities': {'datapath_types': ['netdev', 'system'], 'iface_types': ['afxdp', 'afxdp-nonpmd', 'bareudp', 'erspan', 'geneve', 'gre', 'gtpu', 'internal', 'ip6erspan', 'ip6gre', 'lisp', 'patch', 'srv6', 'stt', 'system', 'tap', 'vxlan']}, 'ovs_hybrid_plug': True, 'resource_provider_bandwidths': {}, 'resource_provider_hypervisors': {'rp_tunnelled': 'primary', 'br-ex': 'primary'}, 'resource_provider_inventory_defaults': {'allocation_ratio': 1.0, 'min_unit': 1, 'step_size': 1, 'reserved': 0}, 'resource_provider_packet_processing_inventory_defaults': {'allocation_ratio': 1.0, 'min_unit': 1, 'step_size': 1, 'reserved': 0}, 'resource_provider_packet_processing_with_direction': {}, 'resource_provider_packet_processing_without_direction': {}, 'tunnel_types': ['vxlan'], 'tunneling_ip': '192.0.2.1', 'vhostuser_socket_dir': '/var/run/openvswitch'}, 'resource_versions': {'AddressGroup': '1.2', 'Agent': '1.1', 'ConntrackHelper': '1.0', 'LocalIPAssociation': '1.0', 'Log': '1.0', 'NDPProxy': '1.0', 'Network': '1.3', 'Port': '1.11', 'PortForwarding': '1.3', 'QosPolicy': '1.10', 'SecurityGroup': '1.6', 'SecurityGroupRule': '1.3', 'SubPort': '1.0', 'Subnet': '1.2', 'Trunk': '1.1'}, 'ha_chassis_priority': None} bind_port /var/lib/kolla/venv/lib/python3.13/site-packages/neutron/plugins/ml2/drivers/mech_agent.py:134
2026-08-04 09:14:38.637 1115 DEBUG neutron.plugins.ml2.drivers.mech_agent [None req-f0a6b014-d3ce-4286-8345-9e42e2ac34b1 - - - - - -] Checking segment: {'id': '4bc6c78c-8c2d-4711-bf7a-20bb6253aa40', 'network_type': 'vxlan', 'physical_network': None, 'segmentation_id': 471, 'network_id': 'c12a6141-d969-49de-8e68-36262a9ce79a'} for mappings: {'physnet1': 'br-ex'} with network types: ['vxlan', 'local', 'flat', 'vlan'] check_segment_for_agent /var/lib/kolla/venv/lib/python3.13/site-packages/neutron/plugins/ml2/drivers/mech_agent.py:403
2026-08-04 09:14:38.637 1115 DEBUG neutron_lib.callbacks.manager [None req-f0a6b014-d3ce-4286-8345-9e42e2ac34b1 - - - - - -] Publish callbacks [] for ovs_bridge_name (None), before_read _notify_loop /var/lib/kolla/venv/lib/python3.13/site-packages/neutron_lib/callbacks/manager.py:184
2026-08-04 09:14:38.637 1115 DEBUG neutron.plugins.ml2.drivers.mech_agent [None req-f0a6b014-d3ce-4286-8345-9e42e2ac34b1 - - - - - -] Bound using segment: {'id': '4bc6c78c-8c2d-4711-bf7a-20bb6253aa40', 'network_type': 'vxlan', 'physical_network': None, 'segmentation_id': 471, 'network_id': 'c12a6141-d969-49de-8e68-36262a9ce79a'} bind_port /var/lib/kolla/venv/lib/python3.13/site-packages/neutron/plugins/ml2/drivers/mech_agent.py:144
2026-08-04 09:14:38.637 1115 DEBUG neutron.plugins.ml2.managers [None req-f0a6b014-d3ce-4286-8345-9e42e2ac34b1 - - - - - -] Bound port: 5728a977-a381-407e-95d5-351637fbaed3, host: primary, vif_type: ovs, vif_details: {"connectivity": "l2", "port_filter": true, "ovs_hybrid_plug": true, "ovs_create_tap": true, "datapath_type": "system", "bridge_name": "br-int"}, binding_levels: [{'bound_driver': 'openvswitch', 'bound_segment': {'id': '4bc6c78c-8c2d-4711-bf7a-20bb6253aa40', 'network_type': 'vxlan', 'physical_network': None, 'segmentation_id': 471, 'network_id': 'c12a6141-d969-49de-8e68-36262a9ce79a'}}] _bind_port_level /var/lib/kolla/venv/lib/python3.13/site-packages/neutron/plugins/ml2/managers.py:1001
2026-08-04 09:14:38.637 1115 DEBUG neutron_lib.callbacks.manager [None req-f0a6b014-d3ce-4286-8345-9e42e2ac34b1 - - - - - -] Publish callbacks ['neutron.plugins.ml2.plugin.SecurityGroupDbMixin._ensure_default_security_group_handler-1767786', 'neutron.db.l3_db.L3_NAT_dbonly_mixin._prevent_internal_ip_change_for_fip-8733302881334'] for port (5728a977-a381-407e-95d5-351637fbaed3), before_update _notify_loop /var/lib/kolla/venv/lib/python3.13/site-packages/neutron_lib/callbacks/manager.py:184
2026-08-04 09:14:38.666 1115 DEBUG neutron.plugins.ml2.db [None req-f0a6b014-d3ce-4286-8345-9e42e2ac34b1 - - - - - -] For port 5728a977-a381-407e-95d5-351637fbaed3, host primary, cleared binding levels clear_binding_levels /var/lib/kolla/venv/lib/python3.13/site-packages/neutron/plugins/ml2/db.py:87
2026-08-04 09:14:38.668 1115 DEBUG neutron.plugins.ml2.db [None req-f0a6b014-d3ce-4286-8345-9e42e2ac34b1 - - - - - -] For port 5728a977-a381-407e-95d5-351637fbaed3, host primary, set binding levels [PortBindingLevel(driver='openvswitch',host='primary',level=0,port_id=5728a977-a381-407e-95d5-351637fbaed3,segment=NetworkSegment(4bc6c78c-8c2d-4711-bf7a-20bb6253aa40),segment_id=4bc6c78c-8c2d-4711-bf7a-20bb6253aa40)] set_binding_levels /var/lib/kolla/venv/lib/python3.13/site-packages/neutron/plugins/ml2/db.py:59
2026-08-04 09:14:38.672 1115 DEBUG neutron_lib.callbacks.manager [None req-f0a6b014-d3ce-4286-8345-9e42e2ac34b1 - - - - - -] Publish callbacks ['neutron.plugins.ml2.ovo_rpc._ObjectChangeHandler.handle_event-1689754', 'neutron.api.rpc.agentnotifiers.dhcp_rpc_agent_api.DhcpAgentNotifyAPI._native_event_send_dhcp_notification-1654658', 'neutron.plugins.ml2.plugin.SecurityGroupServerNotifierRpcMixin._notify_sg_on_port_change-1767672', 'neutron.db.l3_db.L3RpcNotifierMixin._notify_gateway_port_ip_changed-8733302887878', 'neutron.db.l3_dvrscheduler_db._notify_l3_agent_port_update-8733302323464', 'neutron.db.l3_hascheduler_db._notify_l3_agent_ha_port_update-8733302323504'] for port (5728a977-a381-407e-95d5-351637fbaed3), after_update _notify_loop /var/lib/kolla/venv/lib/python3.13/site-packages/neutron_lib/callbacks/manager.py:184
2026-08-04 09:14:38.695 1115 DEBUG neutron.api.rpc.handlers.resources_rpc [None req-f0a6b014-d3ce-4286-8345-9e42e2ac34b1 - - - - - -] Pushing event updated for resources: {'Port': ['ID=5728a977-a381-407e-95d5-351637fbaed3,revision_number=3']} push /var/lib/kolla/venv/lib/python3.13/site-packages/neutron/api/rpc/handlers/resources_rpc.py:237
2026-08-04 09:14:43.358 1117 DEBUG neutron.plugins.ml2.rpc [None req-61cc2769-938a-454e-9fdd-7e081e40efb4 - - - - - -] Network f3af6e8a-bb2c-4b77-9b9d-2e6571885544 details requested by agent ovs-agent-primary with host primary get_network_details /var/lib/kolla/venv/lib/python3.13/site-packages/neutron/plugins/ml2/rpc.py:247
2026-08-04 09:14:44.724 1115 DEBUG neutron.plugins.ml2.rpc [None req-61cc2769-938a-454e-9fdd-7e081e40efb4 - - - - - -] Device 5728a977-a381-407e-95d5-351637fbaed3 up at agent ovs-agent-primary update_device_up /var/lib/kolla/venv/lib/python3.13/site-packages/neutron/plugins/ml2/rpc.py:295
2026-08-04 09:14:44.785 1115 DEBUG neutron.db.provisioning_blocks [None req-61cc2769-938a-454e-9fdd-7e081e40efb4 - - - - - -] Provisioning complete for port 5728a977-a381-407e-95d5-351637fbaed3 triggered by entity L2. provisioning_complete /var/lib/kolla/venv/lib/python3.13/site-packages/neutron/db/provisioning_blocks.py:141
2026-08-04 09:14:44.785 1115 DEBUG neutron_lib.callbacks.manager [None req-61cc2769-938a-454e-9fdd-7e081e40efb4 - - - - - -] Publish callbacks ['neutron.plugins.ml2.plugin.Ml2Plugin._port_provisioned-103598'] for port (5728a977-a381-407e-95d5-351637fbaed3), provisioning_complete _notify_loop /var/lib/kolla/venv/lib/python3.13/site-packages/neutron_lib/callbacks/manager.py:184
2026-08-04 09:14:44.785 1115 INFO neutron.plugins.ml2.plugin [None req-61cc2769-938a-454e-9fdd-7e081e40efb4 - - - - - -] Attempt 1 to provision port 5728a977-a381-407e-95d5-351637fbaed3
2026-08-04 09:14:44.854 1115 DEBUG neutron.plugins.ml2.plugin [None req-61cc2769-938a-454e-9fdd-7e081e40efb4 - - - - - -] Current status of the port 5728a977-a381-407e-95d5-351637fbaed3 is: DOWN; New status is: ACTIVE _update_individual_port_db_status /var/lib/kolla/venv/lib/python3.13/site-packages/neutron/plugins/ml2/plugin.py:2473
2026-08-04 09:14:44.855 1115 DEBUG neutron_lib.callbacks.manager [None req-61cc2769-938a-454e-9fdd-7e081e40efb4 - - - - - -] Publish callbacks ['neutron.plugins.ml2.plugin.SecurityGroupDbMixin._ensure_default_security_group_handler-1767786', 'neutron.db.l3_db.L3_NAT_dbonly_mixin._prevent_internal_ip_change_for_fip-8733302881334'] for port (5728a977-a381-407e-95d5-351637fbaed3), before_update _notify_loop /var/lib/kolla/venv/lib/python3.13/site-packages/neutron_lib/callbacks/manager.py:184
2026-08-04 09:14:44.889 1115 DEBUG neutron.plugins.ml2.db [None req-61cc2769-938a-454e-9fdd-7e081e40efb4 - - - - - -] For port 5728a977-a381-407e-95d5-351637fbaed3, host primary, got binding levels [PortBindingLevel(driver='openvswitch',host='primary',level=0,port_id=5728a977-a381-407e-95d5-351637fbaed3,segment=NetworkSegment(4bc6c78c-8c2d-4711-bf7a-20bb6253aa40),segment_id=4bc6c78c-8c2d-4711-bf7a-20bb6253aa40)] get_binding_level_objs /var/lib/kolla/venv/lib/python3.13/site-packages/neutron/plugins/ml2/db.py:74
2026-08-04 09:14:44.973 1115 DEBUG neutron.plugins.ml2.drivers.l2pop.mech_driver [None req-61cc2769-938a-454e-9fdd-7e081e40efb4 - - - - - -] host: primary, agent_active_ports: 1, refresh_tunnels: False update_port_up /var/lib/kolla/venv/lib/python3.13/site-packages/neutron/plugins/ml2/drivers/l2pop/mech_driver.py:292
2026-08-04 09:14:45.062 1115 DEBUG neutron.plugins.ml2.drivers.l2pop.rpc [None req-61cc2769-938a-454e-9fdd-7e081e40efb4 - - - - - -] Fanout notify l2population agents at q-agent-notifier the message add_fdb_entries with {'c12a6141-d969-49de-8e68-36262a9ce79a': {'segment_id': 471, 'network_type': 'vxlan', 'ports': {'192.0.2.1': [('00:00:00:00:00:00', '0.0.0.0'), PortInfo(mac_address='fa:16:3e:13:da:c3', ip_address='203.0.113.2')]}}} _notification_fanout /var/lib/kolla/venv/lib/python3.13/site-packages/neutron/plugins/ml2/drivers/l2pop/rpc.py:41
