2026-08-04 09:16:40.522 1117 DEBUG neutron_lib.callbacks.manager [None req-4c1f17d9-ee85-4a6f-b2b3-7ef55ad0cc1f - - - - - -] Publish callbacks [] for ovs_bridge_name (None), before_read _notify_loop /var/lib/kolla/venv/lib/python3.13/site-packages/neutron_lib/callbacks/manager.py:184
2026-08-04 09:16:40.523 1117 DEBUG neutron.plugins.ml2.drivers.mech_agent [None req-4c1f17d9-ee85-4a6f-b2b3-7ef55ad0cc1f - - - - - -] Bound using segment: {'id': '3af0e2fa-6790-4f37-a3a4-ca077190d890', 'network_type': 'vxlan', 'physical_network': None, 'segmentation_id': 328, 'network_id': 'eb97a5f0-8b1a-41a4-9bed-900fd70a0ae7'} bind_port /var/lib/kolla/venv/lib/python3.13/site-packages/neutron/plugins/ml2/drivers/mech_agent.py:144
2026-08-04 09:16:40.523 1117 DEBUG neutron.plugins.ml2.managers [None req-4c1f17d9-ee85-4a6f-b2b3-7ef55ad0cc1f - - - - - -] Bound port: 3505bf26-de23-40c0-acd6-49ff7d7be521, host: primary, vif_type: ovs, vif_details: {"connectivity": "l2", "port_filter": true, "ovs_hybrid_plug": true, "ovs_create_tap": true, "datapath_type": "system", "bridge_name": "br-int"}, binding_levels: [{'bound_driver': 'openvswitch', 'bound_segment': {'id': '3af0e2fa-6790-4f37-a3a4-ca077190d890', 'network_type': 'vxlan', 'physical_network': None, 'segmentation_id': 328, 'network_id': 'eb97a5f0-8b1a-41a4-9bed-900fd70a0ae7'}}] _bind_port_level /var/lib/kolla/venv/lib/python3.13/site-packages/neutron/plugins/ml2/managers.py:1001
2026-08-04 09:16:40.523 1117 DEBUG neutron_lib.callbacks.manager [None req-4c1f17d9-ee85-4a6f-b2b3-7ef55ad0cc1f - - - - - -] Publish callbacks ['neutron.plugins.ml2.plugin.SecurityGroupDbMixin._ensure_default_security_group_handler-1767786', 'neutron.db.l3_db.L3_NAT_dbonly_mixin._prevent_internal_ip_change_for_fip-8733302881334'] for port (3505bf26-de23-40c0-acd6-49ff7d7be521), before_update _notify_loop /var/lib/kolla/venv/lib/python3.13/site-packages/neutron_lib/callbacks/manager.py:184
2026-08-04 09:16:40.580 1117 DEBUG neutron.plugins.ml2.db [None req-4c1f17d9-ee85-4a6f-b2b3-7ef55ad0cc1f - - - - - -] For port 3505bf26-de23-40c0-acd6-49ff7d7be521, host primary, cleared binding levels clear_binding_levels /var/lib/kolla/venv/lib/python3.13/site-packages/neutron/plugins/ml2/db.py:87
2026-08-04 09:16:40.585 1117 DEBUG neutron.plugins.ml2.db [None req-4c1f17d9-ee85-4a6f-b2b3-7ef55ad0cc1f - - - - - -] For port 3505bf26-de23-40c0-acd6-49ff7d7be521, host primary, set binding levels [PortBindingLevel(driver='openvswitch',host='primary',level=0,port_id=3505bf26-de23-40c0-acd6-49ff7d7be521,segment=NetworkSegment(3af0e2fa-6790-4f37-a3a4-ca077190d890),segment_id=3af0e2fa-6790-4f37-a3a4-ca077190d890)] set_binding_levels /var/lib/kolla/venv/lib/python3.13/site-packages/neutron/plugins/ml2/db.py:59
2026-08-04 09:16:40.595 1117 DEBUG neutron_lib.callbacks.manager [None req-4c1f17d9-ee85-4a6f-b2b3-7ef55ad0cc1f - - - - - -] Publish callbacks ['neutron.plugins.ml2.ovo_rpc._ObjectChangeHandler.handle_event-1689754', 'neutron.api.rpc.agentnotifiers.dhcp_rpc_agent_api.DhcpAgentNotifyAPI._native_event_send_dhcp_notification-1654658', 'neutron.plugins.ml2.plugin.SecurityGroupServerNotifierRpcMixin._notify_sg_on_port_change-1767672', 'neutron.db.l3_db.L3RpcNotifierMixin._notify_gateway_port_ip_changed-8733302887878', 'neutron.db.l3_dvrscheduler_db._notify_l3_agent_port_update-8733302323464', 'neutron.db.l3_hascheduler_db._notify_l3_agent_ha_port_update-8733302323504'] for port (3505bf26-de23-40c0-acd6-49ff7d7be521), after_update _notify_loop /var/lib/kolla/venv/lib/python3.13/site-packages/neutron_lib/callbacks/manager.py:184
2026-08-04 09:16:40.633 1117 DEBUG neutron.api.rpc.handlers.resources_rpc [None req-4c1f17d9-ee85-4a6f-b2b3-7ef55ad0cc1f - - - - - -] Pushing event updated for resources: {'Port': ['ID=3505bf26-de23-40c0-acd6-49ff7d7be521,revision_number=3']} push /var/lib/kolla/venv/lib/python3.13/site-packages/neutron/api/rpc/handlers/resources_rpc.py:237
2026-08-04 09:16:41.461 1115 DEBUG neutron.plugins.ml2.rpc [None req-61cc2769-938a-454e-9fdd-7e081e40efb4 - - - - - -] Device 3505bf26-de23-40c0-acd6-49ff7d7be521 up at agent ovs-agent-primary update_device_up /var/lib/kolla/venv/lib/python3.13/site-packages/neutron/plugins/ml2/rpc.py:295
2026-08-04 09:16:41.527 1115 DEBUG neutron.db.provisioning_blocks [None req-61cc2769-938a-454e-9fdd-7e081e40efb4 - - - - - -] Provisioning complete for port 3505bf26-de23-40c0-acd6-49ff7d7be521 triggered by entity L2. provisioning_complete /var/lib/kolla/venv/lib/python3.13/site-packages/neutron/db/provisioning_blocks.py:141
2026-08-04 09:16:41.528 1115 DEBUG neutron_lib.callbacks.manager [None req-61cc2769-938a-454e-9fdd-7e081e40efb4 - - - - - -] Publish callbacks ['neutron.plugins.ml2.plugin.Ml2Plugin._port_provisioned-103598'] for port (3505bf26-de23-40c0-acd6-49ff7d7be521), provisioning_complete _notify_loop /var/lib/kolla/venv/lib/python3.13/site-packages/neutron_lib/callbacks/manager.py:184
2026-08-04 09:16:41.530 1115 INFO neutron.plugins.ml2.plugin [None req-61cc2769-938a-454e-9fdd-7e081e40efb4 - - - - - -] Attempt 1 to provision port 3505bf26-de23-40c0-acd6-49ff7d7be521
2026-08-04 09:16:41.600 1115 DEBUG neutron.plugins.ml2.plugin [None req-61cc2769-938a-454e-9fdd-7e081e40efb4 - - - - - -] Current status of the port 3505bf26-de23-40c0-acd6-49ff7d7be521 is: DOWN; New status is: ACTIVE _update_individual_port_db_status /var/lib/kolla/venv/lib/python3.13/site-packages/neutron/plugins/ml2/plugin.py:2473
2026-08-04 09:16:41.600 1115 DEBUG neutron_lib.callbacks.manager [None req-61cc2769-938a-454e-9fdd-7e081e40efb4 - - - - - -] Publish callbacks ['neutron.plugins.ml2.plugin.SecurityGroupDbMixin._ensure_default_security_group_handler-1767786', 'neutron.db.l3_db.L3_NAT_dbonly_mixin._prevent_internal_ip_change_for_fip-8733302881334'] for port (3505bf26-de23-40c0-acd6-49ff7d7be521), before_update _notify_loop /var/lib/kolla/venv/lib/python3.13/site-packages/neutron_lib/callbacks/manager.py:184
2026-08-04 09:16:41.646 1115 DEBUG neutron.plugins.ml2.db [None req-61cc2769-938a-454e-9fdd-7e081e40efb4 - - - - - -] For port 3505bf26-de23-40c0-acd6-49ff7d7be521, host primary, got binding levels [PortBindingLevel(driver='openvswitch',host='primary',level=0,port_id=3505bf26-de23-40c0-acd6-49ff7d7be521,segment=NetworkSegment(3af0e2fa-6790-4f37-a3a4-ca077190d890),segment_id=3af0e2fa-6790-4f37-a3a4-ca077190d890)] get_binding_level_objs /var/lib/kolla/venv/lib/python3.13/site-packages/neutron/plugins/ml2/db.py:74
2026-08-04 09:16:41.733 1115 DEBUG neutron.plugins.ml2.drivers.l2pop.mech_driver [None req-61cc2769-938a-454e-9fdd-7e081e40efb4 - - - - - -] host: primary, agent_active_ports: 1, refresh_tunnels: False update_port_up /var/lib/kolla/venv/lib/python3.13/site-packages/neutron/plugins/ml2/drivers/l2pop/mech_driver.py:292
2026-08-04 09:16:41.789 1115 DEBUG neutron.plugins.ml2.drivers.l2pop.rpc [None req-61cc2769-938a-454e-9fdd-7e081e40efb4 - - - - - -] Fanout notify l2population agents at q-agent-notifier the message add_fdb_entries with {'eb97a5f0-8b1a-41a4-9bed-900fd70a0ae7': {'segment_id': 328, 'network_type': 'vxlan', 'ports': {'192.0.2.1': [('00:00:00:00:00:00', '0.0.0.0'), PortInfo(mac_address='fa:16:3e:3a:ad:41', ip_address='10.100.0.2')]}}} _notification_fanout /var/lib/kolla/venv/lib/python3.13/site-packages/neutron/plugins/ml2/drivers/l2pop/rpc.py:41
2026-08-04 09:16:41.794 1115 DEBUG neutron_lib.callbacks.manager [None req-61cc2769-938a-454e-9fdd-7e081e40efb4 - - - - - -] Publish callbacks ['neutron.plugins.ml2.ovo_rpc._ObjectChangeHandler.handle_event-1689754', 'neutron.api.rpc.agentnotifiers.dhcp_rpc_agent_api.DhcpAgentNotifyAPI._native_event_send_dhcp_notification-1654658', 'neutron.plugins.ml2.plugin.SecurityGroupServerNotifierRpcMixin._notify_sg_on_port_change-1767672', 'neutron.db.l3_db.L3RpcNotifierMixin._notify_gateway_port_ip_changed-8733302887878', 'neutron.db.l3_dvrscheduler_db._notify_l3_agent_port_update-8733302323464', 'neutron.db.l3_hascheduler_db._notify_l3_agent_ha_port_update-8733302323504'] for port (3505bf26-de23-40c0-acd6-49ff7d7be521), after_update _notify_loop /var/lib/kolla/venv/lib/python3.13/site-packages/neutron_lib/callbacks/manager.py:184
2026-08-04 09:16:41.872 1115 DEBUG neutron.api.rpc.handlers.resources_rpc [None req-61cc2769-938a-454e-9fdd-7e081e40efb4 - - - - - -] Pushing event updated for resources: {'Port': ['ID=3505bf26-de23-40c0-acd6-49ff7d7be521,revision_number=4']} push /var/lib/kolla/venv/lib/python3.13/site-packages/neutron/api/rpc/handlers/resources_rpc.py:237
2026-08-04 09:16:42.009 1115 DEBUG neutron.plugins.ml2.db [None req-61cc2769-938a-454e-9fdd-7e081e40efb4 - - - - - -] For port 3505bf26-de23-40c0-acd6-49ff7d7be521, host primary, got binding levels [PortBindingLevel(driver='openvswitch',host='primary',level=0,port_id=3505bf26-de23-40c0-acd6-49ff7d7be521,segment=NetworkSegment(3af0e2fa-6790-4f37-a3a4-ca077190d890),segment_id=3af0e2fa-6790-4f37-a3a4-ca077190d890)] get_binding_level_objs /var/lib/kolla/venv/lib/python3.13/site-packages/neutron/plugins/ml2/db.py:74
2026-08-04 09:16:42.033 1115 DEBUG neutron.plugins.ml2.drivers.l2pop.mech_driver [None req-61cc2769-938a-454e-9fdd-7e081e40efb4 - - - - - -] host: primary, agent_active_ports: 1, refresh_tunnels: True update_port_up /var/lib/kolla/venv/lib/python3.13/site-packages/neutron/plugins/ml2/drivers/l2pop/mech_driver.py:292
2026-08-04 09:16:42.090 1115 DEBUG neutron.plugins.ml2.drivers.l2pop.rpc [None req-61cc2769-938a-454e-9fdd-7e081e40efb4 - - - - - -] Fanout notify l2population agents at q-agent-notifier the message add_fdb_entries with {'eb97a5f0-8b1a-41a4-9bed-900fd70a0ae7': {'segment_id': 328, 'network_type': 'vxlan', 'ports': {'192.0.2.1': [('00:00:00:00:00:00', '0.0.0.0'), PortInfo(mac_address='fa:16:3e:3a:ad:41', ip_address='10.100.0.2')]}}} _notification_fanout /var/lib/kolla/venv/lib/python3.13/site-packages/neutron/plugins/ml2/drivers/l2pop/rpc.py:41
2026-08-04 09:16:42.094 1115 DEBUG neutron.plugins.ml2.rpc [None req-61cc2769-938a-454e-9fdd-7e081e40efb4 - - - - - -] Network 70baa6c9-c561-43cc-8138-c7420db0469d details requested by agent ovs-agent-primary with host primary get_network_details /var/lib/kolla/venv/lib/python3.13/site-packages/neutron/plugins/ml2/rpc.py:247
2026-08-04 09:16:42.097 1115 DEBUG neutron.plugins.ml2.rpc [None req-61cc2769-938a-454e-9fdd-7e081e40efb4 - - - - - -] Device 9753f5b2-9609-4ea4-8b4f-9d172155ae46 up at agent ovs-agent-primary update_device_up /var/lib/kolla/venv/lib/python3.13/site-packages/neutron/plugins/ml2/rpc.py:295
2026-08-04 09:16:42.209 1115 DEBUG neutron.db.provisioning_blocks [None req-61cc2769-938a-454e-9fdd-7e081e40efb4 - - - - - -] Provisioning complete for port 9753f5b2-9609-4ea4-8b4f-9d172155ae46 triggered by entity L2. provisioning_complete /var/lib/kolla/venv/lib/python3.13/site-packages/neutron/db/provisioning_blocks.py:141
2026-08-04 09:16:42.209 1115 DEBUG neutron_lib.callbacks.manager [None req-61cc2769-938a-454e-9fdd-7e081e40efb4 - - - - - -] Publish callbacks ['neutron.plugins.ml2.plugin.Ml2Plugin._port_provisioned-103598'] for port (9753f5b2-9609-4ea4-8b4f-9d172155ae46), provisioning_complete _notify_loop /var/lib/kolla/venv/lib/python3.13/site-packages/neutron_lib/callbacks/manager.py:184
2026-08-04 09:16:42.209 1115 INFO neutron.plugins.ml2.plugin [None req-61cc2769-938a-454e-9fdd-7e081e40efb4 - - - - - -] Attempt 1 to provision port 9753f5b2-9609-4ea4-8b4f-9d172155ae46
2026-08-04 09:16:42.269 1115 DEBUG neutron.plugins.ml2.plugin [None req-61cc2769-938a-454e-9fdd-7e081e40efb4 - - - - - -] Current status of the port 9753f5b2-9609-4ea4-8b4f-9d172155ae46 is: DOWN; New status is: ACTIVE _update_individual_port_db_status /var/lib/kolla/venv/lib/python3.13/site-packages/neutron/plugins/ml2/plugin.py:2473
2026-08-04 09:16:42.276 1115 DEBUG neutron_lib.callbacks.manager [None req-61cc2769-938a-454e-9fdd-7e081e40efb4 - - - - - -] Publish callbacks ['neutron.plugins.ml2.plugin.SecurityGroupDbMixin._ensure_default_security_group_handler-1767786', 'neutron.db.l3_db.L3_NAT_dbonly_mixin._prevent_internal_ip_change_for_fip-8733302881334'] for port (9753f5b2-9609-4ea4-8b4f-9d172155ae46), before_update _notify_loop /var/lib/kolla/venv/lib/python3.13/site-packages/neutron_lib/callbacks/manager.py:184
2026-08-04 09:16:42.296 1115 DEBUG neutron.plugins.ml2.db [None req-61cc2769-938a-454e-9fdd-7e081e40efb4 - - - - - -] For port 9753f5b2-9609-4ea4-8b4f-9d172155ae46, host primary, got binding levels [PortBindingLevel(driver='openvswitch',host='primary',level=0,port_id=9753f5b2-9609-4ea4-8b4f-9d172155ae46,segment=NetworkSegment(5612566b-6ab2-445a-ab1d-0f7990fbfc29),segment_id=5612566b-6ab2-445a-ab1d-0f7990fbfc29)] get_binding_level_objs /var/lib/kolla/venv/lib/python3.13/site-packages/neutron/plugins/ml2/db.py:74
2026-08-04 09:16:42.345 1115 DEBUG neutron_lib.callbacks.manager [None req-61cc2769-938a-454e-9fdd-7e081e40efb4 - - - - - -] Publish callbacks ['neutron.plugins.ml2.ovo_rpc._ObjectChangeHandler.handle_event-1689754', 'neutron.api.rpc.agentnotifiers.dhcp_rpc_agent_api.DhcpAgentNotifyAPI._native_event_send_dhcp_notification-1654658', 'neutron.plugins.ml2.plugin.SecurityGroupServerNotifierRpcMixin._notify_sg_on_port_change-1767672', 'neutron.db.l3_db.L3RpcNotifierMixin._notify_gateway_port_ip_changed-8733302887878', 'neutron.db.l3_dvrscheduler_db._notify_l3_agent_port_update-8733302323464', 'neutron.db.l3_hascheduler_db._notify_l3_agent_ha_port_update-8733302323504'] for port (9753f5b2-9609-4ea4-8b4f-9d172155ae46), after_update _notify_loop /var/lib/kolla/venv/lib/python3.13/site-packages/neutron_lib/callbacks/manager.py:184
2026-08-04 09:16:42.378 1115 DEBUG neutron.api.rpc.handlers.resources_rpc [None req-61cc2769-938a-454e-9fdd-7e081e40efb4 - - - - - -] Pushing event updated for resources: {'Port': ['ID=9753f5b2-9609-4ea4-8b4f-9d172155ae46,revision_number=5']} push /var/lib/kolla/venv/lib/python3.13/site-packages/neutron/api/rpc/handlers/resources_rpc.py:237
2026-08-04 09:16:42.460 1115 DEBUG neutron.plugins.ml2.db [None req-61cc2769-938a-454e-9fdd-7e081e40efb4 - - - - - -] For port 9753f5b2-9609-4ea4-8b4f-9d172155ae46, host primary, got binding levels [PortBindingLevel(driver='openvswitch',host='primary',level=0,port_id=9753f5b2-9609-4ea4-8b4f-9d172155ae46,segment=NetworkSegment(5612566b-6ab2-445a-ab1d-0f7990fbfc29),segment_id=5612566b-6ab2-445a-ab1d-0f7990fbfc29)] get_binding_level_objs /var/lib/kolla/venv/lib/python3.13/site-packages/neutron/plugins/ml2/db.py:74
2026-08-04 09:16:42.474 1115 DEBUG neutron.plugins.ml2.rpc [None req-61cc2769-938a-454e-9fdd-7e081e40efb4 - - - - - -] Device 78417d8a-3f12-4c83-a78e-0d7deefee26d up at agent ovs-agent-primary update_device_up /var/lib/kolla/venv/lib/python3.13/site-packages/neutron/plugins/ml2/rpc.py:295
2026-08-04 09:16:42.520 1115 DEBUG neutron.db.provisioning_blocks [None req-61cc2769-938a-454e-9fdd-7e081e40efb4 - - - - - -] Provisioning complete for port 78417d8a-3f12-4c83-a78e-0d7deefee26d triggered by entity L2. provisioning_complete /var/lib/kolla/venv/lib/python3.13/site-packages/neutron/db/provisioning_blocks.py:141
2026-08-04 09:16:42.521 1115 DEBUG neutron_lib.callbacks.manager [None req-61cc2769-938a-454e-9fdd-7e081e40efb4 - - - - - -] Publish callbacks ['neutron.plugins.ml2.plugin.Ml2Plugin._port_provisioned-103598'] for port (78417d8a-3f12-4c83-a78e-0d7deefee26d), provisioning_complete _notify_loop /var/lib/kolla/venv/lib/python3.13/site-packages/neutron_lib/callbacks/manager.py:184
2026-08-04 09:16:42.521 1115 INFO neutron.plugins.ml2.plugin [None req-61cc2769-938a-454e-9fdd-7e081e40efb4 - - - - - -] Attempt 1 to provision port 78417d8a-3f12-4c83-a78e-0d7deefee26d
2026-08-04 09:16:42.532 1117 DEBUG neutron.plugins.ml2.rpc [None req-61cc2769-938a-454e-9fdd-7e081e40efb4 - - - - - -] Network 8b7aafc5-2302-41ae-8b2b-2a8798a5e0a3 details requested by agent ovs-agent-primary with host primary get_network_details /var/lib/kolla/venv/lib/python3.13/site-packages/neutron/plugins/ml2/rpc.py:247
2026-08-04 09:16:42.583 1115 DEBUG neutron.plugins.ml2.plugin [None req-61cc2769-938a-454e-9fdd-7e081e40efb4 - - - - - -] Current status of the port 78417d8a-3f12-4c83-a78e-0d7deefee26d is: DOWN; New status is: ACTIVE _update_individual_port_db_status /var/lib/kolla/venv/lib/python3.13/site-packages/neutron/plugins/ml2/plugin.py:2473
2026-08-04 09:16:42.584 1115 DEBUG neutron_lib.callbacks.manager [None req-61cc2769-938a-454e-9fdd-7e081e40efb4 - - - - - -] Publish callbacks ['neutron.plugins.ml2.plugin.SecurityGroupDbMixin._ensure_default_security_group_handler-1767786', 'neutron.db.l3_db.L3_NAT_dbonly_mixin._prevent_internal_ip_change_for_fip-8733302881334'] for port (78417d8a-3f12-4c83-a78e-0d7deefee26d), before_update _notify_loop /var/lib/kolla/venv/lib/python3.13/site-packages/neutron_lib/callbacks/manager.py:184
2026-08-04 09:16:42.606 1115 DEBUG neutron.plugins.ml2.db [None req-61cc2769-938a-454e-9fdd-7e081e40efb4 - - - - - -] For port 78417d8a-3f12-4c83-a78e-0d7deefee26d, host primary, got binding levels [PortBindingLevel(driver='openvswitch',host='primary',level=0,port_id=78417d8a-3f12-4c83-a78e-0d7deefee26d,segment=NetworkSegment(5612566b-6ab2-445a-ab1d-0f7990fbfc29),segment_id=5612566b-6ab2-445a-ab1d-0f7990fbfc29)] get_binding_level_objs /var/lib/kolla/venv/lib/python3.13/site-packages/neutron/plugins/ml2/db.py:74
2026-08-04 09:16:42.664 1115 DEBUG neutron_lib.callbacks.manager [None req-61cc2769-938a-454e-9fdd-7e081e40efb4 - - - - - -] Publish callbacks ['neutron.plugins.ml2.ovo_rpc._ObjectChangeHandler.handle_event-1689754', 'neutron.api.rpc.agentnotifiers.dhcp_rpc_agent_api.DhcpAgentNotifyAPI._native_event_send_dhcp_notification-1654658', 'neutron.plugins.ml2.plugin.SecurityGroupServerNotifierRpcMixin._notify_sg_on_port_change-1767672', 'neutron.db.l3_db.L3RpcNotifierMixin._notify_gateway_port_ip_changed-8733302887878', 'neutron.db.l3_dvrscheduler_db._notify_l3_agent_port_update-8733302323464', 'neutron.db.l3_hascheduler_db._notify_l3_agent_ha_port_update-8733302323504'] for port (78417d8a-3f12-4c83-a78e-0d7deefee26d), after_update _notify_loop /var/lib/kolla/venv/lib/python3.13/site-packages/neutron_lib/callbacks/manager.py:184
2026-08-04 09:16:42.699 1115 DEBUG neutron.api.rpc.handlers.resources_rpc [None req-61cc2769-938a-454e-9fdd-7e081e40efb4 - - - - - -] Pushing event updated for resources: {'Port': ['ID=78417d8a-3f12-4c83-a78e-0d7deefee26d,revision_number=5']} push /var/lib/kolla/venv/lib/python3.13/site-packages/neutron/api/rpc/handlers/resources_rpc.py:237
2026-08-04 09:16:42.793 1115 DEBUG neutron.plugins.ml2.db [None req-61cc2769-938a-454e-9fdd-7e081e40efb4 - - - - - -] For port 78417d8a-3f12-4c83-a78e-0d7deefee26d, host primary, got binding levels [PortBindingLevel(driver='openvswitch',host='primary',level=0,port_id=78417d8a-3f12-4c83-a78e-0d7deefee26d,segment=NetworkSegment(5612566b-6ab2-445a-ab1d-0f7990fbfc29),segment_id=5612566b-6ab2-445a-ab1d-0f7990fbfc29)] get_binding_level_objs /var/lib/kolla/venv/lib/python3.13/site-packages/neutron/plugins/ml2/db.py:74
2026-08-04 09:16:43.496 1115 DEBUG neutron.plugins.ml2.rpc [None req-61cc2769-938a-454e-9fdd-7e081e40efb4 - - - - - -] Device 3505bf26-de23-40c0-acd6-49ff7d7be521 up at agent ovs-agent-primary update_device_up /var/lib/kolla/venv/lib/python3.13/site-packages/neutron/plugins/ml2/rpc.py:295
2026-08-04 09:16:43.571 1115 DEBUG neutron.db.provisioning_blocks [None req-61cc2769-938a-454e-9fdd-7e081e40efb4 - - - - - -] Provisioning complete for port 3505bf26-de23-40c0-acd6-49ff7d7be521 triggered by entity L2. provisioning_complete /var/lib/kolla/venv/lib/python3.13/site-packages/neutron/db/provisioning_blocks.py:141
2026-08-04 09:16:43.572 1115 DEBUG neutron_lib.callbacks.manager [None req-61cc2769-938a-454e-9fdd-7e081e40efb4 - - - - - -] Publish callbacks ['neutron.plugins.ml2.plugin.Ml2Plugin._port_provisioned-103598'] for port (3505bf26-de23-40c0-acd6-49ff7d7be521), provisioning_complete _notify_loop /var/lib/kolla/venv/lib/python3.13/site-packages/neutron_lib/callbacks/manager.py:184
2026-08-04 09:16:43.572 1115 INFO neutron.plugins.ml2.plugin [None req-61cc2769-938a-454e-9fdd-7e081e40efb4 - - - - - -] Attempt 1 to provision port 3505bf26-de23-40c0-acd6-49ff7d7be521
2026-08-04 09:16:43.635 1115 DEBUG neutron.plugins.ml2.plugin [None req-61cc2769-938a-454e-9fdd-7e081e40efb4 - - - - - -] Current status of the port 3505bf26-de23-40c0-acd6-49ff7d7be521 is: ACTIVE; New status is: ACTIVE _update_individual_port_db_status /var/lib/kolla/venv/lib/python3.13/site-packages/neutron/plugins/ml2/plugin.py:2473
2026-08-04 09:16:43.740 1115 DEBUG neutron.plugins.ml2.db [None req-61cc2769-938a-454e-9fdd-7e081e40efb4 - - - - - -] For port 3505bf26-de23-40c0-acd6-49ff7d7be521, host primary, got binding levels [PortBindingLevel(driver='openvswitch',host='primary',level=0,port_id=3505bf26-de23-40c0-acd6-49ff7d7be521,segment=NetworkSegment(3af0e2fa-6790-4f37-a3a4-ca077190d890),segment_id=3af0e2fa-6790-4f37-a3a4-ca077190d890)] get_binding_level_objs /var/lib/kolla/venv/lib/python3.13/site-packages/neutron/plugins/ml2/db.py:74
2026-08-04 09:16:43.769 1115 DEBUG neutron.plugins.ml2.drivers.l2pop.mech_driver [None req-61cc2769-938a-454e-9fdd-7e081e40efb4 - - - - - -] host: primary, agent_active_ports: 1, refresh_tunnels: True update_port_up /var/lib/kolla/venv/lib/python3.13/site-packages/neutron/plugins/ml2/drivers/l2pop/mech_driver.py:292
2026-08-04 09:16:43.819 1115 DEBUG neutron.plugins.ml2.drivers.l2pop.rpc [None req-61cc2769-938a-454e-9fdd-7e081e40efb4 - - - - - -] Fanout notify l2population agents at q-agent-notifier the message add_fdb_entries with {'eb97a5f0-8b1a-41a4-9bed-900fd70a0ae7': {'segment_id': 328, 'network_type': 'vxlan', 'ports': {'192.0.2.1': [('00:00:00:00:00:00', '0.0.0.0'), PortInfo(mac_address='fa:16:3e:3a:ad:41', ip_address='10.100.0.2')]}}} _notification_fanout /var/lib/kolla/venv/lib/python3.13/site-packages/neutron/plugins/ml2/drivers/l2pop/rpc.py:41
2026-08-04 09:16:43.823 1115 DEBUG neutron.plugins.ml2.rpc [None req-61cc2769-938a-454e-9fdd-7e081e40efb4 - - - - - -] Device 78417d8a-3f12-4c83-a78e-0d7deefee26d up at agent ovs-agent-primary update_device_up /var/lib/kolla/venv/lib/python3.13/site-packages/neutron/plugins/ml2/rpc.py:295
2026-08-04 09:16:43.878 1115 DEBUG neutron.db.provisioning_blocks [None req-61cc2769-938a-454e-9fdd-7e081e40efb4 - - - - - -] Provisioning complete for port 78417d8a-3f12-4c83-a78e-0d7deefee26d triggered by entity L2. provisioning_complete /var/lib/kolla/venv/lib/python3.13/site-packages/neutron/db/provisioning_blocks.py:141
2026-08-04 09:16:43.878 1115 DEBUG neutron_lib.callbacks.manager [None req-61cc2769-938a-454e-9fdd-7e081e40efb4 - - - - - -] Publish callbacks ['neutron.plugins.ml2.plugin.Ml2Plugin._port_provisioned-103598'] for port (78417d8a-3f12-4c83-a78e-0d7deefee26d), provisioning_complete _notify_loop /var/lib/kolla/venv/lib/python3.13/site-packages/neutron_lib/callbacks/manager.py:184
2026-08-04 09:16:43.879 1115 INFO neutron.plugins.ml2.plugin [None req-61cc2769-938a-454e-9fdd-7e081e40efb4 - - - - - -] Attempt 1 to provision port 78417d8a-3f12-4c83-a78e-0d7deefee26d
2026-08-04 09:16:43.940 1115 DEBUG neutron.plugins.ml2.plugin [None req-61cc2769-938a-454e-9fdd-7e081e40efb4 - - - - - -] Current status of the port 78417d8a-3f12-4c83-a78e-0d7deefee26d is: ACTIVE; New status is: ACTIVE _update_individual_port_db_status /var/lib/kolla/venv/lib/python3.13/site-packages/neutron/plugins/ml2/plugin.py:2473
2026-08-04 09:16:43.955 1115 DEBUG neutron.api.rpc.handlers.l3_rpc [None req-b35b060f-99e3-4cce-9aa8-ee19e4bf210d - - - - - -] Sync routers for ids ['3fa18f21-7e01-419d-b5fc-1a60edf3ddaf'] in primary sync_routers /var/lib/kolla/venv/lib/python3.13/site-packages/neutron/api/rpc/handlers/l3_rpc.py:126
2026-08-04 09:16:43.985 1117 DEBUG neutron.api.rpc.handlers.dhcp_rpc [None req-97914b38-5d51-4303-98a9-bff844d0855a - - - - - -] Network eb97a5f0-8b1a-41a4-9bed-900fd70a0ae7 requested from primary get_network_info /var/lib/kolla/venv/lib/python3.13/site-packages/neutron/api/rpc/handlers/dhcp_rpc.py:190
2026-08-04 09:16:43.995 1115 DEBUG neutron.db.l3_dvrscheduler_db [None req-b35b060f-99e3-4cce-9aa8-ee19e4bf210d - - - - - -] Routers {'3fa18f21-7e01-419d-b5fc-1a60edf3ddaf'} bound to L3 agent in host primary _get_router_ids_for_agent /var/lib/kolla/venv/lib/python3.13/site-packages/neutron/db/l3_dvrscheduler_db.py:425
2026-08-04 09:16:43.995 1115 DEBUG neutron.db.l3_hamode_db [None req-b35b060f-99e3-4cce-9aa8-ee19e4bf210d - - - - - -] neutron.services.l3_router.l3_router_plugin.L3RouterPlugin method get_ha_sync_data_for_host called with arguments (, 'primary', Agent(admin_state_up=True,agent_type='L3 agent',availability_zone='nova',binary='neutron-l3-agent',configurations={"agent_mode": "legacy", "ex_gw_ports": 4, "extensions": [], "floating_ips": 0, "handle_internal_only_routers": true, "interface_driver": "openvswitch", "interfaces": 4, "log_agent_heartbeats": false, "routers": 4},created_at=2026-08-04T09:09:02Z,description=,heartbeat_timestamp=2026-08-04T09:16:32Z,host='primary',id=f877464e-9b8d-46cc-9a18-c2b8fddb989f,load=0,resource_versions=,resources_synced=,started_at=2026-08-04T09:09:02Z,topic='l3_agent')) {'router_ids': ['3fa18f21-7e01-419d-b5fc-1a60edf3ddaf'], 'active': True} wrapper /var/lib/kolla/venv/lib/python3.13/site-packages/oslo_log/helpers.py:77
2026-08-04 09:16:44.022 1117 DEBUG neutron.api.rpc.handlers.l3_rpc [None req-ca1926f3-a6ab-4c64-9c18-bece9d00d48f - - - - - -] Sync routers for ids ['dbd15279-eae7-4e09-892f-8bd6b8d3c031'] in primary sync_routers /var/lib/kolla/venv/lib/python3.13/site-packages/neutron/api/rpc/handlers/l3_rpc.py:126
2026-08-04 09:16:44.095 1117 DEBUG neutron.db.l3_dvrscheduler_db [None req-ca1926f3-a6ab-4c64-9c18-bece9d00d48f - - - - - -] Routers {'dbd15279-eae7-4e09-892f-8bd6b8d3c031'} bound to L3 agent in host primary _get_router_ids_for_agent /var/lib/kolla/venv/lib/python3.13/site-packages/neutron/db/l3_dvrscheduler_db.py:425
2026-08-04 09:16:44.098 1117 DEBUG neutron.db.l3_hamode_db [None req-ca1926f3-a6ab-4c64-9c18-bece9d00d48f - - - - - -] neutron.services.l3_router.l3_router_plugin.L3RouterPlugin method get_ha_sync_data_for_host called with arguments (, 'primary', Agent(admin_state_up=True,agent_type='L3 agent',availability_zone='nova',binary='neutron-l3-agent',configurations={"agent_mode": "legacy", "ex_gw_ports": 4, "extensions": [], "floating_ips": 0, "handle_internal_only_routers": true, "interface_driver": "openvswitch", "interfaces": 4, "log_agent_heartbeats": false, "routers": 4},created_at=2026-08-04T09:09:02Z,description=,heartbeat_timestamp=2026-08-04T09:16:32Z,host='primary',id=f877464e-9b8d-46cc-9a18-c2b8fddb989f,load=0,resource_versions=,resources_synced=,started_at=2026-08-04T09:09:02Z,topic='l3_agent')) {'router_ids': ['dbd15279-eae7-4e09-892f-8bd6b8d3c031'], 'active': True} wrapper /var/lib/kolla/venv/lib/python3.13/site-packages/oslo_log/helpers.py:77
2026-08-04 09:16:44.113 1115 DEBUG neutron.db.l3_dvr_db [None req-b35b060f-99e3-4cce-9aa8-ee19e4bf210d - - - - - -] Set router 3fa18f21-7e01-419d-b5fc-1a60edf3ddaf gateway port host: primary _build_routers_list /var/lib/kolla/venv/lib/python3.13/site-packages/neutron/db/l3_dvr_db.py:905
2026-08-04 09:16:44.135 1115 DEBUG neutron.plugins.ml2.db [None req-61cc2769-938a-454e-9fdd-7e081e40efb4 - - - - - -] For port 78417d8a-3f12-4c83-a78e-0d7deefee26d, host primary, got binding levels [PortBindingLevel(driver='openvswitch',host='primary',level=0,port_id=78417d8a-3f12-4c83-a78e-0d7deefee26d,segment=NetworkSegment(5612566b-6ab2-445a-ab1d-0f7990fbfc29),segment_id=5612566b-6ab2-445a-ab1d-0f7990fbfc29)] get_binding_level_objs /var/lib/kolla/venv/lib/python3.13/site-packages/neutron/plugins/ml2/db.py:74
2026-08-04 09:16:44.154 1115 DEBUG neutron.plugins.ml2.rpc [None req-61cc2769-938a-454e-9fdd-7e081e40efb4 - - - - - -] Device 9753f5b2-9609-4ea4-8b4f-9d172155ae46 up at agent ovs-agent-primary update_device_up /var/lib/kolla/venv/lib/python3.13/site-packages/neutron/plugins/ml2/rpc.py:295
2026-08-04 09:16:44.182 1117 DEBUG neutron.db.l3_dvr_db [None req-ca1926f3-a6ab-4c64-9c18-bece9d00d48f - - - - - -] Set router dbd15279-eae7-4e09-892f-8bd6b8d3c031 gateway port host: primary _build_routers_list /var/lib/kolla/venv/lib/python3.13/site-packages/neutron/db/l3_dvr_db.py:905
2026-08-04 09:16:44.253 1115 DEBUG neutron.db.provisioning_blocks [None req-61cc2769-938a-454e-9fdd-7e081e40efb4 - - - - - -] Provisioning complete for port 9753f5b2-9609-4ea4-8b4f-9d172155ae46 triggered by entity L2. provisioning_complete /var/lib/kolla/venv/lib/python3.13/site-packages/neutron/db/provisioning_blocks.py:141
2026-08-04 09:16:44.255 1115 DEBUG neutron_lib.callbacks.manager [None req-61cc2769-938a-454e-9fdd-7e081e40efb4 - - - - - -] Publish callbacks ['neutron.plugins.ml2.plugin.Ml2Plugin._port_provisioned-103598'] for port (9753f5b2-9609-4ea4-8b4f-9d172155ae46), provisioning_complete _notify_loop /var/lib/kolla/venv/lib/python3.13/site-packages/neutron_lib/callbacks/manager.py:184
2026-08-04 09:16:44.256 1115 INFO neutron.plugins.ml2.plugin [None req-61cc2769-938a-454e-9fdd-7e081e40efb4 - - - - - -] Attempt 1 to provision port 9753f5b2-9609-4ea4-8b4f-9d172155ae46
2026-08-04 09:16:44.311 1117 DEBUG neutron.db.l3_hamode_db [None req-ca1926f3-a6ab-4c64-9c18-bece9d00d48f - - - - - -] neutron.services.l3_router.l3_router_plugin.L3RouterPlugin method _process_sync_ha_data called with arguments (, [{'id': 'dbd15279-eae7-4e09-892f-8bd6b8d3c031', 'name': 'tempest-AttachInterfacesUnderV243Test-1183228563-router', 'project_id': 'e18dc8ee4cf34b958dfb42806b1abc1d', 'admin_state_up': True, 'status': 'ACTIVE', 'enable_snat': True, 'external_gateway_info': {'network_id': 'f3af6e8a-bb2c-4b77-9b9d-2e6571885544', 'external_fixed_ips': [{'subnet_id': 'a5dcf650-d5fc-4531-86e6-9f72637d2383', 'ip_address': '198.51.100.153'}], 'enable_snat': True}, 'gw_port_id': '78417d8a-3f12-4c83-a78e-0d7deefee26d', 'description': '', 'availability_zones': ['nova'], 'distributed': False, 'ha': False, 'ha_vr_id': 0, 'availability_zone_hints': [], 'enable_default_route_ecmp': False, 'enable_default_route_bfd': False, 'routes': [], 'flavor_id': None, 'tags': [], 'created_at': '2026-08-04T09:16:37Z', 'updated_at': '2026-08-04T09:16:39Z', 'revision_number': 3, 'tenant_id': 'e18dc8ee4cf34b958dfb42806b1abc1d', 'gw_port': {'id': '78417d8a-3f12-4c83-a78e-0d7deefee26d', 'name': '', 'network_id': 'f3af6e8a-bb2c-4b77-9b9d-2e6571885544', 'project_id': '', 'mac_address': 'fa:16:3e:56:3b:72', 'admin_state_up': True, 'status': 'ACTIVE', 'device_id': 'dbd15279-eae7-4e09-892f-8bd6b8d3c031', 'device_owner': 'network:router_gateway', 'standard_attr_id': 207, 'fixed_ips': [{'subnet_id': 'a5dcf650-d5fc-4531-86e6-9f72637d2383', 'ip_address': '198.51.100.153', 'prefixlen': 24}], 'allowed_address_pairs': [], 'extra_dhcp_opts': [], 'security_groups': [], 'description': '', 'binding:vnic_type': 'normal', 'binding:profile': {}, 'binding:host_id': 'primary', 'binding:vif_type': 'ovs', 'binding:vif_details': {'connectivity': 'l2', 'port_filter': True, 'ovs_hybrid_plug': True, 'ovs_create_tap': True, 'datapath_type': 'system', 'bridge_name': 'br-int', 'bound_drivers': {'0': 'openvswitch'}}, 'port_security_enabled': False, 'tags': [], 'created_at': '2026-08-04T09:16:38Z', 'updated_at': '2026-08-04T09:16:42Z', 'revision_number': 5, 'tenant_id': '', 'subnets': [{'id': 'a5dcf650-d5fc-4531-86e6-9f72637d2383', 'cidr': '198.51.100.0/24', 'gateway_ip': '198.51.100.1', 'dns_nameservers': [], 'ipv6_ra_mode': None, 'subnetpool_id': None}], 'extra_subnets': [], 'address_scopes': {4: None, 6: None}, 'mtu': 1450}, 'gw_port_host': 'primary', '_interfaces': [{'id': 'f1fe558a-e9f7-4276-bcd4-6a2285fe7154', 'name': '', 'network_id': 'c13e09ca-8a44-4e06-998f-b7967c0d4b4c', 'project_id': 'e18dc8ee4cf34b958dfb42806b1abc1d', 'mac_address': 'fa:16:3e:e6:5f:3c', 'admin_state_up': True, 'status': 'DOWN', 'device_id': 'dbd15279-eae7-4e09-892f-8bd6b8d3c031', 'device_owner': 'network:router_interface', 'standard_attr_id': 209, 'fixed_ips': [{'subnet_id': '9c7c903c-d713-44c1-a844-cabc968db2c6', 'ip_address': '10.100.0.1', 'prefixlen': 28}], 'allowed_address_pairs': [], 'extra_dhcp_opts': [], 'security_groups': [], 'description': '', 'binding:vnic_type': 'normal', 'binding:profile': {}, 'binding:host_id': '', 'binding:vif_type': 'unbound', 'binding:vif_details': {}, 'port_security_enabled': False, 'tags': [], 'created_at': '2026-08-04T09:16:39Z', 'updated_at': '2026-08-04T09:16:40Z', 'revision_number': 1, 'tenant_id': 'e18dc8ee4cf34b958dfb42806b1abc1d', 'subnets': [{'id': '9c7c903c-d713-44c1-a844-cabc968db2c6', 'cidr': '10.100.0.0/28', 'gateway_ip': '10.100.0.1', 'dns_nameservers': [], 'ipv6_ra_mode': None, 'subnetpool_id': None}], 'extra_subnets': [], 'address_scopes': {4: None, 6: None}, 'mtu': 1400}]}], 'primary', False) {} wrapper /var/lib/kolla/venv/lib/python3.13/site-packages/oslo_log/helpers.py:77
2026-08-04 09:16:44.336 1117 DEBUG neutron.api.rpc.handlers.l3_rpc [None req-ca1926f3-a6ab-4c64-9c18-bece9d00d48f - - - - - -] Checking router: dbd15279-eae7-4e09-892f-8bd6b8d3c031 for host: primary _ensure_host_set_on_ports /var/lib/kolla/venv/lib/python3.13/site-packages/neutron/api/rpc/handlers/l3_rpc.py:153
2026-08-04 09:16:44.336 1117 DEBUG neutron.api.rpc.handlers.l3_rpc [None req-ca1926f3-a6ab-4c64-9c18-bece9d00d48f - - - - - -] Updating router dbd15279-eae7-4e09-892f-8bd6b8d3c031 port f1fe558a-e9f7-4276-bcd4-6a2285fe7154 binding host primary _ensure_host_set_on_port /var/lib/kolla/venv/lib/python3.13/site-packages/neutron/api/rpc/handlers/l3_rpc.py:203
2026-08-04 09:16:44.364 1115 DEBUG neutron.db.l3_hamode_db [None req-b35b060f-99e3-4cce-9aa8-ee19e4bf210d - - - - - -] neutron.services.l3_router.l3_router_plugin.L3RouterPlugin method _process_sync_ha_data called with arguments (, [{'id': '3fa18f21-7e01-419d-b5fc-1a60edf3ddaf', 'name': 'tempest-ServerActionsTestJSON-91780832-router', 'project_id': 'add45aac1d70477fa8c0894f04eac875', 'admin_state_up': True, 'status': 'ACTIVE', 'enable_snat': True, 'external_gateway_info': {'network_id': 'f3af6e8a-bb2c-4b77-9b9d-2e6571885544', 'external_fixed_ips': [{'subnet_id': 'a5dcf650-d5fc-4531-86e6-9f72637d2383', 'ip_address': '198.51.100.164'}], 'enable_snat': True}, 'gw_port_id': '9753f5b2-9609-4ea4-8b4f-9d172155ae46', 'description': '', 'availability_zones': ['nova'], 'distributed': False, 'ha': False, 'ha_vr_id': 0, 'availability_zone_hints': [], 'enable_default_route_ecmp': False, 'enable_default_route_bfd': False, 'routes': [], 'flavor_id': None, 'tags': [], 'created_at': '2026-08-04T09:16:37Z', 'updated_at': '2026-08-04T09:16:39Z', 'revision_number': 3, 'tenant_id': 'add45aac1d70477fa8c0894f04eac875', 'gw_port': {'id': '9753f5b2-9609-4ea4-8b4f-9d172155ae46', 'name': '', 'network_id': 'f3af6e8a-bb2c-4b77-9b9d-2e6571885544', 'project_id': '', 'mac_address': 'fa:16:3e:99:27:26', 'admin_state_up': True, 'status': 'ACTIVE', 'device_id': '3fa18f21-7e01-419d-b5fc-1a60edf3ddaf', 'device_owner': 'network:router_gateway', 'standard_attr_id': 206, 'fixed_ips': [{'subnet_id': 'a5dcf650-d5fc-4531-86e6-9f72637d2383', 'ip_address': '198.51.100.164', 'prefixlen': 24}], 'allowed_address_pairs': [], 'extra_dhcp_opts': [], 'security_groups': [], 'description': '', 'binding:vnic_type': 'normal', 'binding:profile': {}, 'binding:host_id': 'primary', 'binding:vif_type': 'ovs', 'binding:vif_details': {'connectivity': 'l2', 'port_filter': True, 'ovs_hybrid_plug': True, 'ovs_create_tap': True, 'datapath_type': 'system', 'bridge_name': 'br-int', 'bound_drivers': {'0': 'openvswitch'}}, 'port_security_enabled': False, 'tags': [], 'created_at': '2026-08-04T09:16:37Z', 'updated_at': '2026-08-04T09:16:42Z', 'revision_number': 5, 'tenant_id': '', 'subnets': [{'id': 'a5dcf650-d5fc-4531-86e6-9f72637d2383', 'cidr': '198.51.100.0/24', 'gateway_ip': '198.51.100.1', 'dns_nameservers': [], 'ipv6_ra_mode': None, 'subnetpool_id': None}], 'extra_subnets': [], 'address_scopes': {4: None, 6: None}, 'mtu': 1450}, 'gw_port_host': 'primary', '_interfaces': [{'id': '51d2bac2-2c03-4bc0-929a-84c5ea11267f', 'name': '', 'network_id': 'eb97a5f0-8b1a-41a4-9bed-900fd70a0ae7', 'project_id': 'add45aac1d70477fa8c0894f04eac875', 'mac_address': 'fa:16:3e:6e:16:80', 'admin_state_up': True, 'status': 'DOWN', 'device_id': '3fa18f21-7e01-419d-b5fc-1a60edf3ddaf', 'device_owner': 'network:router_interface', 'standard_attr_id': 208, 'fixed_ips': [{'subnet_id': 'b0e76888-de99-4c23-8ae9-3ae68c67ebee', 'ip_address': '10.100.0.1', 'prefixlen': 28}], 'allowed_address_pairs': [], 'extra_dhcp_opts': [], 'security_groups': [], 'description': '', 'binding:vnic_type': 'normal', 'binding:profile': {}, 'binding:host_id': '', 'binding:vif_type': 'unbound', 'binding:vif_details': {}, 'port_security_enabled': False, 'tags': [], 'created_at': '2026-08-04T09:16:39Z', 'updated_at': '2026-08-04T09:16:40Z', 'revision_number': 1, 'tenant_id': 'add45aac1d70477fa8c0894f04eac875', 'subnets': [{'id': 'b0e76888-de99-4c23-8ae9-3ae68c67ebee', 'cidr': '10.100.0.0/28', 'gateway_ip': '10.100.0.1', 'dns_nameservers': [], 'ipv6_ra_mode': None, 'subnetpool_id': None}], 'extra_subnets': [], 'address_scopes': {4: None, 6: None}, 'mtu': 1400}]}], 'primary', False) {} wrapper /var/lib/kolla/venv/lib/python3.13/site-packages/oslo_log/helpers.py:77
2026-08-04 09:16:44.384 1117 DEBUG neutron_lib.callbacks.manager [None req-ca1926f3-a6ab-4c64-9c18-bece9d00d48f - - - - - -] Publish callbacks ['neutron.plugins.ml2.plugin.SecurityGroupDbMixin._ensure_default_security_group_handler-1767786', 'neutron.db.l3_db.L3_NAT_dbonly_mixin._prevent_internal_ip_change_for_fip-8733302881334'] for port (f1fe558a-e9f7-4276-bcd4-6a2285fe7154), before_update _notify_loop /var/lib/kolla/venv/lib/python3.13/site-packages/neutron_lib/callbacks/manager.py:184
2026-08-04 09:16:44.385 1115 DEBUG neutron.api.rpc.handlers.l3_rpc [None req-b35b060f-99e3-4cce-9aa8-ee19e4bf210d - - - - - -] Checking router: 3fa18f21-7e01-419d-b5fc-1a60edf3ddaf for host: primary _ensure_host_set_on_ports /var/lib/kolla/venv/lib/python3.13/site-packages/neutron/api/rpc/handlers/l3_rpc.py:153
2026-08-04 09:16:44.385 1115 DEBUG neutron.api.rpc.handlers.l3_rpc [None req-b35b060f-99e3-4cce-9aa8-ee19e4bf210d - - - - - -] Updating router 3fa18f21-7e01-419d-b5fc-1a60edf3ddaf port 51d2bac2-2c03-4bc0-929a-84c5ea11267f binding host primary _ensure_host_set_on_port /var/lib/kolla/venv/lib/python3.13/site-packages/neutron/api/rpc/handlers/l3_rpc.py:203
2026-08-04 09:16:44.416 1115 DEBUG neutron.plugins.ml2.plugin [None req-61cc2769-938a-454e-9fdd-7e081e40efb4 - - - - - -] Current status of the port 9753f5b2-9609-4ea4-8b4f-9d172155ae46 is: ACTIVE; New status is: ACTIVE _update_individual_port_db_status /var/lib/kolla/venv/lib/python3.13/site-packages/neutron/plugins/ml2/plugin.py:2473
2026-08-04 09:16:44.451 1115 DEBUG neutron_lib.callbacks.manager [None req-b35b060f-99e3-4cce-9aa8-ee19e4bf210d - - - - - -] Publish callbacks ['neutron.plugins.ml2.plugin.SecurityGroupDbMixin._ensure_default_security_group_handler-1767786', 'neutron.db.l3_db.L3_NAT_dbonly_mixin._prevent_internal_ip_change_for_fip-8733302881334'] for port (51d2bac2-2c03-4bc0-929a-84c5ea11267f), before_update _notify_loop /var/lib/kolla/venv/lib/python3.13/site-packages/neutron_lib/callbacks/manager.py:184
2026-08-04 09:16:44.596 1115 DEBUG neutron.plugins.ml2.db [None req-61cc2769-938a-454e-9fdd-7e081e40efb4 - - - - - -] For port 9753f5b2-9609-4ea4-8b4f-9d172155ae46, host primary, got binding levels [PortBindingLevel(driver='openvswitch',host='primary',level=0,port_id=9753f5b2-9609-4ea4-8b4f-9d172155ae46,segment=NetworkSegment(5612566b-6ab2-445a-ab1d-0f7990fbfc29),segment_id=5612566b-6ab2-445a-ab1d-0f7990fbfc29)] get_binding_level_objs /var/lib/kolla/venv/lib/python3.13/site-packages/neutron/plugins/ml2/db.py:74
2026-08-04 09:16:44.618 1117 DEBUG neutron_lib.callbacks.manager [None req-ca1926f3-a6ab-4c64-9c18-bece9d00d48f - - - - - -] Publish callbacks [] for port (f1fe558a-e9f7-4276-bcd4-6a2285fe7154), precommit_update _notify_loop /var/lib/kolla/venv/lib/python3.13/site-packages/neutron_lib/callbacks/manager.py:184
2026-08-04 09:16:44.625 1117 DEBUG neutron_lib.callbacks.manager [None req-ca1926f3-a6ab-4c64-9c18-bece9d00d48f - - - - - -] Publish callbacks ['neutron.plugins.ml2.ovo_rpc._ObjectChangeHandler.handle_event-1689754', 'neutron.api.rpc.agentnotifiers.dhcp_rpc_agent_api.DhcpAgentNotifyAPI._native_event_send_dhcp_notification-1654658', 'neutron.plugins.ml2.plugin.SecurityGroupServerNotifierRpcMixin._notify_sg_on_port_change-1767672', 'neutron.db.l3_db.L3RpcNotifierMixin._notify_gateway_port_ip_changed-8733302887878', 'neutron.db.l3_dvrscheduler_db._notify_l3_agent_port_update-8733302323464', 'neutron.db.l3_hascheduler_db._notify_l3_agent_ha_port_update-8733302323504'] for port (f1fe558a-e9f7-4276-bcd4-6a2285fe7154), after_update _notify_loop /var/lib/kolla/venv/lib/python3.13/site-packages/neutron_lib/callbacks/manager.py:184
2026-08-04 09:16:44.662 1115 DEBUG neutron_lib.callbacks.manager [None req-b35b060f-99e3-4cce-9aa8-ee19e4bf210d - - - - - -] Publish callbacks [] for port (51d2bac2-2c03-4bc0-929a-84c5ea11267f), precommit_update _notify_loop /var/lib/kolla/venv/lib/python3.13/site-packages/neutron_lib/callbacks/manager.py:184
2026-08-04 09:16:44.665 1117 DEBUG neutron.api.rpc.handlers.resources_rpc [None req-b8a5488c-35d5-488a-a58d-56e3c63344e0 - - - - - -] Pushing event updated for resources: {'Port': ['ID=f1fe558a-e9f7-4276-bcd4-6a2285fe7154,revision_number=2']} push /var/lib/kolla/venv/lib/python3.13/site-packages/neutron/api/rpc/handlers/resources_rpc.py:237
2026-08-04 09:16:44.667 1115 DEBUG neutron_lib.callbacks.manager [None req-b35b060f-99e3-4cce-9aa8-ee19e4bf210d - - - - - -] Publish callbacks ['neutron.plugins.ml2.ovo_rpc._ObjectChangeHandler.handle_event-1689754', 'neutron.api.rpc.agentnotifiers.dhcp_rpc_agent_api.DhcpAgentNotifyAPI._native_event_send_dhcp_notification-1654658', 'neutron.plugins.ml2.plugin.SecurityGroupServerNotifierRpcMixin._notify_sg_on_port_change-1767672', 'neutron.db.l3_db.L3RpcNotifierMixin._notify_gateway_port_ip_changed-8733302887878', 'neutron.db.l3_dvrscheduler_db._notify_l3_agent_port_update-8733302323464', 'neutron.db.l3_hascheduler_db._notify_l3_agent_ha_port_update-8733302323504'] for port (51d2bac2-2c03-4bc0-929a-84c5ea11267f), after_update _notify_loop /var/lib/kolla/venv/lib/python3.13/site-packages/neutron_lib/callbacks/manager.py:184
2026-08-04 09:16:44.695 1115 DEBUG neutron.api.rpc.handlers.resources_rpc [None req-8384f4ec-f71e-4da3-86f1-02a7c3183e09 - - - - - -] Pushing event updated for resources: {'Port': ['ID=51d2bac2-2c03-4bc0-929a-84c5ea11267f,revision_number=2']} push /var/lib/kolla/venv/lib/python3.13/site-packages/neutron/api/rpc/handlers/resources_rpc.py:237
2026-08-04 09:16:44.712 1117 DEBUG neutron.plugins.ml2.managers [None req-b8a5488c-35d5-488a-a58d-56e3c63344e0 - - - - - -] Attempting to bind port f1fe558a-e9f7-4276-bcd4-6a2285fe7154 on host primary for vnic_type normal with profile bind_port /var/lib/kolla/venv/lib/python3.13/site-packages/neutron/plugins/ml2/managers.py:865
2026-08-04 09:16:44.712 1117 DEBUG neutron.plugins.ml2.managers [None req-b8a5488c-35d5-488a-a58d-56e3c63344e0 - - - - - -] Attempting to bind port f1fe558a-e9f7-4276-bcd4-6a2285fe7154 by drivers openvswitch,l2population on host primary at level 0 using segments [{'id': 'd9be5260-4bea-41fd-8244-ddfb255cd191', 'network_type': 'vxlan', 'physical_network': None, 'segmentation_id': 352, 'network_id': 'c13e09ca-8a44-4e06-998f-b7967c0d4b4c'}] _bind_port_level /var/lib/kolla/venv/lib/python3.13/site-packages/neutron/plugins/ml2/managers.py:890
2026-08-04 09:16:44.712 1117 DEBUG neutron.plugins.ml2.drivers.mech_agent [None req-b8a5488c-35d5-488a-a58d-56e3c63344e0 - - - - - -] Attempting to bind port f1fe558a-e9f7-4276-bcd4-6a2285fe7154 on network c13e09ca-8a44-4e06-998f-b7967c0d4b4c bind_port /var/lib/kolla/venv/lib/python3.13/site-packages/neutron/plugins/ml2/drivers/mech_agent.py:98
2026-08-04 09:16:44.737 1115 DEBUG neutron.plugins.ml2.managers [None req-8384f4ec-f71e-4da3-86f1-02a7c3183e09 - - - - - -] Attempting to bind port 51d2bac2-2c03-4bc0-929a-84c5ea11267f on host primary for vnic_type normal with profile bind_port /var/lib/kolla/venv/lib/python3.13/site-packages/neutron/plugins/ml2/managers.py:865
2026-08-04 09:16:44.737 1115 DEBUG neutron.plugins.ml2.managers [None req-8384f4ec-f71e-4da3-86f1-02a7c3183e09 - - - - - -] Attempting to bind port 51d2bac2-2c03-4bc0-929a-84c5ea11267f by drivers openvswitch,l2population on host primary at level 0 using segments [{'id': '3af0e2fa-6790-4f37-a3a4-ca077190d890', 'network_type': 'vxlan', 'physical_network': None, 'segmentation_id': 328, 'network_id': 'eb97a5f0-8b1a-41a4-9bed-900fd70a0ae7'}] _bind_port_level /var/lib/kolla/venv/lib/python3.13/site-packages/neutron/plugins/ml2/managers.py:890
2026-08-04 09:16:44.738 1115 DEBUG neutron.plugins.ml2.drivers.mech_agent [None req-8384f4ec-f71e-4da3-86f1-02a7c3183e09 - - - - - -] Attempting to bind port 51d2bac2-2c03-4bc0-929a-84c5ea11267f on network eb97a5f0-8b1a-41a4-9bed-900fd70a0ae7 bind_port /var/lib/kolla/venv/lib/python3.13/site-packages/neutron/plugins/ml2/drivers/mech_agent.py:98
2026-08-04 09:16:44.750 1117 DEBUG neutron.plugins.ml2.drivers.mech_agent [None req-b8a5488c-35d5-488a-a58d-56e3c63344e0 - - - - - -] Checking agent: {'id': '8d198f4c-f6a1-408c-a8be-aa6e109f8391', 'agent_type': 'Open vSwitch agent', 'binary': 'neutron-openvswitch-agent', 'topic': 'N/A', 'host': 'primary', 'admin_state_up': True, 'created_at': datetime.datetime(2026, 8, 4, 9, 8, 55), 'started_at': datetime.datetime(2026, 8, 4, 9, 9, 25), 'heartbeat_timestamp': datetime.datetime(2026, 8, 4, 9, 16, 25), 'description': None, 'resources_synced': None, 'availability_zone': None, 'alive': True, 'configurations': {'arp_responder_enabled': True, 'baremetal_smartnic': False, 'bridge_mappings': {'physnet1': 'br-ex'}, 'datapath_type': 'system', 'devices': 0, 'enable_distributed_routing': False, 'extensions': [], 'in_distributed_mode': False, 'integration_bridge': 'br-int', 'l2_population': True, 'log_agent_heartbeats': False, 'ovs_capabilities': {'datapath_types': ['netdev', 'system'], 'iface_types': ['afxdp', 'afxdp-nonpmd', 'bareudp', 'erspan', 'geneve', 'gre', 'gtpu', 'internal', 'ip6erspan', 'ip6gre', 'lisp', 'patch', 'srv6', 'stt', 'system', 'tap', 'vxlan']}, 'ovs_hybrid_plug': True, 'resource_provider_bandwidths': {}, 'resource_provider_hypervisors': {'rp_tunnelled': 'primary', 'br-ex': 'primary'}, 'resource_provider_inventory_defaults': {'allocation_ratio': 1.0, 'min_unit': 1, 'step_size': 1, 'reserved': 0}, 'resource_provider_packet_processing_inventory_defaults': {'allocation_ratio': 1.0, 'min_unit': 1, 'step_size': 1, 'reserved': 0}, 'resource_provider_packet_processing_with_direction': {}, 'resource_provider_packet_processing_without_direction': {}, 'tunnel_types': ['vxlan'], 'tunneling_ip': '192.0.2.1', 'vhostuser_socket_dir': '/var/run/openvswitch'}, 'resource_versions': {'AddressGroup': '1.2', 'Agent': '1.1', 'ConntrackHelper': '1.0', 'LocalIPAssociation': '1.0', 'Log': '1.0', 'NDPProxy': '1.0', 'Network': '1.3', 'Port': '1.11', 'PortForwarding': '1.3', 'QosPolicy': '1.10', 'SecurityGroup': '1.6', 'SecurityGroupRule': '1.3', 'SubPort': '1.0', 'Subnet': '1.2', 'Trunk': '1.1'}, 'ha_chassis_priority': None} bind_port /var/lib/kolla/venv/lib/python3.13/site-packages/neutron/plugins/ml2/drivers/mech_agent.py:134
2026-08-04 09:16:44.751 1117 DEBUG neutron.plugins.ml2.drivers.mech_agent [None req-b8a5488c-35d5-488a-a58d-56e3c63344e0 - - - - - -] Checking segment: {'id': 'd9be5260-4bea-41fd-8244-ddfb255cd191', 'network_type': 'vxlan', 'physical_network': None, 'segmentation_id': 352, 'network_id': 'c13e09ca-8a44-4e06-998f-b7967c0d4b4c'} for mappings: {'physnet1': 'br-ex'} with network types: ['vxlan', 'local', 'flat', 'vlan'] check_segment_for_agent /var/lib/kolla/venv/lib/python3.13/site-packages/neutron/plugins/ml2/drivers/mech_agent.py:403
2026-08-04 09:16:44.751 1117 DEBUG neutron_lib.callbacks.manager [None req-b8a5488c-35d5-488a-a58d-56e3c63344e0 - - - - - -] Publish callbacks [] for ovs_bridge_name (None), before_read _notify_loop /var/lib/kolla/venv/lib/python3.13/site-packages/neutron_lib/callbacks/manager.py:184
2026-08-04 09:16:44.751 1117 DEBUG neutron.plugins.ml2.drivers.mech_agent [None req-b8a5488c-35d5-488a-a58d-56e3c63344e0 - - - - - -] Bound using segment: {'id': 'd9be5260-4bea-41fd-8244-ddfb255cd191', 'network_type': 'vxlan', 'physical_network': None, 'segmentation_id': 352, 'network_id': 'c13e09ca-8a44-4e06-998f-b7967c0d4b4c'} bind_port /var/lib/kolla/venv/lib/python3.13/site-packages/neutron/plugins/ml2/drivers/mech_agent.py:144
2026-08-04 09:16:44.752 1117 DEBUG neutron.plugins.ml2.managers [None req-b8a5488c-35d5-488a-a58d-56e3c63344e0 - - - - - -] Bound port: f1fe558a-e9f7-4276-bcd4-6a2285fe7154, host: primary, vif_type: ovs, vif_details: {"connectivity": "l2", "port_filter": true, "ovs_hybrid_plug": true, "ovs_create_tap": true, "datapath_type": "system", "bridge_name": "br-int"}, binding_levels: [{'bound_driver': 'openvswitch', 'bound_segment': {'id': 'd9be5260-4bea-41fd-8244-ddfb255cd191', 'network_type': 'vxlan', 'physical_network': None, 'segmentation_id': 352, 'network_id': 'c13e09ca-8a44-4e06-998f-b7967c0d4b4c'}}] _bind_port_level /var/lib/kolla/venv/lib/python3.13/site-packages/neutron/plugins/ml2/managers.py:1001
2026-08-04 09:16:44.752 1117 DEBUG neutron_lib.callbacks.manager [None req-b8a5488c-35d5-488a-a58d-56e3c63344e0 - - - - - -] Publish callbacks ['neutron.plugins.ml2.plugin.SecurityGroupDbMixin._ensure_default_security_group_handler-1767786', 'neutron.db.l3_db.L3_NAT_dbonly_mixin._prevent_internal_ip_change_for_fip-8733302881334'] for port (f1fe558a-e9f7-4276-bcd4-6a2285fe7154), before_update _notify_loop /var/lib/kolla/venv/lib/python3.13/site-packages/neutron_lib/callbacks/manager.py:184
