2026-08-04 09:16:09.290 1106 INFO nova.api.openstack.requestlog [None req-2662957d-9a57-4123-a2af-8fd6b45b5ef6 484a6e0db3d14a859b1d5dac7e63b8d0 f981c0c5194642ada67d4290b162cfc3 - - default default] 192.0.2.1 "GET /" status: 200 len: 371 microversion: - time: 0.008610
2026-08-04 09:16:11.298 1105 DEBUG nova.api.openstack.wsgi [None req-94c81b09-5430-498d-bdb4-7963856533cc 484a6e0db3d14a859b1d5dac7e63b8d0 f981c0c5194642ada67d4290b162cfc3 - - default default] Calling method '>' _process_stack /var/lib/kolla/venv/lib/python3.13/site-packages/nova/api/openstack/wsgi.py:551
2026-08-04 09:16:11.301 1105 INFO nova.api.openstack.requestlog [None req-94c81b09-5430-498d-bdb4-7963856533cc 484a6e0db3d14a859b1d5dac7e63b8d0 f981c0c5194642ada67d4290b162cfc3 - - default default] 192.0.2.1 "GET /" status: 200 len: 367 microversion: - time: 0.003089
2026-08-04 09:16:13.308 1105 DEBUG nova.api.openstack.wsgi [None req-94c81b09-5430-498d-bdb4-7963856533cc 484a6e0db3d14a859b1d5dac7e63b8d0 f981c0c5194642ada67d4290b162cfc3 - - default default] Calling method '>' _process_stack /var/lib/kolla/venv/lib/python3.13/site-packages/nova/api/openstack/wsgi.py:551
2026-08-04 09:16:13.312 1105 INFO nova.api.openstack.requestlog [None req-94c81b09-5430-498d-bdb4-7963856533cc 484a6e0db3d14a859b1d5dac7e63b8d0 f981c0c5194642ada67d4290b162cfc3 - - default default] 192.0.2.1 "GET /" status: 200 len: 367 microversion: - time: 0.004840
2026-08-04 09:16:13.969 1106 DEBUG nova.api.openstack.wsgi [None req-a007decb-79b2-4a7a-b253-cda84064095c bc08842fc0c744c3b379f864a42a87aa 7c0f32ad36a143039eb7679c056aed6d - - default default] Action: 'create', calling method: >, body: {"security_group": {"name": "tempest-SecurityGroupsTestJSON-securitygroup-1428578911", "description": "tempest-description-1536400471"}} _process_stack /var/lib/kolla/venv/lib/python3.13/site-packages/nova/api/openstack/wsgi.py:549
2026-08-04 09:16:13.977 1106 WARNING neutronclient.v2_0.client [None req-a007decb-79b2-4a7a-b253-cda84064095c bc08842fc0c744c3b379f864a42a87aa 7c0f32ad36a143039eb7679c056aed6d - - default default] The python binding code in neutronclient is deprecated in favor of OpenstackSDK, please use that as this will be removed in a future release.
2026-08-04 09:16:15.316 1105 DEBUG nova.api.openstack.wsgi [None req-94c81b09-5430-498d-bdb4-7963856533cc 484a6e0db3d14a859b1d5dac7e63b8d0 f981c0c5194642ada67d4290b162cfc3 - - default default] Calling method '>' _process_stack /var/lib/kolla/venv/lib/python3.13/site-packages/nova/api/openstack/wsgi.py:551
2026-08-04 09:16:15.320 1105 INFO nova.api.openstack.requestlog [None req-94c81b09-5430-498d-bdb4-7963856533cc 484a6e0db3d14a859b1d5dac7e63b8d0 f981c0c5194642ada67d4290b162cfc3 - - default default] 192.0.2.1 "GET /" status: 200 len: 367 microversion: - time: 0.003680
2026-08-04 09:16:16.595 1106 INFO nova.api.openstack.requestlog [None req-a007decb-79b2-4a7a-b253-cda84064095c bc08842fc0c744c3b379f864a42a87aa 7c0f32ad36a143039eb7679c056aed6d - - default default] 192.0.2.10 "POST /v2.1/os-security-groups" status: 200 len: 244 microversion: 2.1 time: 3.464734
2026-08-04 09:16:16.619 1105 DEBUG nova.api.openstack.wsgi [None req-96f8109a-291d-4a18-8517-cd527b066ac5 bc08842fc0c744c3b379f864a42a87aa 7c0f32ad36a143039eb7679c056aed6d - - default default] Action: 'create', calling method: >, body: {"security_group": {"name": "tempest-SecurityGroupsTestJSON-securitygroup-91334688", "description": "tempest-description-809647921"}} _process_stack /var/lib/kolla/venv/lib/python3.13/site-packages/nova/api/openstack/wsgi.py:549
2026-08-04 09:16:16.629 1105 WARNING neutronclient.v2_0.client [None req-96f8109a-291d-4a18-8517-cd527b066ac5 bc08842fc0c744c3b379f864a42a87aa 7c0f32ad36a143039eb7679c056aed6d - - default default] The python binding code in neutronclient is deprecated in favor of OpenstackSDK, please use that as this will be removed in a future release.
2026-08-04 09:16:17.328 1106 DEBUG nova.api.openstack.wsgi [None req-a007decb-79b2-4a7a-b253-cda84064095c bc08842fc0c744c3b379f864a42a87aa 7c0f32ad36a143039eb7679c056aed6d - - default default] Calling method '>' _process_stack /var/lib/kolla/venv/lib/python3.13/site-packages/nova/api/openstack/wsgi.py:551
2026-08-04 09:16:17.333 1106 INFO nova.api.openstack.requestlog [None req-a007decb-79b2-4a7a-b253-cda84064095c bc08842fc0c744c3b379f864a42a87aa 7c0f32ad36a143039eb7679c056aed6d - - default default] 192.0.2.1 "GET /" status: 200 len: 367 microversion: - time: 0.004771
2026-08-04 09:16:18.770 1105 INFO nova.api.openstack.requestlog [None req-96f8109a-291d-4a18-8517-cd527b066ac5 bc08842fc0c744c3b379f864a42a87aa 7c0f32ad36a143039eb7679c056aed6d - - default default] 192.0.2.10 "POST /v2.1/os-security-groups" status: 200 len: 241 microversion: 2.1 time: 2.158205
2026-08-04 09:16:18.876 1106 DEBUG nova.api.openstack.wsgi [None req-6155cf9e-810d-483d-88c1-88524d2ff217 4345dd8f1fa243af9ebb04df7457e5f2 2345537186da4c288f2cbf52ff9af2dd - - default default] Action: 'create', calling method: >, body: {"keypair": {"name": "tempest-keypair-2020332254", "public_key": "ecdsa-sha2-nistp384 AAAAE2VjZHNhLXNoYTItbmlzdHAzODQAAAAIbmlzdHAzODQAAABhBLFSgpuudLcinuKvy5W7C9henSrgFeSgiq1CU78+ruZ9XROkmexAwVbSuzAM+NVZpxPTxeY4bNlNxbg3PPRaddpgC150hb+A5RfA7UmMeOA4lTEJLCfzJbDchLBT+1IePg=="}} _process_stack /var/lib/kolla/venv/lib/python3.13/site-packages/nova/api/openstack/wsgi.py:549
2026-08-04 09:16:18.938 1106 DEBUG nova.quota [None req-6155cf9e-810d-483d-88c1-88524d2ff217 4345dd8f1fa243af9ebb04df7457e5f2 2345537186da4c288f2cbf52ff9af2dd - - default default] Getting quotas for project 2345537186da4c288f2cbf52ff9af2dd. Resources: {'key_pairs'} _get_quotas /var/lib/kolla/venv/lib/python3.13/site-packages/nova/quota.py:389
2026-08-04 09:16:18.941 1106 DEBUG nova.quota [None req-6155cf9e-810d-483d-88c1-88524d2ff217 4345dd8f1fa243af9ebb04df7457e5f2 2345537186da4c288f2cbf52ff9af2dd - - default default] Getting quotas for user 4345dd8f1fa243af9ebb04df7457e5f2 and project 2345537186da4c288f2cbf52ff9af2dd. Resources: {'key_pairs'} _get_quotas /var/lib/kolla/venv/lib/python3.13/site-packages/nova/quota.py:379
2026-08-04 09:16:18.972 1106 INFO nova.api.openstack.requestlog [None req-6155cf9e-810d-483d-88c1-88524d2ff217 4345dd8f1fa243af9ebb04df7457e5f2 2345537186da4c288f2cbf52ff9af2dd - - default default] 192.0.2.10 "POST /v2.1/os-keypairs" status: 200 len: 386 microversion: 2.1 time: 0.670214
2026-08-04 09:16:18.976 1106 DEBUG nova.api.openstack.wsgi [None req-e0874cf8-98b2-4627-9667-ba94edac9941 bc08842fc0c744c3b379f864a42a87aa 7c0f32ad36a143039eb7679c056aed6d - - default default] Action: 'create', calling method: >, body: {"security_group": {"name": "tempest-SecurityGroupsTestJSON-securitygroup-873104546", "description": "tempest-description-1906873254"}} _process_stack /var/lib/kolla/venv/lib/python3.13/site-packages/nova/api/openstack/wsgi.py:549
2026-08-04 09:16:18.978 1106 WARNING neutronclient.v2_0.client [None req-e0874cf8-98b2-4627-9667-ba94edac9941 bc08842fc0c744c3b379f864a42a87aa 7c0f32ad36a143039eb7679c056aed6d - - default default] The python binding code in neutronclient is deprecated in favor of OpenstackSDK, please use that as this will be removed in a future release.
2026-08-04 09:16:19.141 1105 DEBUG nova.api.openstack.wsgi [None req-e0e87056-b8d7-4703-8b0f-ad1592239e99 767ca745fd5c46858ed1fb722e10cb04 8f953e3990fe4fc193b016b8ccef4025 - - default default] Action: 'create', calling method: >, body: {"security_group": {"name": "tempest-SecurityGroupRulesTestJSON-securitygroup-1477951678", "description": "tempest-description-1294078522"}} _process_stack /var/lib/kolla/venv/lib/python3.13/site-packages/nova/api/openstack/wsgi.py:549
2026-08-04 09:16:19.144 1105 WARNING neutronclient.v2_0.client [None req-e0e87056-b8d7-4703-8b0f-ad1592239e99 767ca745fd5c46858ed1fb722e10cb04 8f953e3990fe4fc193b016b8ccef4025 - - default default] The python binding code in neutronclient is deprecated in favor of OpenstackSDK, please use that as this will be removed in a future release.
2026-08-04 09:16:19.189 1106 INFO nova.api.openstack.requestlog [None req-e0874cf8-98b2-4627-9667-ba94edac9941 bc08842fc0c744c3b379f864a42a87aa 7c0f32ad36a143039eb7679c056aed6d - - default default] 192.0.2.10 "POST /v2.1/os-security-groups" status: 200 len: 243 microversion: 2.1 time: 0.216092
2026-08-04 09:16:19.212 1106 DEBUG nova.api.openstack.wsgi [None req-17121f53-7767-4dd6-841c-329839dfb12d bc08842fc0c744c3b379f864a42a87aa 7c0f32ad36a143039eb7679c056aed6d - - default default] Calling method '>' _process_stack /var/lib/kolla/venv/lib/python3.13/site-packages/nova/api/openstack/wsgi.py:551
2026-08-04 09:16:19.217 1106 WARNING neutronclient.v2_0.client [None req-17121f53-7767-4dd6-841c-329839dfb12d bc08842fc0c744c3b379f864a42a87aa 7c0f32ad36a143039eb7679c056aed6d - - default default] The python binding code in neutronclient is deprecated in favor of OpenstackSDK, please use that as this will be removed in a future release.
2026-08-04 09:16:19.355 1105 INFO nova.api.openstack.requestlog [None req-e0e87056-b8d7-4703-8b0f-ad1592239e99 767ca745fd5c46858ed1fb722e10cb04 8f953e3990fe4fc193b016b8ccef4025 - - default default] 192.0.2.10 "POST /v2.1/os-security-groups" status: 200 len: 248 microversion: 2.1 time: 0.577525
2026-08-04 09:16:19.356 1105 DEBUG nova.api.openstack.wsgi [None req-e0e87056-b8d7-4703-8b0f-ad1592239e99 767ca745fd5c46858ed1fb722e10cb04 8f953e3990fe4fc193b016b8ccef4025 - - default default] Calling method '>' _process_stack /var/lib/kolla/venv/lib/python3.13/site-packages/nova/api/openstack/wsgi.py:551
2026-08-04 09:16:19.361 1105 INFO nova.api.openstack.requestlog [None req-e0e87056-b8d7-4703-8b0f-ad1592239e99 767ca745fd5c46858ed1fb722e10cb04 8f953e3990fe4fc193b016b8ccef4025 - - default default] 192.0.2.1 "GET /" status: 200 len: 367 microversion: - time: 0.004630
2026-08-04 09:16:19.371 1105 DEBUG nova.api.openstack.wsgi [None req-4f7f97e3-85c2-442c-a873-a31b03352a77 767ca745fd5c46858ed1fb722e10cb04 8f953e3990fe4fc193b016b8ccef4025 - - default default] Action: 'create', calling method: >, body: {"security_group_rule": {"parent_group_id": "9c9220d5-d702-435a-af61-bfbae10e1651", "ip_protocol": "tcp", "from_port": 22, "to_port": 22}} _process_stack /var/lib/kolla/venv/lib/python3.13/site-packages/nova/api/openstack/wsgi.py:549
2026-08-04 09:16:19.373 1105 WARNING neutronclient.v2_0.client [None req-4f7f97e3-85c2-442c-a873-a31b03352a77 767ca745fd5c46858ed1fb722e10cb04 8f953e3990fe4fc193b016b8ccef4025 - - default default] The python binding code in neutronclient is deprecated in favor of OpenstackSDK, please use that as this will be removed in a future release.
2026-08-04 09:16:19.404 1106 WARNING neutronclient.v2_0.client [None req-17121f53-7767-4dd6-841c-329839dfb12d bc08842fc0c744c3b379f864a42a87aa 7c0f32ad36a143039eb7679c056aed6d - - default default] The python binding code in neutronclient is deprecated in favor of OpenstackSDK, please use that as this will be removed in a future release.
2026-08-04 09:16:19.415 1105 WARNING neutronclient.v2_0.client [None req-4f7f97e3-85c2-442c-a873-a31b03352a77 767ca745fd5c46858ed1fb722e10cb04 8f953e3990fe4fc193b016b8ccef4025 - - default default] The python binding code in neutronclient is deprecated in favor of OpenstackSDK, please use that as this will be removed in a future release.
2026-08-04 09:16:19.457 1106 WARNING neutronclient.v2_0.client [None req-17121f53-7767-4dd6-841c-329839dfb12d bc08842fc0c744c3b379f864a42a87aa 7c0f32ad36a143039eb7679c056aed6d - - default default] The python binding code in neutronclient is deprecated in favor of OpenstackSDK, please use that as this will be removed in a future release.
2026-08-04 09:16:19.548 1106 INFO nova.api.openstack.requestlog [None req-17121f53-7767-4dd6-841c-329839dfb12d bc08842fc0c744c3b379f864a42a87aa 7c0f32ad36a143039eb7679c056aed6d - - default default] 192.0.2.10 "GET /v2.1/os-security-groups" status: 200 len: 1381 microversion: 2.1 time: 0.340914
2026-08-04 09:16:19.566 1106 DEBUG nova.api.openstack.wsgi [None req-33287721-6a67-4743-96eb-1657e0b996ae bc08842fc0c744c3b379f864a42a87aa 7c0f32ad36a143039eb7679c056aed6d - - default default] Calling method '>' _process_stack /var/lib/kolla/venv/lib/python3.13/site-packages/nova/api/openstack/wsgi.py:551
2026-08-04 09:16:19.567 1106 WARNING neutronclient.v2_0.client [None req-33287721-6a67-4743-96eb-1657e0b996ae bc08842fc0c744c3b379f864a42a87aa 7c0f32ad36a143039eb7679c056aed6d - - default default] The python binding code in neutronclient is deprecated in favor of OpenstackSDK, please use that as this will be removed in a future release.
2026-08-04 09:16:19.653 1105 INFO nova.api.openstack.requestlog [None req-4f7f97e3-85c2-442c-a873-a31b03352a77 767ca745fd5c46858ed1fb722e10cb04 8f953e3990fe4fc193b016b8ccef4025 - - default default] 192.0.2.10 "POST /v2.1/os-security-group-rules" status: 200 len: 232 microversion: 2.1 time: 0.285074
2026-08-04 09:16:19.683 1106 WARNING neutronclient.v2_0.client [None req-33287721-6a67-4743-96eb-1657e0b996ae bc08842fc0c744c3b379f864a42a87aa 7c0f32ad36a143039eb7679c056aed6d - - default default] The python binding code in neutronclient is deprecated in favor of OpenstackSDK, please use that as this will be removed in a future release.
2026-08-04 09:16:19.806 1106 INFO nova.api.openstack.requestlog [None req-33287721-6a67-4743-96eb-1657e0b996ae bc08842fc0c744c3b379f864a42a87aa 7c0f32ad36a143039eb7679c056aed6d - - default default] 192.0.2.10 "DELETE /v2.1/os-security-groups/f655f133-44d5-4d99-8c55-9cf73fc0ed86" status: 202 len: 0 microversion: 2.1 time: 0.242658
2026-08-04 09:16:19.811 1106 DEBUG nova.api.openstack.wsgi [None req-4dc755d5-ce62-48d2-8848-b32c4fd2c991 767ca745fd5c46858ed1fb722e10cb04 8f953e3990fe4fc193b016b8ccef4025 - - default default] Action: 'create', calling method: >, body: {"security_group": {"name": "tempest-SecurityGroupRulesTestJSON-securitygroup-994922438", "description": "tempest-description-1729835167"}} _process_stack /var/lib/kolla/venv/lib/python3.13/site-packages/nova/api/openstack/wsgi.py:549
2026-08-04 09:16:19.814 1106 WARNING neutronclient.v2_0.client [None req-4dc755d5-ce62-48d2-8848-b32c4fd2c991 767ca745fd5c46858ed1fb722e10cb04 8f953e3990fe4fc193b016b8ccef4025 - - default default] The python binding code in neutronclient is deprecated in favor of OpenstackSDK, please use that as this will be removed in a future release.
2026-08-04 09:16:19.989 1106 INFO nova.api.openstack.requestlog [None req-4dc755d5-ce62-48d2-8848-b32c4fd2c991 767ca745fd5c46858ed1fb722e10cb04 8f953e3990fe4fc193b016b8ccef4025 - - default default] 192.0.2.10 "POST /v2.1/os-security-groups" status: 200 len: 247 microversion: 2.1 time: 0.181193
2026-08-04 09:16:19.992 1106 DEBUG nova.api.openstack.wsgi [None req-b15d8ac9-5892-4a4f-8b37-eb377f0f0195 bc08842fc0c744c3b379f864a42a87aa 7c0f32ad36a143039eb7679c056aed6d - - default default] Calling method '>' _process_stack /var/lib/kolla/venv/lib/python3.13/site-packages/nova/api/openstack/wsgi.py:551
2026-08-04 09:16:19.994 1106 WARNING neutronclient.v2_0.client [None req-b15d8ac9-5892-4a4f-8b37-eb377f0f0195 bc08842fc0c744c3b379f864a42a87aa 7c0f32ad36a143039eb7679c056aed6d - - default default] The python binding code in neutronclient is deprecated in favor of OpenstackSDK, please use that as this will be removed in a future release.
2026-08-04 09:16:20.139 1105 DEBUG nova.api.openstack.wsgi [None req-3d472a4a-6e20-43ce-95e7-83dc8a9679a9 a98fea222da7436a8f3963821489bea7 44a15814335244f7ab94bcae30c7299d - - default default] Action: 'create', calling method: >, body: {"keypair": {"name": "tempest-keypair-224860445", "public_key": "ecdsa-sha2-nistp384 AAAAE2VjZHNhLXNoYTItbmlzdHAzODQAAAAIbmlzdHAzODQAAABhBA2hty7ti5DO2w8BLKSMhxHcCgQFFRe9JNXeQ26SlZz2E/HkxMoOGz9LX0kNoJG7Dta000d9U+Bu62Kly5EgiRCXqXAsEvlLAUwn1jh1jkXDnmkJTUuVpdkGQ9w/RYVD6w=="}} _process_stack /var/lib/kolla/venv/lib/python3.13/site-packages/nova/api/openstack/wsgi.py:549
2026-08-04 09:16:20.195 1105 DEBUG nova.quota [None req-3d472a4a-6e20-43ce-95e7-83dc8a9679a9 a98fea222da7436a8f3963821489bea7 44a15814335244f7ab94bcae30c7299d - - default default] Getting quotas for project 44a15814335244f7ab94bcae30c7299d. Resources: {'key_pairs'} _get_quotas /var/lib/kolla/venv/lib/python3.13/site-packages/nova/quota.py:389
2026-08-04 09:16:20.198 1105 DEBUG nova.quota [None req-3d472a4a-6e20-43ce-95e7-83dc8a9679a9 a98fea222da7436a8f3963821489bea7 44a15814335244f7ab94bcae30c7299d - - default default] Getting quotas for user a98fea222da7436a8f3963821489bea7 and project 44a15814335244f7ab94bcae30c7299d. Resources: {'key_pairs'} _get_quotas /var/lib/kolla/venv/lib/python3.13/site-packages/nova/quota.py:379
2026-08-04 09:16:20.214 1105 INFO nova.api.openstack.requestlog [None req-3d472a4a-6e20-43ce-95e7-83dc8a9679a9 a98fea222da7436a8f3963821489bea7 44a15814335244f7ab94bcae30c7299d - - default default] 192.0.2.10 "POST /v2.1/os-keypairs" status: 200 len: 385 microversion: 2.1 time: 0.558778
2026-08-04 09:16:20.217 1105 DEBUG nova.api.openstack.wsgi [None req-a83f9772-65cc-43b0-bba4-3b75b3b435b7 767ca745fd5c46858ed1fb722e10cb04 8f953e3990fe4fc193b016b8ccef4025 - - default default] Action: 'create', calling method: >, body: {"security_group_rule": {"parent_group_id": "4724e017-d95c-4542-b7e2-d3ac3326a2ae", "ip_protocol": "tcp", "from_port": 22, "to_port": 22}} _process_stack /var/lib/kolla/venv/lib/python3.13/site-packages/nova/api/openstack/wsgi.py:549
2026-08-04 09:16:20.220 1105 WARNING neutronclient.v2_0.client [None req-a83f9772-65cc-43b0-bba4-3b75b3b435b7 767ca745fd5c46858ed1fb722e10cb04 8f953e3990fe4fc193b016b8ccef4025 - - default default] The python binding code in neutronclient is deprecated in favor of OpenstackSDK, please use that as this will be removed in a future release.
2026-08-04 09:16:20.402 1106 DEBUG neutronclient.v2_0.client [None req-b15d8ac9-5892-4a4f-8b37-eb377f0f0195 bc08842fc0c744c3b379f864a42a87aa 7c0f32ad36a143039eb7679c056aed6d - - default default] Error message: {"NeutronError": {"type": "SecurityGroupNotFound", "message": "Security group f655f133-44d5-4d99-8c55-9cf73fc0ed86 does not exist", "detail": ""}} _handle_fault_response /var/lib/kolla/venv/lib/python3.13/site-packages/neutronclient/v2_0/client.py:265
2026-08-04 09:16:20.404 1106 DEBUG nova.network.security_group_api [None req-b15d8ac9-5892-4a4f-8b37-eb377f0f0195 bc08842fc0c744c3b379f864a42a87aa 7c0f32ad36a143039eb7679c056aed6d - - default default] Neutron security group f655f133-44d5-4d99-8c55-9cf73fc0ed86 not found get /var/lib/kolla/venv/lib/python3.13/site-packages/nova/network/security_group_api.py:300
2026-08-04 09:16:20.405 1106 INFO nova.api.openstack.wsgi [None req-b15d8ac9-5892-4a4f-8b37-eb377f0f0195 bc08842fc0c744c3b379f864a42a87aa 7c0f32ad36a143039eb7679c056aed6d - - default default] HTTP exception thrown: Security group f655f133-44d5-4d99-8c55-9cf73fc0ed86 does not exist Neutron server returns request_ids: ['req-0f159284-75c9-4d1f-885e-8019754f76c2']
2026-08-04 09:16:20.405 1106 DEBUG nova.api.openstack.wsgi [None req-b15d8ac9-5892-4a4f-8b37-eb377f0f0195 bc08842fc0c744c3b379f864a42a87aa 7c0f32ad36a143039eb7679c056aed6d - - default default] Returning 404 to user: Security group f655f133-44d5-4d99-8c55-9cf73fc0ed86 does not exist Neutron server returns request_ids: ['req-0f159284-75c9-4d1f-885e-8019754f76c2'] __call__ /var/lib/kolla/venv/lib/python3.13/site-packages/nova/api/openstack/wsgi.py:908
2026-08-04 09:16:20.406 1106 INFO nova.api.openstack.requestlog [None req-b15d8ac9-5892-4a4f-8b37-eb377f0f0195 bc08842fc0c744c3b379f864a42a87aa 7c0f32ad36a143039eb7679c056aed6d - - default default] 192.0.2.10 "GET /v2.1/os-security-groups/f655f133-44d5-4d99-8c55-9cf73fc0ed86" status: 404 len: 194 microversion: 2.1 time: 0.416113
2026-08-04 09:16:20.425 1106 DEBUG nova.api.openstack.wsgi [None req-f1c3364f-31be-4079-b5d4-39dce0ae1773 bc08842fc0c744c3b379f864a42a87aa 7c0f32ad36a143039eb7679c056aed6d - - default default] Calling method '>' _process_stack /var/lib/kolla/venv/lib/python3.13/site-packages/nova/api/openstack/wsgi.py:551
2026-08-04 09:16:20.427 1106 WARNING neutronclient.v2_0.client [None req-f1c3364f-31be-4079-b5d4-39dce0ae1773 bc08842fc0c744c3b379f864a42a87aa 7c0f32ad36a143039eb7679c056aed6d - - default default] The python binding code in neutronclient is deprecated in favor of OpenstackSDK, please use that as this will be removed in a future release.
2026-08-04 09:16:20.435 1105 WARNING neutronclient.v2_0.client [None req-a83f9772-65cc-43b0-bba4-3b75b3b435b7 767ca745fd5c46858ed1fb722e10cb04 8f953e3990fe4fc193b016b8ccef4025 - - default default] The python binding code in neutronclient is deprecated in favor of OpenstackSDK, please use that as this will be removed in a future release.
2026-08-04 09:16:20.576 1106 WARNING neutronclient.v2_0.client [None req-f1c3364f-31be-4079-b5d4-39dce0ae1773 bc08842fc0c744c3b379f864a42a87aa 7c0f32ad36a143039eb7679c056aed6d - - default default] The python binding code in neutronclient is deprecated in favor of OpenstackSDK, please use that as this will be removed in a future release.
2026-08-04 09:16:20.655 1105 INFO nova.api.openstack.requestlog [None req-a83f9772-65cc-43b0-bba4-3b75b3b435b7 767ca745fd5c46858ed1fb722e10cb04 8f953e3990fe4fc193b016b8ccef4025 - - default default] 192.0.2.10 "POST /v2.1/os-security-group-rules" status: 200 len: 232 microversion: 2.1 time: 0.440463
2026-08-04 09:16:20.674 1105 DEBUG nova.api.openstack.wsgi [None req-8327f70b-920d-4b1f-b1bb-61f4975788f5 767ca745fd5c46858ed1fb722e10cb04 8f953e3990fe4fc193b016b8ccef4025 - - default default] Action: 'create', calling method: >, body: {"security_group_rule": {"parent_group_id": "4724e017-d95c-4542-b7e2-d3ac3326a2ae", "ip_protocol": "icmp", "from_port": -1, "to_port": -1}} _process_stack /var/lib/kolla/venv/lib/python3.13/site-packages/nova/api/openstack/wsgi.py:549
2026-08-04 09:16:20.676 1105 WARNING neutronclient.v2_0.client [None req-8327f70b-920d-4b1f-b1bb-61f4975788f5 767ca745fd5c46858ed1fb722e10cb04 8f953e3990fe4fc193b016b8ccef4025 - - default default] The python binding code in neutronclient is deprecated in favor of OpenstackSDK, please use that as this will be removed in a future release.
2026-08-04 09:16:20.880 1106 INFO nova.api.openstack.requestlog [None req-f1c3364f-31be-4079-b5d4-39dce0ae1773 bc08842fc0c744c3b379f864a42a87aa 7c0f32ad36a143039eb7679c056aed6d - - default default] 192.0.2.10 "DELETE /v2.1/os-security-groups/05499739-62b3-4a9f-91db-b15a440ae5f4" status: 202 len: 0 microversion: 2.1 time: 0.457250
2026-08-04 09:16:20.895 1106 DEBUG nova.api.openstack.wsgi [None req-3db4b18f-f3a1-436d-a999-88c0c07c2732 bc08842fc0c744c3b379f864a42a87aa 7c0f32ad36a143039eb7679c056aed6d - - default default] Calling method '>' _process_stack /var/lib/kolla/venv/lib/python3.13/site-packages/nova/api/openstack/wsgi.py:551
2026-08-04 09:16:20.897 1106 WARNING neutronclient.v2_0.client [None req-3db4b18f-f3a1-436d-a999-88c0c07c2732 bc08842fc0c744c3b379f864a42a87aa 7c0f32ad36a143039eb7679c056aed6d - - default default] The python binding code in neutronclient is deprecated in favor of OpenstackSDK, please use that as this will be removed in a future release.
2026-08-04 09:16:20.913 1105 WARNING neutronclient.v2_0.client [None req-8327f70b-920d-4b1f-b1bb-61f4975788f5 767ca745fd5c46858ed1fb722e10cb04 8f953e3990fe4fc193b016b8ccef4025 - - default default] The python binding code in neutronclient is deprecated in favor of OpenstackSDK, please use that as this will be removed in a future release.
2026-08-04 09:16:21.069 1106 DEBUG neutronclient.v2_0.client [None req-3db4b18f-f3a1-436d-a999-88c0c07c2732 bc08842fc0c744c3b379f864a42a87aa 7c0f32ad36a143039eb7679c056aed6d - - default default] Error message: {"NeutronError": {"type": "SecurityGroupNotFound", "message": "Security group 05499739-62b3-4a9f-91db-b15a440ae5f4 does not exist", "detail": ""}} _handle_fault_response /var/lib/kolla/venv/lib/python3.13/site-packages/neutronclient/v2_0/client.py:265
2026-08-04 09:16:21.070 1106 DEBUG nova.network.security_group_api [None req-3db4b18f-f3a1-436d-a999-88c0c07c2732 bc08842fc0c744c3b379f864a42a87aa 7c0f32ad36a143039eb7679c056aed6d - - default default] Neutron security group 05499739-62b3-4a9f-91db-b15a440ae5f4 not found get /var/lib/kolla/venv/lib/python3.13/site-packages/nova/network/security_group_api.py:300
2026-08-04 09:16:21.070 1106 INFO nova.api.openstack.wsgi [None req-3db4b18f-f3a1-436d-a999-88c0c07c2732 bc08842fc0c744c3b379f864a42a87aa 7c0f32ad36a143039eb7679c056aed6d - - default default] HTTP exception thrown: Security group 05499739-62b3-4a9f-91db-b15a440ae5f4 does not exist Neutron server returns request_ids: ['req-af48f5fb-1c09-4b21-86db-fcdd50fa5c73']
2026-08-04 09:16:21.070 1106 DEBUG nova.api.openstack.wsgi [None req-3db4b18f-f3a1-436d-a999-88c0c07c2732 bc08842fc0c744c3b379f864a42a87aa 7c0f32ad36a143039eb7679c056aed6d - - default default] Returning 404 to user: Security group 05499739-62b3-4a9f-91db-b15a440ae5f4 does not exist Neutron server returns request_ids: ['req-af48f5fb-1c09-4b21-86db-fcdd50fa5c73'] __call__ /var/lib/kolla/venv/lib/python3.13/site-packages/nova/api/openstack/wsgi.py:908
2026-08-04 09:16:21.070 1106 INFO nova.api.openstack.requestlog [None req-3db4b18f-f3a1-436d-a999-88c0c07c2732 bc08842fc0c744c3b379f864a42a87aa 7c0f32ad36a143039eb7679c056aed6d - - default default] 192.0.2.10 "GET /v2.1/os-security-groups/05499739-62b3-4a9f-91db-b15a440ae5f4" status: 404 len: 194 microversion: 2.1 time: 0.178331
2026-08-04 09:16:21.087 1106 DEBUG nova.api.openstack.wsgi [None req-5b7c8c6c-e46c-49fa-8f6e-8141b643a173 bc08842fc0c744c3b379f864a42a87aa 7c0f32ad36a143039eb7679c056aed6d - - default default] Calling method '>' _process_stack /var/lib/kolla/venv/lib/python3.13/site-packages/nova/api/openstack/wsgi.py:551
2026-08-04 09:16:21.097 1106 WARNING neutronclient.v2_0.client [None req-5b7c8c6c-e46c-49fa-8f6e-8141b643a173 bc08842fc0c744c3b379f864a42a87aa 7c0f32ad36a143039eb7679c056aed6d - - default default] The python binding code in neutronclient is deprecated in favor of OpenstackSDK, please use that as this will be removed in a future release.
2026-08-04 09:16:21.213 1105 INFO nova.api.openstack.requestlog [None req-8327f70b-920d-4b1f-b1bb-61f4975788f5 767ca745fd5c46858ed1fb722e10cb04 8f953e3990fe4fc193b016b8ccef4025 - - default default] 192.0.2.10 "POST /v2.1/os-security-group-rules" status: 200 len: 233 microversion: 2.1 time: 0.541661
2026-08-04 09:16:21.219 1105 DEBUG nova.api.openstack.wsgi [None req-f1ace21c-66ea-4ad8-8708-aa5265f1a9d3 4345dd8f1fa243af9ebb04df7457e5f2 2345537186da4c288f2cbf52ff9af2dd - - default default] Action: 'create', calling method: >, body: {"server": {"name": "tempest-ServersTestManualDisk-server-1994274696", "imageRef": "eb14e975-7fd8-4f37-9fc3-c700026fe602", "flavorRef": "7", "metadata": {"hello": "world"}, "accessIPv4": "1.1.1.1", "accessIPv6": "0000:0000:0000:0000:0000:babe:220.12.22.2", "adminPass": "***", "networks": [{"uuid": "f4be99a3-82fa-4819-97d6-8be5f292385e"}], "security_groups": [{"name": "tempest-securitygroup--691128060"}], "key_name": "tempest-keypair-2020332254", "user_data": "IyEvYmluL3NoCmVjaG8gIlByaW50aW5nIGNpcnJvcyB1c2VyIGF1dGhvcml6ZWQga2V5cyIKY2F0IH5jaXJyb3MvLnNzaC9hdXRob3JpemVkX2tleXMgfHwgdHJ1ZQo=", "OS-DCF:diskConfig": "}} _process_stack /var/lib/kolla/venv/lib/python3.13/site-packages/nova/api/openstack/wsgi.py:549
2026-08-04 09:16:21.334 1105 DEBUG oslo_concurrency.lockutils [None req-f1ace21c-66ea-4ad8-8708-aa5265f1a9d3 4345dd8f1fa243af9ebb04df7457e5f2 2345537186da4c288f2cbf52ff9af2dd - - default default] Acquiring lock "00000000-0000-0000-0000-000000000000" by "nova.context.set_target_cell..get_or_set_cached_cell_and_set_connections" inner /var/lib/kolla/venv/lib/python3.13/site-packages/oslo_concurrency/lockutils.py:512
2026-08-04 09:16:21.334 1105 DEBUG oslo_concurrency.lockutils [None req-f1ace21c-66ea-4ad8-8708-aa5265f1a9d3 4345dd8f1fa243af9ebb04df7457e5f2 2345537186da4c288f2cbf52ff9af2dd - - default default] Lock "00000000-0000-0000-0000-000000000000" acquired by "nova.context.set_target_cell..get_or_set_cached_cell_and_set_connections" :: waited 0.000s inner /var/lib/kolla/venv/lib/python3.13/site-packages/oslo_concurrency/lockutils.py:525
2026-08-04 09:16:21.334 1105 DEBUG oslo_concurrency.lockutils [None req-f1ace21c-66ea-4ad8-8708-aa5265f1a9d3 4345dd8f1fa243af9ebb04df7457e5f2 2345537186da4c288f2cbf52ff9af2dd - - default default] Lock "00000000-0000-0000-0000-000000000000" "released" by "nova.context.set_target_cell..get_or_set_cached_cell_and_set_connections" :: held 0.000s inner /var/lib/kolla/venv/lib/python3.13/site-packages/oslo_concurrency/lockutils.py:544
2026-08-04 09:16:21.335 1105 DEBUG oslo_concurrency.lockutils [None req-f1ace21c-66ea-4ad8-8708-aa5265f1a9d3 4345dd8f1fa243af9ebb04df7457e5f2 2345537186da4c288f2cbf52ff9af2dd - - default default] Acquiring lock "b3fe5f5a-374f-40c2-960f-0fe2695b654a" by "nova.context.set_target_cell..get_or_set_cached_cell_and_set_connections" inner /var/lib/kolla/venv/lib/python3.13/site-packages/oslo_concurrency/lockutils.py:512
2026-08-04 09:16:21.335 1105 DEBUG oslo_concurrency.lockutils [None req-f1ace21c-66ea-4ad8-8708-aa5265f1a9d3 4345dd8f1fa243af9ebb04df7457e5f2 2345537186da4c288f2cbf52ff9af2dd - - default default] Lock "b3fe5f5a-374f-40c2-960f-0fe2695b654a" acquired by "nova.context.set_target_cell..get_or_set_cached_cell_and_set_connections" :: waited 0.000s inner /var/lib/kolla/venv/lib/python3.13/site-packages/oslo_concurrency/lockutils.py:525
2026-08-04 09:16:21.335 1105 DEBUG oslo_concurrency.lockutils [None req-f1ace21c-66ea-4ad8-8708-aa5265f1a9d3 4345dd8f1fa243af9ebb04df7457e5f2 2345537186da4c288f2cbf52ff9af2dd - - default default] Lock "b3fe5f5a-374f-40c2-960f-0fe2695b654a" "released" by "nova.context.set_target_cell..get_or_set_cached_cell_and_set_connections" :: held 0.000s inner /var/lib/kolla/venv/lib/python3.13/site-packages/oslo_concurrency/lockutils.py:544
2026-08-04 09:16:21.387 1105 WARNING neutronclient.v2_0.client [None req-f1ace21c-66ea-4ad8-8708-aa5265f1a9d3 4345dd8f1fa243af9ebb04df7457e5f2 2345537186da4c288f2cbf52ff9af2dd - - default default] The python binding code in neutronclient is deprecated in favor of OpenstackSDK, please use that as this will be removed in a future release.
2026-08-04 09:16:21.943 1106 WARNING neutronclient.v2_0.client [None req-5b7c8c6c-e46c-49fa-8f6e-8141b643a173 bc08842fc0c744c3b379f864a42a87aa 7c0f32ad36a143039eb7679c056aed6d - - default default] The python binding code in neutronclient is deprecated in favor of OpenstackSDK, please use that as this will be removed in a future release.
2026-08-04 09:16:21.984 1105 DEBUG nova.network.neutron [None req-f1ace21c-66ea-4ad8-8708-aa5265f1a9d3 4345dd8f1fa243af9ebb04df7457e5f2 2345537186da4c288f2cbf52ff9af2dd - - default default] validate_networks() for [('f4be99a3-82fa-4819-97d6-8be5f292385e', None, None, None, None, None)] validate_networks /var/lib/kolla/venv/lib/python3.13/site-packages/nova/network/neutron.py:2686
2026-08-04 09:16:21.984 1105 WARNING neutronclient.v2_0.client [None req-f1ace21c-66ea-4ad8-8708-aa5265f1a9d3 4345dd8f1fa243af9ebb04df7457e5f2 2345537186da4c288f2cbf52ff9af2dd - - default default] The python binding code in neutronclient is deprecated in favor of OpenstackSDK, please use that as this will be removed in a future release.
2026-08-04 09:16:22.085 1106 INFO nova.api.openstack.requestlog [None req-5b7c8c6c-e46c-49fa-8f6e-8141b643a173 bc08842fc0c744c3b379f864a42a87aa 7c0f32ad36a143039eb7679c056aed6d - - default default] 192.0.2.10 "DELETE /v2.1/os-security-groups/e6f43bd5-2e78-4c48-941d-b649178e4c14" status: 202 len: 0 microversion: 2.1 time: 1.002063
2026-08-04 09:16:22.089 1106 DEBUG nova.api.openstack.wsgi [None req-7261658e-2b76-4905-b6bd-4fc1ee9b603c 767ca745fd5c46858ed1fb722e10cb04 8f953e3990fe4fc193b016b8ccef4025 - - default default] Calling method '>' _process_stack /var/lib/kolla/venv/lib/python3.13/site-packages/nova/api/openstack/wsgi.py:551
2026-08-04 09:16:22.091 1106 WARNING neutronclient.v2_0.client [None req-7261658e-2b76-4905-b6bd-4fc1ee9b603c 767ca745fd5c46858ed1fb722e10cb04 8f953e3990fe4fc193b016b8ccef4025 - - default default] The python binding code in neutronclient is deprecated in favor of OpenstackSDK, please use that as this will be removed in a future release.
2026-08-04 09:16:22.316 1106 INFO nova.api.openstack.requestlog [None req-7261658e-2b76-4905-b6bd-4fc1ee9b603c 767ca745fd5c46858ed1fb722e10cb04 8f953e3990fe4fc193b016b8ccef4025 - - default default] 192.0.2.10 "GET /v2.1/os-security-groups/4724e017-d95c-4542-b7e2-d3ac3326a2ae" status: 200 len: 664 microversion: 2.1 time: 0.230055
2026-08-04 09:16:22.317 1106 DEBUG nova.api.openstack.wsgi [None req-7261658e-2b76-4905-b6bd-4fc1ee9b603c 767ca745fd5c46858ed1fb722e10cb04 8f953e3990fe4fc193b016b8ccef4025 - - default default] Calling method '>' _process_stack /var/lib/kolla/venv/lib/python3.13/site-packages/nova/api/openstack/wsgi.py:551
2026-08-04 09:16:22.321 1106 INFO nova.api.openstack.requestlog [None req-7261658e-2b76-4905-b6bd-4fc1ee9b603c 767ca745fd5c46858ed1fb722e10cb04 8f953e3990fe4fc193b016b8ccef4025 - - default default] 192.0.2.1 "GET /" status: 200 len: 367 microversion: - time: 0.003666
2026-08-04 09:16:22.324 1106 DEBUG nova.api.openstack.wsgi [None req-a3c83e2e-e9f7-4526-b8f5-07ba6cce11ea bc08842fc0c744c3b379f864a42a87aa 7c0f32ad36a143039eb7679c056aed6d - - default default] Calling method '>' _process_stack /var/lib/kolla/venv/lib/python3.13/site-packages/nova/api/openstack/wsgi.py:551
2026-08-04 09:16:22.326 1106 WARNING neutronclient.v2_0.client [None req-a3c83e2e-e9f7-4526-b8f5-07ba6cce11ea bc08842fc0c744c3b379f864a42a87aa 7c0f32ad36a143039eb7679c056aed6d - - default default] The python binding code in neutronclient is deprecated in favor of OpenstackSDK, please use that as this will be removed in a future release.
2026-08-04 09:16:23.160 1106 DEBUG neutronclient.v2_0.client [None req-a3c83e2e-e9f7-4526-b8f5-07ba6cce11ea bc08842fc0c744c3b379f864a42a87aa 7c0f32ad36a143039eb7679c056aed6d - - default default] Error message: {"NeutronError": {"type": "SecurityGroupNotFound", "message": "Security group e6f43bd5-2e78-4c48-941d-b649178e4c14 does not exist", "detail": ""}} _handle_fault_response /var/lib/kolla/venv/lib/python3.13/site-packages/neutronclient/v2_0/client.py:265
2026-08-04 09:16:23.161 1106 DEBUG nova.network.security_group_api [None req-a3c83e2e-e9f7-4526-b8f5-07ba6cce11ea bc08842fc0c744c3b379f864a42a87aa 7c0f32ad36a143039eb7679c056aed6d - - default default] Neutron security group e6f43bd5-2e78-4c48-941d-b649178e4c14 not found get /var/lib/kolla/venv/lib/python3.13/site-packages/nova/network/security_group_api.py:300
2026-08-04 09:16:23.161 1106 INFO nova.api.openstack.wsgi [None req-a3c83e2e-e9f7-4526-b8f5-07ba6cce11ea bc08842fc0c744c3b379f864a42a87aa 7c0f32ad36a143039eb7679c056aed6d - - default default] HTTP exception thrown: Security group e6f43bd5-2e78-4c48-941d-b649178e4c14 does not exist Neutron server returns request_ids: ['req-793148e6-6882-44f4-a9cf-85698dca6fb8']
2026-08-04 09:16:23.161 1106 DEBUG nova.api.openstack.wsgi [None req-a3c83e2e-e9f7-4526-b8f5-07ba6cce11ea bc08842fc0c744c3b379f864a42a87aa 7c0f32ad36a143039eb7679c056aed6d - - default default] Returning 404 to user: Security group e6f43bd5-2e78-4c48-941d-b649178e4c14 does not exist Neutron server returns request_ids: ['req-793148e6-6882-44f4-a9cf-85698dca6fb8'] __call__ /var/lib/kolla/venv/lib/python3.13/site-packages/nova/api/openstack/wsgi.py:908
2026-08-04 09:16:23.162 1106 INFO nova.api.openstack.requestlog [None req-a3c83e2e-e9f7-4526-b8f5-07ba6cce11ea bc08842fc0c744c3b379f864a42a87aa 7c0f32ad36a143039eb7679c056aed6d - - default default] 192.0.2.10 "GET /v2.1/os-security-groups/e6f43bd5-2e78-4c48-941d-b649178e4c14" status: 404 len: 194 microversion: 2.1 time: 0.839986
2026-08-04 09:16:23.172 1106 DEBUG nova.api.openstack.wsgi [None req-feb2582f-4a4f-4109-9e04-7632ded934e5 767ca745fd5c46858ed1fb722e10cb04 8f953e3990fe4fc193b016b8ccef4025 - - default default] Calling method '>' _process_stack /var/lib/kolla/venv/lib/python3.13/site-packages/nova/api/openstack/wsgi.py:551
2026-08-04 09:16:23.173 1106 WARNING neutronclient.v2_0.client [None req-feb2582f-4a4f-4109-9e04-7632ded934e5 767ca745fd5c46858ed1fb722e10cb04 8f953e3990fe4fc193b016b8ccef4025 - - default default] The python binding code in neutronclient is deprecated in favor of OpenstackSDK, please use that as this will be removed in a future release.
2026-08-04 09:16:23.360 1105 WARNING neutronclient.v2_0.client [None req-f1ace21c-66ea-4ad8-8708-aa5265f1a9d3 4345dd8f1fa243af9ebb04df7457e5f2 2345537186da4c288f2cbf52ff9af2dd - - default default] The python binding code in neutronclient is deprecated in favor of OpenstackSDK, please use that as this will be removed in a future release.
2026-08-04 09:16:23.703 1106 WARNING neutronclient.v2_0.client [None req-feb2582f-4a4f-4109-9e04-7632ded934e5 767ca745fd5c46858ed1fb722e10cb04 8f953e3990fe4fc193b016b8ccef4025 - - default default] The python binding code in neutronclient is deprecated in favor of OpenstackSDK, please use that as this will be removed in a future release.
2026-08-04 09:16:23.817 1106 WARNING neutronclient.v2_0.client [None req-feb2582f-4a4f-4109-9e04-7632ded934e5 767ca745fd5c46858ed1fb722e10cb04 8f953e3990fe4fc193b016b8ccef4025 - - default default] The python binding code in neutronclient is deprecated in favor of OpenstackSDK, please use that as this will be removed in a future release.
2026-08-04 09:16:23.937 1106 INFO nova.api.openstack.requestlog [None req-feb2582f-4a4f-4109-9e04-7632ded934e5 767ca745fd5c46858ed1fb722e10cb04 8f953e3990fe4fc193b016b8ccef4025 - - default default] 192.0.2.10 "DELETE /v2.1/os-security-group-rules/004687e9-a6ee-4530-97df-2bb9a56cf0cb" status: 202 len: 0 microversion: 2.1 time: 0.773938
2026-08-04 09:16:23.941 1106 DEBUG nova.api.openstack.wsgi [None req-52d2e348-2455-4a02-bbba-4478ed9e284b a98fea222da7436a8f3963821489bea7 44a15814335244f7ab94bcae30c7299d - - default default] Action: 'create', calling method: >, body: {"server": {"name": "tempest-ServersTestJSON-server-2104094085", "imageRef": "eb14e975-7fd8-4f37-9fc3-c700026fe602", "flavorRef": "7", "metadata": {"hello": "world"}, "accessIPv4": "1.1.1.1", "accessIPv6": "0000:0000:0000:0000:0000:babe:220.12.22.2", "adminPass": "***", "networks": [{"uuid": "c55cc0a5-075a-47d4-b8a3-85cfdeca23c3"}], "security_groups": [{"name": "tempest-securitygroup--1656330166"}], "key_name": "tempest-keypair-224860445", "user_data": "IyEvYmluL3NoCmVjaG8gIlByaW50aW5nIGNpcnJvcyB1c2VyIGF1dGhvcml6ZWQga2V5cyIKY2F0IH5jaXJyb3MvLnNzaC9hdXRob3JpemVkX2tleXMgfHwgdHJ1ZQo=", "OS-DCF:diskConfig": "}} _process_stack /var/lib/kolla/venv/lib/python3.13/site-packages/nova/api/openstack/wsgi.py:549
2026-08-04 09:16:24.034 1106 DEBUG oslo_concurrency.lockutils [None req-52d2e348-2455-4a02-bbba-4478ed9e284b a98fea222da7436a8f3963821489bea7 44a15814335244f7ab94bcae30c7299d - - default default] Acquiring lock "00000000-0000-0000-0000-000000000000" by "nova.context.set_target_cell..get_or_set_cached_cell_and_set_connections" inner /var/lib/kolla/venv/lib/python3.13/site-packages/oslo_concurrency/lockutils.py:512
2026-08-04 09:16:24.034 1106 DEBUG oslo_concurrency.lockutils [None req-52d2e348-2455-4a02-bbba-4478ed9e284b a98fea222da7436a8f3963821489bea7 44a15814335244f7ab94bcae30c7299d - - default default] Lock "00000000-0000-0000-0000-000000000000" acquired by "nova.context.set_target_cell..get_or_set_cached_cell_and_set_connections" :: waited 0.000s inner /var/lib/kolla/venv/lib/python3.13/site-packages/oslo_concurrency/lockutils.py:525
2026-08-04 09:16:24.035 1106 DEBUG oslo_concurrency.lockutils [None req-52d2e348-2455-4a02-bbba-4478ed9e284b a98fea222da7436a8f3963821489bea7 44a15814335244f7ab94bcae30c7299d - - default default] Lock "00000000-0000-0000-0000-000000000000" "released" by "nova.context.set_target_cell..get_or_set_cached_cell_and_set_connections" :: held 0.001s inner /var/lib/kolla/venv/lib/python3.13/site-packages/oslo_concurrency/lockutils.py:544
2026-08-04 09:16:24.036 1106 DEBUG oslo_concurrency.lockutils [None req-52d2e348-2455-4a02-bbba-4478ed9e284b a98fea222da7436a8f3963821489bea7 44a15814335244f7ab94bcae30c7299d - - default default] Acquiring lock "b3fe5f5a-374f-40c2-960f-0fe2695b654a" by "nova.context.set_target_cell..get_or_set_cached_cell_and_set_connections" inner /var/lib/kolla/venv/lib/python3.13/site-packages/oslo_concurrency/lockutils.py:512
2026-08-04 09:16:24.036 1106 DEBUG oslo_concurrency.lockutils [None req-52d2e348-2455-4a02-bbba-4478ed9e284b a98fea222da7436a8f3963821489bea7 44a15814335244f7ab94bcae30c7299d - - default default] Lock "b3fe5f5a-374f-40c2-960f-0fe2695b654a" acquired by "nova.context.set_target_cell..get_or_set_cached_cell_and_set_connections" :: waited 0.000s inner /var/lib/kolla/venv/lib/python3.13/site-packages/oslo_concurrency/lockutils.py:525
2026-08-04 09:16:24.036 1106 DEBUG oslo_concurrency.lockutils [None req-52d2e348-2455-4a02-bbba-4478ed9e284b a98fea222da7436a8f3963821489bea7 44a15814335244f7ab94bcae30c7299d - - default default] Lock "b3fe5f5a-374f-40c2-960f-0fe2695b654a" "released" by "nova.context.set_target_cell..get_or_set_cached_cell_and_set_connections" :: held 0.000s inner /var/lib/kolla/venv/lib/python3.13/site-packages/oslo_concurrency/lockutils.py:544
2026-08-04 09:16:24.081 1106 WARNING neutronclient.v2_0.client [None req-52d2e348-2455-4a02-bbba-4478ed9e284b a98fea222da7436a8f3963821489bea7 44a15814335244f7ab94bcae30c7299d - - default default] The python binding code in neutronclient is deprecated in favor of OpenstackSDK, please use that as this will be removed in a future release.
2026-08-04 09:16:24.236 1106 DEBUG nova.network.neutron [None req-52d2e348-2455-4a02-bbba-4478ed9e284b a98fea222da7436a8f3963821489bea7 44a15814335244f7ab94bcae30c7299d - - default default] validate_networks() for [('c55cc0a5-075a-47d4-b8a3-85cfdeca23c3', None, None, None, None, None)] validate_networks /var/lib/kolla/venv/lib/python3.13/site-packages/nova/network/neutron.py:2686
2026-08-04 09:16:24.237 1106 WARNING neutronclient.v2_0.client [None req-52d2e348-2455-4a02-bbba-4478ed9e284b a98fea222da7436a8f3963821489bea7 44a15814335244f7ab94bcae30c7299d - - default default] The python binding code in neutronclient is deprecated in favor of OpenstackSDK, please use that as this will be removed in a future release.
2026-08-04 09:16:24.402 1105 DEBUG nova.quota [None req-f1ace21c-66ea-4ad8-8708-aa5265f1a9d3 4345dd8f1fa243af9ebb04df7457e5f2 2345537186da4c288f2cbf52ff9af2dd - - default default] Getting quotas for project 2345537186da4c288f2cbf52ff9af2dd. Resources: dict_keys(['metadata_items']) _get_quotas /var/lib/kolla/venv/lib/python3.13/site-packages/nova/quota.py:389
2026-08-04 09:16:24.405 1105 DEBUG nova.quota [None req-f1ace21c-66ea-4ad8-8708-aa5265f1a9d3 4345dd8f1fa243af9ebb04df7457e5f2 2345537186da4c288f2cbf52ff9af2dd - - default default] Getting quotas for user 4345dd8f1fa243af9ebb04df7457e5f2 and project 2345537186da4c288f2cbf52ff9af2dd. Resources: dict_keys(['metadata_items']) _get_quotas /var/lib/kolla/venv/lib/python3.13/site-packages/nova/quota.py:379
2026-08-04 09:16:24.417 1105 DEBUG nova.virt.hardware [None req-f1ace21c-66ea-4ad8-8708-aa5265f1a9d3 4345dd8f1fa243af9ebb04df7457e5f2 2345537186da4c288f2cbf52ff9af2dd - - default default] Flavor limits 0:0:0 get_cpu_topology_constraints /var/lib/kolla/venv/lib/python3.13/site-packages/nova/virt/hardware.py:516
2026-08-04 09:16:24.418 1105 DEBUG nova.virt.hardware [None req-f1ace21c-66ea-4ad8-8708-aa5265f1a9d3 4345dd8f1fa243af9ebb04df7457e5f2 2345537186da4c288f2cbf52ff9af2dd - - default default] Image limits 0:0:0 get_cpu_topology_constraints /var/lib/kolla/venv/lib/python3.13/site-packages/nova/virt/hardware.py:520
2026-08-04 09:16:24.418 1105 DEBUG nova.virt.hardware [None req-f1ace21c-66ea-4ad8-8708-aa5265f1a9d3 4345dd8f1fa243af9ebb04df7457e5f2 2345537186da4c288f2cbf52ff9af2dd - - default default] Flavor pref 0:0:0 get_cpu_topology_constraints /var/lib/kolla/venv/lib/python3.13/site-packages/nova/virt/hardware.py:556
2026-08-04 09:16:24.418 1105 DEBUG nova.virt.hardware [None req-f1ace21c-66ea-4ad8-8708-aa5265f1a9d3 4345dd8f1fa243af9ebb04df7457e5f2 2345537186da4c288f2cbf52ff9af2dd - - default default] Image pref 0:0:0 get_cpu_topology_constraints /var/lib/kolla/venv/lib/python3.13/site-packages/nova/virt/hardware.py:560
2026-08-04 09:16:24.419 1105 DEBUG nova.virt.hardware [None req-f1ace21c-66ea-4ad8-8708-aa5265f1a9d3 4345dd8f1fa243af9ebb04df7457e5f2 2345537186da4c288f2cbf52ff9af2dd - - default default] Chose sockets=0, cores=0, threads=0; limits were sockets=65536, cores=65536, threads=65536 get_cpu_topology_constraints /var/lib/kolla/venv/lib/python3.13/site-packages/nova/virt/hardware.py:598
2026-08-04 09:16:24.426 1105 DEBUG oslo_concurrency.lockutils [None req-f1ace21c-66ea-4ad8-8708-aa5265f1a9d3 4345dd8f1fa243af9ebb04df7457e5f2 2345537186da4c288f2cbf52ff9af2dd - - default default] Acquiring lock "00000000-0000-0000-0000-000000000000" by "nova.context.set_target_cell..get_or_set_cached_cell_and_set_connections" inner /var/lib/kolla/venv/lib/python3.13/site-packages/oslo_concurrency/lockutils.py:512
2026-08-04 09:16:24.427 1105 DEBUG oslo_concurrency.lockutils [None req-f1ace21c-66ea-4ad8-8708-aa5265f1a9d3 4345dd8f1fa243af9ebb04df7457e5f2 2345537186da4c288f2cbf52ff9af2dd - - default default] Lock "00000000-0000-0000-0000-000000000000" acquired by "nova.context.set_target_cell..get_or_set_cached_cell_and_set_connections" :: waited 0.001s inner /var/lib/kolla/venv/lib/python3.13/site-packages/oslo_concurrency/lockutils.py:525
2026-08-04 09:16:24.428 1105 DEBUG oslo_concurrency.lockutils [None req-f1ace21c-66ea-4ad8-8708-aa5265f1a9d3 4345dd8f1fa243af9ebb04df7457e5f2 2345537186da4c288f2cbf52ff9af2dd - - default default] Lock "00000000-0000-0000-0000-000000000000" "released" by "nova.context.set_target_cell..get_or_set_cached_cell_and_set_connections" :: held 0.001s inner /var/lib/kolla/venv/lib/python3.13/site-packages/oslo_concurrency/lockutils.py:544
2026-08-04 09:16:24.429 1105 DEBUG oslo_concurrency.lockutils [None req-f1ace21c-66ea-4ad8-8708-aa5265f1a9d3 4345dd8f1fa243af9ebb04df7457e5f2 2345537186da4c288f2cbf52ff9af2dd - - default default] Acquiring lock "b3fe5f5a-374f-40c2-960f-0fe2695b654a" by "nova.context.set_target_cell..get_or_set_cached_cell_and_set_connections" inner /var/lib/kolla/venv/lib/python3.13/site-packages/oslo_concurrency/lockutils.py:512
2026-08-04 09:16:24.432 1105 DEBUG oslo_concurrency.lockutils [None req-f1ace21c-66ea-4ad8-8708-aa5265f1a9d3 4345dd8f1fa243af9ebb04df7457e5f2 2345537186da4c288f2cbf52ff9af2dd - - default default] Lock "b3fe5f5a-374f-40c2-960f-0fe2695b654a" acquired by "nova.context.set_target_cell..get_or_set_cached_cell_and_set_connections" :: waited 0.004s inner /var/lib/kolla/venv/lib/python3.13/site-packages/oslo_concurrency/lockutils.py:525
2026-08-04 09:16:24.433 1105 DEBUG oslo_concurrency.lockutils [None req-f1ace21c-66ea-4ad8-8708-aa5265f1a9d3 4345dd8f1fa243af9ebb04df7457e5f2 2345537186da4c288f2cbf52ff9af2dd - - default default] Lock "b3fe5f5a-374f-40c2-960f-0fe2695b654a" "released" by "nova.context.set_target_cell..get_or_set_cached_cell_and_set_connections" :: held 0.000s inner /var/lib/kolla/venv/lib/python3.13/site-packages/oslo_concurrency/lockutils.py:544
2026-08-04 09:16:24.449 1105 DEBUG nova.quota [None req-f1ace21c-66ea-4ad8-8708-aa5265f1a9d3 4345dd8f1fa243af9ebb04df7457e5f2 2345537186da4c288f2cbf52ff9af2dd - - default default] Getting quotas for project 2345537186da4c288f2cbf52ff9af2dd. Resources: {'instances', 'ram', 'cores'} _get_quotas /var/lib/kolla/venv/lib/python3.13/site-packages/nova/quota.py:389
2026-08-04 09:16:24.454 1105 DEBUG nova.quota [None req-f1ace21c-66ea-4ad8-8708-aa5265f1a9d3 4345dd8f1fa243af9ebb04df7457e5f2 2345537186da4c288f2cbf52ff9af2dd - - default default] Getting quotas for user 4345dd8f1fa243af9ebb04df7457e5f2 and project 2345537186da4c288f2cbf52ff9af2dd. Resources: {'instances', 'ram', 'cores'} _get_quotas /var/lib/kolla/venv/lib/python3.13/site-packages/nova/quota.py:379
2026-08-04 09:16:24.465 1105 DEBUG nova.compute.api [None req-f1ace21c-66ea-4ad8-8708-aa5265f1a9d3 4345dd8f1fa243af9ebb04df7457e5f2 2345537186da4c288f2cbf52ff9af2dd - - default default] Going to run 1 instances... _provision_instances /var/lib/kolla/venv/lib/python3.13/site-packages/nova/compute/api.py:1480
2026-08-04 09:16:24.468 1105 DEBUG nova.compute.api [None req-f1ace21c-66ea-4ad8-8708-aa5265f1a9d3 4345dd8f1fa243af9ebb04df7457e5f2 2345537186da4c288f2cbf52ff9af2dd - - default default] [instance: 46a9eea6-84be-46e5-aed1-e280c554f1db] block_device_mapping [BlockDeviceMapping(attachment_id=,boot_index=0,connection_info=None,created_at=,delete_on_termination=True,deleted=,deleted_at=,destination_type='local',device_name=None,device_type='disk',disk_bus=None,encrypted=False,encryption_format=None,encryption_options=None,encryption_secret_uuid=None,guest_format=None,id=,image_id='eb14e975-7fd8-4f37-9fc3-c700026fe602',instance=,instance_uuid=,no_device=False,snapshot_id=None,source_type='image',tag=None,updated_at=,uuid=,volume_id=None,volume_size=None,volume_type=None)] _bdm_validate_set_size_and_instance /var/lib/kolla/venv/lib/python3.13/site-packages/nova/compute/api.py:1942
2026-08-04 09:16:24.558 1106 WARNING neutronclient.v2_0.client [None req-52d2e348-2455-4a02-bbba-4478ed9e284b a98fea222da7436a8f3963821489bea7 44a15814335244f7ab94bcae30c7299d - - default default] The python binding code in neutronclient is deprecated in favor of OpenstackSDK, please use that as this will be removed in a future release.
2026-08-04 09:16:24.682 1105 INFO nova.api.openstack.requestlog [None req-f1ace21c-66ea-4ad8-8708-aa5265f1a9d3 4345dd8f1fa243af9ebb04df7457e5f2 2345537186da4c288f2cbf52ff9af2dd - - default default] 192.0.2.10 "POST /v2.1/servers" status: 202 len: 402 microversion: 2.1 time: 3.466004
