2026-08-04 09:17:01.267 1106 INFO nova.api.openstack.wsgi [None req-0f8b8c84-4009-46a1-8dff-a5d8849ed49b 7335e1daa32c49beb7cd6bfd3886701e add45aac1d70477fa8c0894f04eac875 - - default default] HTTP exception thrown: Instance 38bb94bc-3e4c-4632-8bb4-576050e901c7 could not be found.
2026-08-04 09:17:01.268 1106 DEBUG nova.api.openstack.wsgi [None req-0f8b8c84-4009-46a1-8dff-a5d8849ed49b 7335e1daa32c49beb7cd6bfd3886701e add45aac1d70477fa8c0894f04eac875 - - default default] Returning 404 to user: Instance 38bb94bc-3e4c-4632-8bb4-576050e901c7 could not be found. __call__ /var/lib/kolla/venv/lib/python3.13/site-packages/nova/api/openstack/wsgi.py:908
2026-08-04 09:17:01.268 1106 INFO nova.api.openstack.requestlog [None req-0f8b8c84-4009-46a1-8dff-a5d8849ed49b 7335e1daa32c49beb7cd6bfd3886701e add45aac1d70477fa8c0894f04eac875 - - default default] 192.0.2.10 "GET /v2.1/servers/38bb94bc-3e4c-4632-8bb4-576050e901c7" status: 404 len: 111 microversion: 2.1 time: 0.044448
2026-08-04 09:17:01.283 1105 DEBUG nova.api.openstack.wsgi [None req-cc7e96d5-0b3e-4ba2-bb6c-df053d1a0109 7335e1daa32c49beb7cd6bfd3886701e add45aac1d70477fa8c0894f04eac875 - - default default] Calling method '>' _process_stack /var/lib/kolla/venv/lib/python3.13/site-packages/nova/api/openstack/wsgi.py:551
2026-08-04 09:17:01.299 1105 INFO nova.api.openstack.requestlog [None req-cc7e96d5-0b3e-4ba2-bb6c-df053d1a0109 7335e1daa32c49beb7cd6bfd3886701e add45aac1d70477fa8c0894f04eac875 - - default default] 192.0.2.10 "DELETE /v2.1/os-keypairs/tempest-keypair-483493474" status: 202 len: 0 microversion: 2.1 time: 0.018439
2026-08-04 09:17:01.881 1106 DEBUG nova.api.openstack.wsgi [None req-d5a58171-3478-485a-93db-7cd0fc1ea477 a21177695b15453189fa711985038114 e18dc8ee4cf34b958dfb42806b1abc1d - - default default] Calling method '>' _process_stack /var/lib/kolla/venv/lib/python3.13/site-packages/nova/api/openstack/wsgi.py:551
2026-08-04 09:17:01.885 1106 DEBUG nova.compute.api [None req-d5a58171-3478-485a-93db-7cd0fc1ea477 a21177695b15453189fa711985038114 e18dc8ee4cf34b958dfb42806b1abc1d - - default default] [instance: 1b3cfec4-202b-49e8-aad5-e710df0fefcc] Fetching instance by UUID get /var/lib/kolla/venv/lib/python3.13/site-packages/nova/compute/api.py:3068
2026-08-04 09:17:01.897 1106 DEBUG oslo_concurrency.lockutils [None req-d5a58171-3478-485a-93db-7cd0fc1ea477 a21177695b15453189fa711985038114 e18dc8ee4cf34b958dfb42806b1abc1d - - default default] Acquiring lock "b3fe5f5a-374f-40c2-960f-0fe2695b654a" by "nova.context.set_target_cell..get_or_set_cached_cell_and_set_connections" inner /var/lib/kolla/venv/lib/python3.13/site-packages/oslo_concurrency/lockutils.py:512
2026-08-04 09:17:01.897 1106 DEBUG oslo_concurrency.lockutils [None req-d5a58171-3478-485a-93db-7cd0fc1ea477 a21177695b15453189fa711985038114 e18dc8ee4cf34b958dfb42806b1abc1d - - default default] Lock "b3fe5f5a-374f-40c2-960f-0fe2695b654a" acquired by "nova.context.set_target_cell..get_or_set_cached_cell_and_set_connections" :: waited 0.000s inner /var/lib/kolla/venv/lib/python3.13/site-packages/oslo_concurrency/lockutils.py:525
2026-08-04 09:17:01.897 1106 DEBUG oslo_concurrency.lockutils [None req-d5a58171-3478-485a-93db-7cd0fc1ea477 a21177695b15453189fa711985038114 e18dc8ee4cf34b958dfb42806b1abc1d - - default default] Lock "b3fe5f5a-374f-40c2-960f-0fe2695b654a" "released" by "nova.context.set_target_cell..get_or_set_cached_cell_and_set_connections" :: held 0.000s inner /var/lib/kolla/venv/lib/python3.13/site-packages/oslo_concurrency/lockutils.py:544
2026-08-04 09:17:01.899 1106 DEBUG oslo_concurrency.lockutils [None req-d5a58171-3478-485a-93db-7cd0fc1ea477 a21177695b15453189fa711985038114 e18dc8ee4cf34b958dfb42806b1abc1d - - default default] Acquiring lock "b3fe5f5a-374f-40c2-960f-0fe2695b654a" by "nova.context.set_target_cell..get_or_set_cached_cell_and_set_connections" inner /var/lib/kolla/venv/lib/python3.13/site-packages/oslo_concurrency/lockutils.py:512
2026-08-04 09:17:01.900 1106 DEBUG oslo_concurrency.lockutils [None req-d5a58171-3478-485a-93db-7cd0fc1ea477 a21177695b15453189fa711985038114 e18dc8ee4cf34b958dfb42806b1abc1d - - default default] Lock "b3fe5f5a-374f-40c2-960f-0fe2695b654a" acquired by "nova.context.set_target_cell..get_or_set_cached_cell_and_set_connections" :: waited 0.000s inner /var/lib/kolla/venv/lib/python3.13/site-packages/oslo_concurrency/lockutils.py:525
2026-08-04 09:17:01.900 1106 DEBUG oslo_concurrency.lockutils [None req-d5a58171-3478-485a-93db-7cd0fc1ea477 a21177695b15453189fa711985038114 e18dc8ee4cf34b958dfb42806b1abc1d - - default default] Lock "b3fe5f5a-374f-40c2-960f-0fe2695b654a" "released" by "nova.context.set_target_cell..get_or_set_cached_cell_and_set_connections" :: held 0.000s inner /var/lib/kolla/venv/lib/python3.13/site-packages/oslo_concurrency/lockutils.py:544
2026-08-04 09:17:01.931 1106 DEBUG oslo_concurrency.lockutils [None req-d5a58171-3478-485a-93db-7cd0fc1ea477 a21177695b15453189fa711985038114 e18dc8ee4cf34b958dfb42806b1abc1d - - default default] Acquiring lock "b3fe5f5a-374f-40c2-960f-0fe2695b654a" by "nova.context.set_target_cell..get_or_set_cached_cell_and_set_connections" inner /var/lib/kolla/venv/lib/python3.13/site-packages/oslo_concurrency/lockutils.py:512
2026-08-04 09:17:01.931 1106 DEBUG oslo_concurrency.lockutils [None req-d5a58171-3478-485a-93db-7cd0fc1ea477 a21177695b15453189fa711985038114 e18dc8ee4cf34b958dfb42806b1abc1d - - default default] Lock "b3fe5f5a-374f-40c2-960f-0fe2695b654a" acquired by "nova.context.set_target_cell..get_or_set_cached_cell_and_set_connections" :: waited 0.000s inner /var/lib/kolla/venv/lib/python3.13/site-packages/oslo_concurrency/lockutils.py:525
2026-08-04 09:17:01.931 1106 DEBUG oslo_concurrency.lockutils [None req-d5a58171-3478-485a-93db-7cd0fc1ea477 a21177695b15453189fa711985038114 e18dc8ee4cf34b958dfb42806b1abc1d - - default default] Lock "b3fe5f5a-374f-40c2-960f-0fe2695b654a" "released" by "nova.context.set_target_cell..get_or_set_cached_cell_and_set_connections" :: held 0.000s inner /var/lib/kolla/venv/lib/python3.13/site-packages/oslo_concurrency/lockutils.py:544
2026-08-04 09:17:01.932 1106 DEBUG nova.objects.instance [None req-d5a58171-3478-485a-93db-7cd0fc1ea477 a21177695b15453189fa711985038114 e18dc8ee4cf34b958dfb42806b1abc1d - - default default] Lazy-loading 'fault' on Instance uuid 1b3cfec4-202b-49e8-aad5-e710df0fefcc obj_load_attr /var/lib/kolla/venv/lib/python3.13/site-packages/nova/objects/instance.py:1148
2026-08-04 09:17:01.937 1106 WARNING neutronclient.v2_0.client [None req-d5a58171-3478-485a-93db-7cd0fc1ea477 a21177695b15453189fa711985038114 e18dc8ee4cf34b958dfb42806b1abc1d - - default default] The python binding code in neutronclient is deprecated in favor of OpenstackSDK, please use that as this will be removed in a future release.
2026-08-04 09:17:02.000 1106 DEBUG nova.policy [None req-d5a58171-3478-485a-93db-7cd0fc1ea477 a21177695b15453189fa711985038114 e18dc8ee4cf34b958dfb42806b1abc1d - - default default] Policy check for os_compute_api:os-extended-server-attributes failed with credentials {'is_admin': False, 'user_id': 'a21177695b15453189fa711985038114', 'user_domain_id': 'default', 'system_scope': None, 'domain_id': None, 'project_id': 'e18dc8ee4cf34b958dfb42806b1abc1d', 'project_domain_id': 'default', 'roles': ['member', 'reader'], 'is_admin_project': True, 'service_user_id': None, 'service_user_domain_id': None, 'service_project_id': None, 'service_project_domain_id': None, 'service_roles': []} authorize /var/lib/kolla/venv/lib/python3.13/site-packages/nova/policy.py:202
2026-08-04 09:17:02.020 1106 INFO nova.api.openstack.requestlog [None req-d5a58171-3478-485a-93db-7cd0fc1ea477 a21177695b15453189fa711985038114 e18dc8ee4cf34b958dfb42806b1abc1d - - default default] 192.0.2.10 "GET /v2.1/servers/1b3cfec4-202b-49e8-aad5-e710df0fefcc" status: 200 len: 1421 microversion: 2.1 time: 0.140552
2026-08-04 09:17:02.047 1105 DEBUG nova.api.openstack.wsgi [None req-9d467d24-f5dc-4677-83b9-fcdec691c909 a21177695b15453189fa711985038114 e18dc8ee4cf34b958dfb42806b1abc1d - - default default] Calling method '>' _process_stack /var/lib/kolla/venv/lib/python3.13/site-packages/nova/api/openstack/wsgi.py:551
2026-08-04 09:17:02.049 1105 DEBUG nova.compute.api [None req-9d467d24-f5dc-4677-83b9-fcdec691c909 a21177695b15453189fa711985038114 e18dc8ee4cf34b958dfb42806b1abc1d - - default default] [instance: 1b3cfec4-202b-49e8-aad5-e710df0fefcc] Fetching instance by UUID get /var/lib/kolla/venv/lib/python3.13/site-packages/nova/compute/api.py:3068
2026-08-04 09:17:02.058 1105 DEBUG oslo_concurrency.lockutils [None req-9d467d24-f5dc-4677-83b9-fcdec691c909 a21177695b15453189fa711985038114 e18dc8ee4cf34b958dfb42806b1abc1d - - default default] Acquiring lock "b3fe5f5a-374f-40c2-960f-0fe2695b654a" by "nova.context.set_target_cell..get_or_set_cached_cell_and_set_connections" inner /var/lib/kolla/venv/lib/python3.13/site-packages/oslo_concurrency/lockutils.py:512
2026-08-04 09:17:02.058 1105 DEBUG oslo_concurrency.lockutils [None req-9d467d24-f5dc-4677-83b9-fcdec691c909 a21177695b15453189fa711985038114 e18dc8ee4cf34b958dfb42806b1abc1d - - default default] Lock "b3fe5f5a-374f-40c2-960f-0fe2695b654a" acquired by "nova.context.set_target_cell..get_or_set_cached_cell_and_set_connections" :: waited 0.000s inner /var/lib/kolla/venv/lib/python3.13/site-packages/oslo_concurrency/lockutils.py:525
2026-08-04 09:17:02.058 1105 DEBUG oslo_concurrency.lockutils [None req-9d467d24-f5dc-4677-83b9-fcdec691c909 a21177695b15453189fa711985038114 e18dc8ee4cf34b958dfb42806b1abc1d - - default default] Lock "b3fe5f5a-374f-40c2-960f-0fe2695b654a" "released" by "nova.context.set_target_cell..get_or_set_cached_cell_and_set_connections" :: held 0.000s inner /var/lib/kolla/venv/lib/python3.13/site-packages/oslo_concurrency/lockutils.py:544
2026-08-04 09:17:02.060 1105 DEBUG oslo_concurrency.lockutils [None req-9d467d24-f5dc-4677-83b9-fcdec691c909 a21177695b15453189fa711985038114 e18dc8ee4cf34b958dfb42806b1abc1d - - default default] Acquiring lock "b3fe5f5a-374f-40c2-960f-0fe2695b654a" by "nova.context.set_target_cell..get_or_set_cached_cell_and_set_connections" inner /var/lib/kolla/venv/lib/python3.13/site-packages/oslo_concurrency/lockutils.py:512
2026-08-04 09:17:02.061 1105 DEBUG oslo_concurrency.lockutils [None req-9d467d24-f5dc-4677-83b9-fcdec691c909 a21177695b15453189fa711985038114 e18dc8ee4cf34b958dfb42806b1abc1d - - default default] Lock "b3fe5f5a-374f-40c2-960f-0fe2695b654a" acquired by "nova.context.set_target_cell..get_or_set_cached_cell_and_set_connections" :: waited 0.001s inner /var/lib/kolla/venv/lib/python3.13/site-packages/oslo_concurrency/lockutils.py:525
2026-08-04 09:17:02.062 1105 DEBUG oslo_concurrency.lockutils [None req-9d467d24-f5dc-4677-83b9-fcdec691c909 a21177695b15453189fa711985038114 e18dc8ee4cf34b958dfb42806b1abc1d - - default default] Lock "b3fe5f5a-374f-40c2-960f-0fe2695b654a" "released" by "nova.context.set_target_cell..get_or_set_cached_cell_and_set_connections" :: held 0.001s inner /var/lib/kolla/venv/lib/python3.13/site-packages/oslo_concurrency/lockutils.py:544
2026-08-04 09:17:02.091 1105 DEBUG nova.compute.api [None req-9d467d24-f5dc-4677-83b9-fcdec691c909 a21177695b15453189fa711985038114 e18dc8ee4cf34b958dfb42806b1abc1d - - default default] [instance: 1b3cfec4-202b-49e8-aad5-e710df0fefcc] Going to try to terminate instance delete /var/lib/kolla/venv/lib/python3.13/site-packages/nova/compute/api.py:2811
2026-08-04 09:17:02.143 1105 DEBUG nova.compute.api [None req-9d467d24-f5dc-4677-83b9-fcdec691c909 a21177695b15453189fa711985038114 e18dc8ee4cf34b958dfb42806b1abc1d - - default default] [instance: 1b3cfec4-202b-49e8-aad5-e710df0fefcc] Doing local delete in cell b3fe5f5a-374f-40c2-960f-0fe2695b654a _delete /var/lib/kolla/venv/lib/python3.13/site-packages/nova/compute/api.py:2636
2026-08-04 09:17:02.144 1105 DEBUG oslo_concurrency.lockutils [None req-9d467d24-f5dc-4677-83b9-fcdec691c909 a21177695b15453189fa711985038114 e18dc8ee4cf34b958dfb42806b1abc1d - - default default] Acquiring lock "b3fe5f5a-374f-40c2-960f-0fe2695b654a" by "nova.context.set_target_cell..get_or_set_cached_cell_and_set_connections" inner /var/lib/kolla/venv/lib/python3.13/site-packages/oslo_concurrency/lockutils.py:512
2026-08-04 09:17:02.144 1105 DEBUG oslo_concurrency.lockutils [None req-9d467d24-f5dc-4677-83b9-fcdec691c909 a21177695b15453189fa711985038114 e18dc8ee4cf34b958dfb42806b1abc1d - - default default] Lock "b3fe5f5a-374f-40c2-960f-0fe2695b654a" acquired by "nova.context.set_target_cell..get_or_set_cached_cell_and_set_connections" :: waited 0.000s inner /var/lib/kolla/venv/lib/python3.13/site-packages/oslo_concurrency/lockutils.py:525
2026-08-04 09:17:02.144 1105 DEBUG oslo_concurrency.lockutils [None req-9d467d24-f5dc-4677-83b9-fcdec691c909 a21177695b15453189fa711985038114 e18dc8ee4cf34b958dfb42806b1abc1d - - default default] Lock "b3fe5f5a-374f-40c2-960f-0fe2695b654a" "released" by "nova.context.set_target_cell..get_or_set_cached_cell_and_set_connections" :: held 0.000s inner /var/lib/kolla/venv/lib/python3.13/site-packages/oslo_concurrency/lockutils.py:544
2026-08-04 09:17:02.144 1105 WARNING nova.compute.api [None req-9d467d24-f5dc-4677-83b9-fcdec691c909 a21177695b15453189fa711985038114 e18dc8ee4cf34b958dfb42806b1abc1d - - default default] [instance: 1b3cfec4-202b-49e8-aad5-e710df0fefcc] instance's host None is down, deleting from database
2026-08-04 09:17:02.145 1105 DEBUG nova.network.neutron [None req-9d467d24-f5dc-4677-83b9-fcdec691c909 a21177695b15453189fa711985038114 e18dc8ee4cf34b958dfb42806b1abc1d - - default default] [instance: 1b3cfec4-202b-49e8-aad5-e710df0fefcc] deallocate_for_instance() deallocate_for_instance /var/lib/kolla/venv/lib/python3.13/site-packages/nova/network/neutron.py:1842
2026-08-04 09:17:02.145 1105 WARNING neutronclient.v2_0.client [None req-9d467d24-f5dc-4677-83b9-fcdec691c909 a21177695b15453189fa711985038114 e18dc8ee4cf34b958dfb42806b1abc1d - - default default] The python binding code in neutronclient is deprecated in favor of OpenstackSDK, please use that as this will be removed in a future release.
2026-08-04 09:17:02.399 1106 DEBUG nova.api.openstack.wsgi [None req-d5a58171-3478-485a-93db-7cd0fc1ea477 a21177695b15453189fa711985038114 e18dc8ee4cf34b958dfb42806b1abc1d - - default default] Calling method '>' _process_stack /var/lib/kolla/venv/lib/python3.13/site-packages/nova/api/openstack/wsgi.py:551
2026-08-04 09:17:02.402 1106 INFO nova.api.openstack.requestlog [None req-d5a58171-3478-485a-93db-7cd0fc1ea477 a21177695b15453189fa711985038114 e18dc8ee4cf34b958dfb42806b1abc1d - - default default] 192.0.2.1 "GET /" status: 200 len: 367 microversion: - time: 0.003100
2026-08-04 09:17:03.470 1105 DEBUG nova.network.neutron [None req-9d467d24-f5dc-4677-83b9-fcdec691c909 a21177695b15453189fa711985038114 e18dc8ee4cf34b958dfb42806b1abc1d - - default default] [instance: 1b3cfec4-202b-49e8-aad5-e710df0fefcc] Instance cache missing network info. _get_preexisting_port_ids /var/lib/kolla/venv/lib/python3.13/site-packages/nova/network/neutron.py:3365
2026-08-04 09:17:03.475 1105 WARNING neutronclient.v2_0.client [None req-9d467d24-f5dc-4677-83b9-fcdec691c909 a21177695b15453189fa711985038114 e18dc8ee4cf34b958dfb42806b1abc1d - - default default] The python binding code in neutronclient is deprecated in favor of OpenstackSDK, please use that as this will be removed in a future release.
2026-08-04 09:17:03.482 1105 DEBUG nova.network.neutron [None req-9d467d24-f5dc-4677-83b9-fcdec691c909 a21177695b15453189fa711985038114 e18dc8ee4cf34b958dfb42806b1abc1d - - default default] [instance: 1b3cfec4-202b-49e8-aad5-e710df0fefcc] Updating instance_info_cache with network_info: [] update_instance_cache_with_nw_info /var/lib/kolla/venv/lib/python3.13/site-packages/nova/network/neutron.py:106
2026-08-04 09:17:03.670 1105 INFO nova.api.openstack.requestlog [None req-9d467d24-f5dc-4677-83b9-fcdec691c909 a21177695b15453189fa711985038114 e18dc8ee4cf34b958dfb42806b1abc1d - - default default] 192.0.2.10 "DELETE /v2.1/servers/1b3cfec4-202b-49e8-aad5-e710df0fefcc" status: 204 len: 0 microversion: 2.1 time: 1.626771
2026-08-04 09:17:03.687 1106 DEBUG nova.api.openstack.wsgi [None req-93cd1328-1ace-4066-a228-e414c29e5ec2 a21177695b15453189fa711985038114 e18dc8ee4cf34b958dfb42806b1abc1d - - default default] Calling method '>' _process_stack /var/lib/kolla/venv/lib/python3.13/site-packages/nova/api/openstack/wsgi.py:551
2026-08-04 09:17:03.692 1106 DEBUG nova.compute.api [None req-93cd1328-1ace-4066-a228-e414c29e5ec2 a21177695b15453189fa711985038114 e18dc8ee4cf34b958dfb42806b1abc1d - - default default] [instance: 1b3cfec4-202b-49e8-aad5-e710df0fefcc] Fetching instance by UUID get /var/lib/kolla/venv/lib/python3.13/site-packages/nova/compute/api.py:3068
2026-08-04 09:17:03.720 1106 DEBUG oslo_concurrency.lockutils [None req-93cd1328-1ace-4066-a228-e414c29e5ec2 a21177695b15453189fa711985038114 e18dc8ee4cf34b958dfb42806b1abc1d - - default default] Acquiring lock "b3fe5f5a-374f-40c2-960f-0fe2695b654a" by "nova.context.set_target_cell..get_or_set_cached_cell_and_set_connections" inner /var/lib/kolla/venv/lib/python3.13/site-packages/oslo_concurrency/lockutils.py:512
2026-08-04 09:17:03.721 1106 DEBUG oslo_concurrency.lockutils [None req-93cd1328-1ace-4066-a228-e414c29e5ec2 a21177695b15453189fa711985038114 e18dc8ee4cf34b958dfb42806b1abc1d - - default default] Lock "b3fe5f5a-374f-40c2-960f-0fe2695b654a" acquired by "nova.context.set_target_cell..get_or_set_cached_cell_and_set_connections" :: waited 0.001s inner /var/lib/kolla/venv/lib/python3.13/site-packages/oslo_concurrency/lockutils.py:525
2026-08-04 09:17:03.721 1106 DEBUG oslo_concurrency.lockutils [None req-93cd1328-1ace-4066-a228-e414c29e5ec2 a21177695b15453189fa711985038114 e18dc8ee4cf34b958dfb42806b1abc1d - - default default] Lock "b3fe5f5a-374f-40c2-960f-0fe2695b654a" "released" by "nova.context.set_target_cell..get_or_set_cached_cell_and_set_connections" :: held 0.000s inner /var/lib/kolla/venv/lib/python3.13/site-packages/oslo_concurrency/lockutils.py:544
2026-08-04 09:17:03.722 1106 DEBUG oslo_concurrency.lockutils [None req-93cd1328-1ace-4066-a228-e414c29e5ec2 a21177695b15453189fa711985038114 e18dc8ee4cf34b958dfb42806b1abc1d - - default default] Acquiring lock "b3fe5f5a-374f-40c2-960f-0fe2695b654a" by "nova.context.set_target_cell..get_or_set_cached_cell_and_set_connections" inner /var/lib/kolla/venv/lib/python3.13/site-packages/oslo_concurrency/lockutils.py:512
2026-08-04 09:17:03.722 1106 DEBUG oslo_concurrency.lockutils [None req-93cd1328-1ace-4066-a228-e414c29e5ec2 a21177695b15453189fa711985038114 e18dc8ee4cf34b958dfb42806b1abc1d - - default default] Lock "b3fe5f5a-374f-40c2-960f-0fe2695b654a" acquired by "nova.context.set_target_cell..get_or_set_cached_cell_and_set_connections" :: waited 0.000s inner /var/lib/kolla/venv/lib/python3.13/site-packages/oslo_concurrency/lockutils.py:525
2026-08-04 09:17:03.723 1106 DEBUG oslo_concurrency.lockutils [None req-93cd1328-1ace-4066-a228-e414c29e5ec2 a21177695b15453189fa711985038114 e18dc8ee4cf34b958dfb42806b1abc1d - - default default] Lock "b3fe5f5a-374f-40c2-960f-0fe2695b654a" "released" by "nova.context.set_target_cell..get_or_set_cached_cell_and_set_connections" :: held 0.000s inner /var/lib/kolla/venv/lib/python3.13/site-packages/oslo_concurrency/lockutils.py:544
2026-08-04 09:17:03.736 1106 INFO nova.api.openstack.wsgi [None req-93cd1328-1ace-4066-a228-e414c29e5ec2 a21177695b15453189fa711985038114 e18dc8ee4cf34b958dfb42806b1abc1d - - default default] HTTP exception thrown: Instance 1b3cfec4-202b-49e8-aad5-e710df0fefcc could not be found.
2026-08-04 09:17:03.737 1106 DEBUG nova.api.openstack.wsgi [None req-93cd1328-1ace-4066-a228-e414c29e5ec2 a21177695b15453189fa711985038114 e18dc8ee4cf34b958dfb42806b1abc1d - - default default] Returning 404 to user: Instance 1b3cfec4-202b-49e8-aad5-e710df0fefcc could not be found. __call__ /var/lib/kolla/venv/lib/python3.13/site-packages/nova/api/openstack/wsgi.py:908
2026-08-04 09:17:03.737 1106 INFO nova.api.openstack.requestlog [None req-93cd1328-1ace-4066-a228-e414c29e5ec2 a21177695b15453189fa711985038114 e18dc8ee4cf34b958dfb42806b1abc1d - - default default] 192.0.2.10 "GET /v2.1/servers/1b3cfec4-202b-49e8-aad5-e710df0fefcc" status: 404 len: 111 microversion: 2.1 time: 0.054322
2026-08-04 09:17:03.761 1105 DEBUG nova.api.openstack.wsgi [None req-a5902b37-bd6e-4485-abbf-e031544c9b5c a21177695b15453189fa711985038114 e18dc8ee4cf34b958dfb42806b1abc1d - - default default] Calling method '>' _process_stack /var/lib/kolla/venv/lib/python3.13/site-packages/nova/api/openstack/wsgi.py:551
2026-08-04 09:17:03.771 1105 INFO nova.api.openstack.requestlog [None req-a5902b37-bd6e-4485-abbf-e031544c9b5c a21177695b15453189fa711985038114 e18dc8ee4cf34b958dfb42806b1abc1d - - default default] 192.0.2.10 "DELETE /v2.1/os-keypairs/tempest-keypair-1266369573" status: 202 len: 0 microversion: 2.1 time: 0.013036
2026-08-04 09:17:04.411 1106 DEBUG nova.api.openstack.wsgi [None req-93cd1328-1ace-4066-a228-e414c29e5ec2 a21177695b15453189fa711985038114 e18dc8ee4cf34b958dfb42806b1abc1d - - default default] Calling method '>' _process_stack /var/lib/kolla/venv/lib/python3.13/site-packages/nova/api/openstack/wsgi.py:551
2026-08-04 09:17:04.416 1106 INFO nova.api.openstack.requestlog [None req-93cd1328-1ace-4066-a228-e414c29e5ec2 a21177695b15453189fa711985038114 e18dc8ee4cf34b958dfb42806b1abc1d - - default default] 192.0.2.1 "GET /" status: 200 len: 367 microversion: - time: 0.004514
2026-08-04 09:17:06.422 1105 DEBUG nova.api.openstack.wsgi [None req-a5902b37-bd6e-4485-abbf-e031544c9b5c a21177695b15453189fa711985038114 e18dc8ee4cf34b958dfb42806b1abc1d - - default default] Calling method '>' _process_stack /var/lib/kolla/venv/lib/python3.13/site-packages/nova/api/openstack/wsgi.py:551
2026-08-04 09:17:06.426 1105 INFO nova.api.openstack.requestlog [None req-a5902b37-bd6e-4485-abbf-e031544c9b5c a21177695b15453189fa711985038114 e18dc8ee4cf34b958dfb42806b1abc1d - - default default] 192.0.2.1 "GET /" status: 200 len: 367 microversion: - time: 0.004362
2026-08-04 09:17:08.431 1106 DEBUG nova.api.openstack.wsgi [None req-93cd1328-1ace-4066-a228-e414c29e5ec2 a21177695b15453189fa711985038114 e18dc8ee4cf34b958dfb42806b1abc1d - - default default] Calling method '>' _process_stack /var/lib/kolla/venv/lib/python3.13/site-packages/nova/api/openstack/wsgi.py:551
2026-08-04 09:17:08.435 1106 INFO nova.api.openstack.requestlog [None req-93cd1328-1ace-4066-a228-e414c29e5ec2 a21177695b15453189fa711985038114 e18dc8ee4cf34b958dfb42806b1abc1d - - default default] 192.0.2.1 "GET /" status: 200 len: 367 microversion: - time: 0.004222
2026-08-04 09:17:10.442 1105 DEBUG nova.api.openstack.wsgi [None req-a5902b37-bd6e-4485-abbf-e031544c9b5c a21177695b15453189fa711985038114 e18dc8ee4cf34b958dfb42806b1abc1d - - default default] Calling method '>' _process_stack /var/lib/kolla/venv/lib/python3.13/site-packages/nova/api/openstack/wsgi.py:551
2026-08-04 09:17:10.448 1105 INFO nova.api.openstack.requestlog [None req-a5902b37-bd6e-4485-abbf-e031544c9b5c a21177695b15453189fa711985038114 e18dc8ee4cf34b958dfb42806b1abc1d - - default default] 192.0.2.1 "GET /" status: 200 len: 367 microversion: - time: 0.006170
2026-08-04 09:17:11.249 1106 DEBUG nova.api.openstack.wsgi [None req-93cd1328-1ace-4066-a228-e414c29e5ec2 a21177695b15453189fa711985038114 e18dc8ee4cf34b958dfb42806b1abc1d - - default default] Calling method '>' _process_stack /var/lib/kolla/venv/lib/python3.13/site-packages/nova/api/openstack/wsgi.py:551
2026-08-04 09:17:11.253 1106 INFO nova.api.openstack.requestlog [None req-93cd1328-1ace-4066-a228-e414c29e5ec2 a21177695b15453189fa711985038114 e18dc8ee4cf34b958dfb42806b1abc1d - - default default] 192.0.2.1 "GET /" status: 200 len: 371 microversion: - time: 0.004865
2026-08-04 09:17:12.453 1105 DEBUG nova.api.openstack.wsgi [None req-a5902b37-bd6e-4485-abbf-e031544c9b5c a21177695b15453189fa711985038114 e18dc8ee4cf34b958dfb42806b1abc1d - - default default] Calling method '>' _process_stack /var/lib/kolla/venv/lib/python3.13/site-packages/nova/api/openstack/wsgi.py:551
2026-08-04 09:17:12.457 1105 INFO nova.api.openstack.requestlog [None req-a5902b37-bd6e-4485-abbf-e031544c9b5c a21177695b15453189fa711985038114 e18dc8ee4cf34b958dfb42806b1abc1d - - default default] 192.0.2.1 "GET /" status: 200 len: 367 microversion: - time: 0.003326
2026-08-04 09:17:14.463 1106 DEBUG nova.api.openstack.wsgi [None req-93cd1328-1ace-4066-a228-e414c29e5ec2 a21177695b15453189fa711985038114 e18dc8ee4cf34b958dfb42806b1abc1d - - default default] Calling method '>' _process_stack /var/lib/kolla/venv/lib/python3.13/site-packages/nova/api/openstack/wsgi.py:551
2026-08-04 09:17:14.468 1106 INFO nova.api.openstack.requestlog [None req-93cd1328-1ace-4066-a228-e414c29e5ec2 a21177695b15453189fa711985038114 e18dc8ee4cf34b958dfb42806b1abc1d - - default default] 192.0.2.1 "GET /" status: 200 len: 367 microversion: - time: 0.005139
2026-08-04 09:17:16.476 1105 DEBUG nova.api.openstack.wsgi [None req-a5902b37-bd6e-4485-abbf-e031544c9b5c a21177695b15453189fa711985038114 e18dc8ee4cf34b958dfb42806b1abc1d - - default default] Calling method '>' _process_stack /var/lib/kolla/venv/lib/python3.13/site-packages/nova/api/openstack/wsgi.py:551
2026-08-04 09:17:16.481 1105 INFO nova.api.openstack.requestlog [None req-a5902b37-bd6e-4485-abbf-e031544c9b5c a21177695b15453189fa711985038114 e18dc8ee4cf34b958dfb42806b1abc1d - - default default] 192.0.2.1 "GET /" status: 200 len: 367 microversion: - time: 0.005777
2026-08-04 09:17:18.488 1106 DEBUG nova.api.openstack.wsgi [None req-93cd1328-1ace-4066-a228-e414c29e5ec2 a21177695b15453189fa711985038114 e18dc8ee4cf34b958dfb42806b1abc1d - - default default] Calling method '>' _process_stack /var/lib/kolla/venv/lib/python3.13/site-packages/nova/api/openstack/wsgi.py:551
2026-08-04 09:17:18.494 1106 INFO nova.api.openstack.requestlog [None req-93cd1328-1ace-4066-a228-e414c29e5ec2 a21177695b15453189fa711985038114 e18dc8ee4cf34b958dfb42806b1abc1d - - default default] 192.0.2.1 "GET /" status: 200 len: 367 microversion: - time: 0.005451
2026-08-04 09:17:20.500 1105 DEBUG nova.api.openstack.wsgi [None req-a5902b37-bd6e-4485-abbf-e031544c9b5c a21177695b15453189fa711985038114 e18dc8ee4cf34b958dfb42806b1abc1d - - default default] Calling method '>' _process_stack /var/lib/kolla/venv/lib/python3.13/site-packages/nova/api/openstack/wsgi.py:551
2026-08-04 09:17:20.504 1105 INFO nova.api.openstack.requestlog [None req-a5902b37-bd6e-4485-abbf-e031544c9b5c a21177695b15453189fa711985038114 e18dc8ee4cf34b958dfb42806b1abc1d - - default default] 192.0.2.1 "GET /" status: 200 len: 367 microversion: - time: 0.004636
2026-08-04 09:17:22.510 1106 DEBUG nova.api.openstack.wsgi [None req-93cd1328-1ace-4066-a228-e414c29e5ec2 a21177695b15453189fa711985038114 e18dc8ee4cf34b958dfb42806b1abc1d - - default default] Calling method '>' _process_stack /var/lib/kolla/venv/lib/python3.13/site-packages/nova/api/openstack/wsgi.py:551
2026-08-04 09:17:22.513 1106 INFO nova.api.openstack.requestlog [None req-93cd1328-1ace-4066-a228-e414c29e5ec2 a21177695b15453189fa711985038114 e18dc8ee4cf34b958dfb42806b1abc1d - - default default] 192.0.2.1 "GET /" status: 200 len: 367 microversion: - time: 0.003304
2026-08-04 09:17:24.520 1105 DEBUG nova.api.openstack.wsgi [None req-a5902b37-bd6e-4485-abbf-e031544c9b5c a21177695b15453189fa711985038114 e18dc8ee4cf34b958dfb42806b1abc1d - - default default] Calling method '>' _process_stack /var/lib/kolla/venv/lib/python3.13/site-packages/nova/api/openstack/wsgi.py:551
2026-08-04 09:17:24.524 1105 INFO nova.api.openstack.requestlog [None req-a5902b37-bd6e-4485-abbf-e031544c9b5c a21177695b15453189fa711985038114 e18dc8ee4cf34b958dfb42806b1abc1d - - default default] 192.0.2.1 "GET /" status: 200 len: 367 microversion: - time: 0.004850
2026-08-04 09:17:26.535 1106 DEBUG nova.api.openstack.wsgi [None req-93cd1328-1ace-4066-a228-e414c29e5ec2 a21177695b15453189fa711985038114 e18dc8ee4cf34b958dfb42806b1abc1d - - default default] Calling method '>' _process_stack /var/lib/kolla/venv/lib/python3.13/site-packages/nova/api/openstack/wsgi.py:551
2026-08-04 09:17:26.542 1106 INFO nova.api.openstack.requestlog [None req-93cd1328-1ace-4066-a228-e414c29e5ec2 a21177695b15453189fa711985038114 e18dc8ee4cf34b958dfb42806b1abc1d - - default default] 192.0.2.1 "GET /" status: 200 len: 367 microversion: - time: 0.007330
2026-08-04 09:17:28.549 1105 DEBUG nova.api.openstack.wsgi [None req-a5902b37-bd6e-4485-abbf-e031544c9b5c a21177695b15453189fa711985038114 e18dc8ee4cf34b958dfb42806b1abc1d - - default default] Calling method '>' _process_stack /var/lib/kolla/venv/lib/python3.13/site-packages/nova/api/openstack/wsgi.py:551
2026-08-04 09:17:28.554 1105 INFO nova.api.openstack.requestlog [None req-a5902b37-bd6e-4485-abbf-e031544c9b5c a21177695b15453189fa711985038114 e18dc8ee4cf34b958dfb42806b1abc1d - - default default] 192.0.2.1 "GET /" status: 200 len: 367 microversion: - time: 0.004382
2026-08-04 09:17:30.559 1106 DEBUG nova.api.openstack.wsgi [None req-93cd1328-1ace-4066-a228-e414c29e5ec2 a21177695b15453189fa711985038114 e18dc8ee4cf34b958dfb42806b1abc1d - - default default] Calling method '>' _process_stack /var/lib/kolla/venv/lib/python3.13/site-packages/nova/api/openstack/wsgi.py:551
2026-08-04 09:17:30.563 1106 INFO nova.api.openstack.requestlog [None req-93cd1328-1ace-4066-a228-e414c29e5ec2 a21177695b15453189fa711985038114 e18dc8ee4cf34b958dfb42806b1abc1d - - default default] 192.0.2.1 "GET /" status: 200 len: 367 microversion: - time: 0.004927
2026-08-04 09:17:32.166 1105 DEBUG nova.api.openstack.wsgi [None req-ca254c00-b6aa-4218-b011-d5894a5686d6 dd4c924954994803b55087e2cc0c1309 836571b26ae54b739df1f5059b1cbece - - default default] Action: 'create', calling method: >, body: {"keypair": {"name": "tempest-TestNetworkBasicOps-892741804", "public_key": "ecdsa-sha2-nistp384 AAAAE2VjZHNhLXNoYTItbmlzdHAzODQAAAAIbmlzdHAzODQAAABhBPlkc/WBkm+XiP1Kg6CazPHDFV0uKToyeY5VYyPQmYc5iOodWtppPAR8u1chda2VnQYvEc50+RZZdipqQC3dZ1vfPLdEBL+aZU+YM5v51n4d3h0nVhhNn2SJl1n8TikTeA=="}} _process_stack /var/lib/kolla/venv/lib/python3.13/site-packages/nova/api/openstack/wsgi.py:549
2026-08-04 09:17:32.229 1105 DEBUG nova.quota [None req-ca254c00-b6aa-4218-b011-d5894a5686d6 dd4c924954994803b55087e2cc0c1309 836571b26ae54b739df1f5059b1cbece - - default default] Getting quotas for project 836571b26ae54b739df1f5059b1cbece. Resources: {'key_pairs'} _get_quotas /var/lib/kolla/venv/lib/python3.13/site-packages/nova/quota.py:389
2026-08-04 09:17:32.233 1105 DEBUG nova.quota [None req-ca254c00-b6aa-4218-b011-d5894a5686d6 dd4c924954994803b55087e2cc0c1309 836571b26ae54b739df1f5059b1cbece - - default default] Getting quotas for user dd4c924954994803b55087e2cc0c1309 and project 836571b26ae54b739df1f5059b1cbece. Resources: {'key_pairs'} _get_quotas /var/lib/kolla/venv/lib/python3.13/site-packages/nova/quota.py:379
2026-08-04 09:17:32.253 1105 INFO nova.api.openstack.requestlog [None req-ca254c00-b6aa-4218-b011-d5894a5686d6 dd4c924954994803b55087e2cc0c1309 836571b26ae54b739df1f5059b1cbece - - default default] 192.0.2.10 "POST /v2.1/os-keypairs" status: 200 len: 397 microversion: 2.1 time: 0.090968
2026-08-04 09:17:32.571 1106 DEBUG nova.api.openstack.wsgi [None req-93cd1328-1ace-4066-a228-e414c29e5ec2 a21177695b15453189fa711985038114 e18dc8ee4cf34b958dfb42806b1abc1d - - default default] Calling method '>' _process_stack /var/lib/kolla/venv/lib/python3.13/site-packages/nova/api/openstack/wsgi.py:551
2026-08-04 09:17:32.574 1106 INFO nova.api.openstack.requestlog [None req-93cd1328-1ace-4066-a228-e414c29e5ec2 a21177695b15453189fa711985038114 e18dc8ee4cf34b958dfb42806b1abc1d - - default default] 192.0.2.1 "GET /" status: 200 len: 367 microversion: - time: 0.003022
2026-08-04 09:17:33.845 1105 DEBUG nova.api.openstack.wsgi [None req-1e94d939-afbb-492e-8131-39dabd9dd0c6 dd4c924954994803b55087e2cc0c1309 836571b26ae54b739df1f5059b1cbece - - default default] Action: 'create', calling method: >, body: {"server": {"name": "tempest-TestNetworkBasicOps-server-1514013050", "imageRef": "eb14e975-7fd8-4f37-9fc3-c700026fe602", "flavorRef": "7", "networks": [{"uuid": "2d9ca866-4079-4b48-a495-b056d628ef93"}], "key_name": "tempest-TestNetworkBasicOps-892741804", "security_groups": [{"name": "tempest-secgroup-smoke-1383244387"}]}} _process_stack /var/lib/kolla/venv/lib/python3.13/site-packages/nova/api/openstack/wsgi.py:549
2026-08-04 09:17:33.940 1105 DEBUG oslo_concurrency.lockutils [None req-1e94d939-afbb-492e-8131-39dabd9dd0c6 dd4c924954994803b55087e2cc0c1309 836571b26ae54b739df1f5059b1cbece - - default default] Acquiring lock "00000000-0000-0000-0000-000000000000" by "nova.context.set_target_cell..get_or_set_cached_cell_and_set_connections" inner /var/lib/kolla/venv/lib/python3.13/site-packages/oslo_concurrency/lockutils.py:512
2026-08-04 09:17:33.940 1105 DEBUG oslo_concurrency.lockutils [None req-1e94d939-afbb-492e-8131-39dabd9dd0c6 dd4c924954994803b55087e2cc0c1309 836571b26ae54b739df1f5059b1cbece - - default default] Lock "00000000-0000-0000-0000-000000000000" acquired by "nova.context.set_target_cell..get_or_set_cached_cell_and_set_connections" :: waited 0.000s inner /var/lib/kolla/venv/lib/python3.13/site-packages/oslo_concurrency/lockutils.py:525
2026-08-04 09:17:33.940 1105 DEBUG oslo_concurrency.lockutils [None req-1e94d939-afbb-492e-8131-39dabd9dd0c6 dd4c924954994803b55087e2cc0c1309 836571b26ae54b739df1f5059b1cbece - - default default] Lock "00000000-0000-0000-0000-000000000000" "released" by "nova.context.set_target_cell..get_or_set_cached_cell_and_set_connections" :: held 0.000s inner /var/lib/kolla/venv/lib/python3.13/site-packages/oslo_concurrency/lockutils.py:544
2026-08-04 09:17:33.940 1105 DEBUG oslo_concurrency.lockutils [None req-1e94d939-afbb-492e-8131-39dabd9dd0c6 dd4c924954994803b55087e2cc0c1309 836571b26ae54b739df1f5059b1cbece - - default default] Acquiring lock "b3fe5f5a-374f-40c2-960f-0fe2695b654a" by "nova.context.set_target_cell..get_or_set_cached_cell_and_set_connections" inner /var/lib/kolla/venv/lib/python3.13/site-packages/oslo_concurrency/lockutils.py:512
2026-08-04 09:17:33.941 1105 DEBUG oslo_concurrency.lockutils [None req-1e94d939-afbb-492e-8131-39dabd9dd0c6 dd4c924954994803b55087e2cc0c1309 836571b26ae54b739df1f5059b1cbece - - default default] Lock "b3fe5f5a-374f-40c2-960f-0fe2695b654a" acquired by "nova.context.set_target_cell..get_or_set_cached_cell_and_set_connections" :: waited 0.000s inner /var/lib/kolla/venv/lib/python3.13/site-packages/oslo_concurrency/lockutils.py:525
2026-08-04 09:17:33.941 1105 DEBUG oslo_concurrency.lockutils [None req-1e94d939-afbb-492e-8131-39dabd9dd0c6 dd4c924954994803b55087e2cc0c1309 836571b26ae54b739df1f5059b1cbece - - default default] Lock "b3fe5f5a-374f-40c2-960f-0fe2695b654a" "released" by "nova.context.set_target_cell..get_or_set_cached_cell_and_set_connections" :: held 0.000s inner /var/lib/kolla/venv/lib/python3.13/site-packages/oslo_concurrency/lockutils.py:544
2026-08-04 09:17:33.975 1105 WARNING neutronclient.v2_0.client [None req-1e94d939-afbb-492e-8131-39dabd9dd0c6 dd4c924954994803b55087e2cc0c1309 836571b26ae54b739df1f5059b1cbece - - default default] The python binding code in neutronclient is deprecated in favor of OpenstackSDK, please use that as this will be removed in a future release.
2026-08-04 09:17:34.065 1105 DEBUG nova.network.neutron [None req-1e94d939-afbb-492e-8131-39dabd9dd0c6 dd4c924954994803b55087e2cc0c1309 836571b26ae54b739df1f5059b1cbece - - default default] validate_networks() for [('2d9ca866-4079-4b48-a495-b056d628ef93', None, None, None, None, None)] validate_networks /var/lib/kolla/venv/lib/python3.13/site-packages/nova/network/neutron.py:2686
2026-08-04 09:17:34.065 1105 WARNING neutronclient.v2_0.client [None req-1e94d939-afbb-492e-8131-39dabd9dd0c6 dd4c924954994803b55087e2cc0c1309 836571b26ae54b739df1f5059b1cbece - - default default] The python binding code in neutronclient is deprecated in favor of OpenstackSDK, please use that as this will be removed in a future release.
2026-08-04 09:17:34.203 1105 WARNING neutronclient.v2_0.client [None req-1e94d939-afbb-492e-8131-39dabd9dd0c6 dd4c924954994803b55087e2cc0c1309 836571b26ae54b739df1f5059b1cbece - - default default] The python binding code in neutronclient is deprecated in favor of OpenstackSDK, please use that as this will be removed in a future release.
2026-08-04 09:17:34.321 1105 DEBUG nova.virt.hardware [None req-1e94d939-afbb-492e-8131-39dabd9dd0c6 dd4c924954994803b55087e2cc0c1309 836571b26ae54b739df1f5059b1cbece - - default default] Flavor limits 0:0:0 get_cpu_topology_constraints /var/lib/kolla/venv/lib/python3.13/site-packages/nova/virt/hardware.py:516
2026-08-04 09:17:34.322 1105 DEBUG nova.virt.hardware [None req-1e94d939-afbb-492e-8131-39dabd9dd0c6 dd4c924954994803b55087e2cc0c1309 836571b26ae54b739df1f5059b1cbece - - default default] Image limits 0:0:0 get_cpu_topology_constraints /var/lib/kolla/venv/lib/python3.13/site-packages/nova/virt/hardware.py:520
2026-08-04 09:17:34.322 1105 DEBUG nova.virt.hardware [None req-1e94d939-afbb-492e-8131-39dabd9dd0c6 dd4c924954994803b55087e2cc0c1309 836571b26ae54b739df1f5059b1cbece - - default default] Flavor pref 0:0:0 get_cpu_topology_constraints /var/lib/kolla/venv/lib/python3.13/site-packages/nova/virt/hardware.py:556
2026-08-04 09:17:34.322 1105 DEBUG nova.virt.hardware [None req-1e94d939-afbb-492e-8131-39dabd9dd0c6 dd4c924954994803b55087e2cc0c1309 836571b26ae54b739df1f5059b1cbece - - default default] Image pref 0:0:0 get_cpu_topology_constraints /var/lib/kolla/venv/lib/python3.13/site-packages/nova/virt/hardware.py:560
2026-08-04 09:17:34.322 1105 DEBUG nova.virt.hardware [None req-1e94d939-afbb-492e-8131-39dabd9dd0c6 dd4c924954994803b55087e2cc0c1309 836571b26ae54b739df1f5059b1cbece - - default default] Chose sockets=0, cores=0, threads=0; limits were sockets=65536, cores=65536, threads=65536 get_cpu_topology_constraints /var/lib/kolla/venv/lib/python3.13/site-packages/nova/virt/hardware.py:598
2026-08-04 09:17:34.329 1105 DEBUG oslo_concurrency.lockutils [None req-1e94d939-afbb-492e-8131-39dabd9dd0c6 dd4c924954994803b55087e2cc0c1309 836571b26ae54b739df1f5059b1cbece - - default default] Acquiring lock "00000000-0000-0000-0000-000000000000" by "nova.context.set_target_cell..get_or_set_cached_cell_and_set_connections" inner /var/lib/kolla/venv/lib/python3.13/site-packages/oslo_concurrency/lockutils.py:512
2026-08-04 09:17:34.329 1105 DEBUG oslo_concurrency.lockutils [None req-1e94d939-afbb-492e-8131-39dabd9dd0c6 dd4c924954994803b55087e2cc0c1309 836571b26ae54b739df1f5059b1cbece - - default default] Lock "00000000-0000-0000-0000-000000000000" acquired by "nova.context.set_target_cell..get_or_set_cached_cell_and_set_connections" :: waited 0.000s inner /var/lib/kolla/venv/lib/python3.13/site-packages/oslo_concurrency/lockutils.py:525
2026-08-04 09:17:34.330 1105 DEBUG oslo_concurrency.lockutils [None req-1e94d939-afbb-492e-8131-39dabd9dd0c6 dd4c924954994803b55087e2cc0c1309 836571b26ae54b739df1f5059b1cbece - - default default] Lock "00000000-0000-0000-0000-000000000000" "released" by "nova.context.set_target_cell..get_or_set_cached_cell_and_set_connections" :: held 0.000s inner /var/lib/kolla/venv/lib/python3.13/site-packages/oslo_concurrency/lockutils.py:544
2026-08-04 09:17:34.330 1105 DEBUG oslo_concurrency.lockutils [None req-1e94d939-afbb-492e-8131-39dabd9dd0c6 dd4c924954994803b55087e2cc0c1309 836571b26ae54b739df1f5059b1cbece - - default default] Acquiring lock "b3fe5f5a-374f-40c2-960f-0fe2695b654a" by "nova.context.set_target_cell..get_or_set_cached_cell_and_set_connections" inner /var/lib/kolla/venv/lib/python3.13/site-packages/oslo_concurrency/lockutils.py:512
2026-08-04 09:17:34.330 1105 DEBUG oslo_concurrency.lockutils [None req-1e94d939-afbb-492e-8131-39dabd9dd0c6 dd4c924954994803b55087e2cc0c1309 836571b26ae54b739df1f5059b1cbece - - default default] Lock "b3fe5f5a-374f-40c2-960f-0fe2695b654a" acquired by "nova.context.set_target_cell..get_or_set_cached_cell_and_set_connections" :: waited 0.001s inner /var/lib/kolla/venv/lib/python3.13/site-packages/oslo_concurrency/lockutils.py:525
2026-08-04 09:17:34.331 1105 DEBUG oslo_concurrency.lockutils [None req-1e94d939-afbb-492e-8131-39dabd9dd0c6 dd4c924954994803b55087e2cc0c1309 836571b26ae54b739df1f5059b1cbece - - default default] Lock "b3fe5f5a-374f-40c2-960f-0fe2695b654a" "released" by "nova.context.set_target_cell..get_or_set_cached_cell_and_set_connections" :: held 0.000s inner /var/lib/kolla/venv/lib/python3.13/site-packages/oslo_concurrency/lockutils.py:544
2026-08-04 09:17:34.346 1105 DEBUG nova.quota [None req-1e94d939-afbb-492e-8131-39dabd9dd0c6 dd4c924954994803b55087e2cc0c1309 836571b26ae54b739df1f5059b1cbece - - default default] Getting quotas for project 836571b26ae54b739df1f5059b1cbece. Resources: {'instances', 'ram', 'cores'} _get_quotas /var/lib/kolla/venv/lib/python3.13/site-packages/nova/quota.py:389
2026-08-04 09:17:34.350 1105 DEBUG nova.quota [None req-1e94d939-afbb-492e-8131-39dabd9dd0c6 dd4c924954994803b55087e2cc0c1309 836571b26ae54b739df1f5059b1cbece - - default default] Getting quotas for user dd4c924954994803b55087e2cc0c1309 and project 836571b26ae54b739df1f5059b1cbece. Resources: {'instances', 'ram', 'cores'} _get_quotas /var/lib/kolla/venv/lib/python3.13/site-packages/nova/quota.py:379
2026-08-04 09:17:34.357 1105 DEBUG nova.compute.api [None req-1e94d939-afbb-492e-8131-39dabd9dd0c6 dd4c924954994803b55087e2cc0c1309 836571b26ae54b739df1f5059b1cbece - - default default] Going to run 1 instances... _provision_instances /var/lib/kolla/venv/lib/python3.13/site-packages/nova/compute/api.py:1480
2026-08-04 09:17:34.359 1105 DEBUG nova.compute.api [None req-1e94d939-afbb-492e-8131-39dabd9dd0c6 dd4c924954994803b55087e2cc0c1309 836571b26ae54b739df1f5059b1cbece - - default default] [instance: d12a20f9-6b51-48de-83b7-e9e6d617e245] block_device_mapping [BlockDeviceMapping(attachment_id=,boot_index=0,connection_info=None,created_at=,delete_on_termination=True,deleted=,deleted_at=,destination_type='local',device_name=None,device_type='disk',disk_bus=None,encrypted=False,encryption_format=None,encryption_options=None,encryption_secret_uuid=None,guest_format=None,id=,image_id='eb14e975-7fd8-4f37-9fc3-c700026fe602',instance=,instance_uuid=,no_device=False,snapshot_id=None,source_type='image',tag=None,updated_at=,uuid=,volume_id=None,volume_size=None,volume_type=None)] _bdm_validate_set_size_and_instance /var/lib/kolla/venv/lib/python3.13/site-packages/nova/compute/api.py:1942
2026-08-04 09:17:34.428 1105 INFO nova.api.openstack.requestlog [None req-1e94d939-afbb-492e-8131-39dabd9dd0c6 dd4c924954994803b55087e2cc0c1309 836571b26ae54b739df1f5059b1cbece - - default default] 192.0.2.10 "POST /v2.1/servers" status: 202 len: 400 microversion: 2.1 time: 0.587007
2026-08-04 09:17:34.445 1106 DEBUG nova.api.openstack.wsgi [None req-49637652-da54-4ae5-9a06-a23b7e39becf dd4c924954994803b55087e2cc0c1309 836571b26ae54b739df1f5059b1cbece - - default default] Calling method '>' _process_stack /var/lib/kolla/venv/lib/python3.13/site-packages/nova/api/openstack/wsgi.py:551
2026-08-04 09:17:34.448 1106 DEBUG nova.compute.api [None req-49637652-da54-4ae5-9a06-a23b7e39becf dd4c924954994803b55087e2cc0c1309 836571b26ae54b739df1f5059b1cbece - - default default] [instance: d12a20f9-6b51-48de-83b7-e9e6d617e245] Fetching instance by UUID get /var/lib/kolla/venv/lib/python3.13/site-packages/nova/compute/api.py:3068
2026-08-04 09:17:34.498 1106 WARNING neutronclient.v2_0.client [None req-49637652-da54-4ae5-9a06-a23b7e39becf dd4c924954994803b55087e2cc0c1309 836571b26ae54b739df1f5059b1cbece - - default default] The python binding code in neutronclient is deprecated in favor of OpenstackSDK, please use that as this will be removed in a future release.
2026-08-04 09:17:34.548 1106 DEBUG nova.policy [None req-49637652-da54-4ae5-9a06-a23b7e39becf dd4c924954994803b55087e2cc0c1309 836571b26ae54b739df1f5059b1cbece - - default default] Policy check for os_compute_api:os-extended-server-attributes failed with credentials {'is_admin': False, 'user_id': 'dd4c924954994803b55087e2cc0c1309', 'user_domain_id': 'default', 'system_scope': None, 'domain_id': None, 'project_id': '836571b26ae54b739df1f5059b1cbece', 'project_domain_id': 'default', 'roles': ['member', 'reader'], 'is_admin_project': True, 'service_user_id': None, 'service_user_domain_id': None, 'service_project_id': None, 'service_project_domain_id': None, 'service_roles': []} authorize /var/lib/kolla/venv/lib/python3.13/site-packages/nova/policy.py:202
2026-08-04 09:17:34.581 1105 DEBUG nova.api.openstack.wsgi [None req-1e94d939-afbb-492e-8131-39dabd9dd0c6 dd4c924954994803b55087e2cc0c1309 836571b26ae54b739df1f5059b1cbece - - default default] Calling method '>' _process_stack /var/lib/kolla/venv/lib/python3.13/site-packages/nova/api/openstack/wsgi.py:551
2026-08-04 09:17:34.588 1106 INFO nova.api.openstack.requestlog [None req-49637652-da54-4ae5-9a06-a23b7e39becf dd4c924954994803b55087e2cc0c1309 836571b26ae54b739df1f5059b1cbece - - default default] 192.0.2.10 "GET /v2.1/servers/d12a20f9-6b51-48de-83b7-e9e6d617e245" status: 200 len: 1232 microversion: 2.1 time: 0.145777
2026-08-04 09:17:34.593 1105 INFO nova.api.openstack.requestlog [None req-1e94d939-afbb-492e-8131-39dabd9dd0c6 dd4c924954994803b55087e2cc0c1309 836571b26ae54b739df1f5059b1cbece - - default default] 192.0.2.1 "GET /" status: 200 len: 367 microversion: - time: 0.012296
2026-08-04 09:17:35.617 1106 DEBUG nova.api.openstack.wsgi [None req-b8a8a8c3-0305-4e7c-9a8b-dfb6805d9d9a dd4c924954994803b55087e2cc0c1309 836571b26ae54b739df1f5059b1cbece - - default default] Calling method '>' _process_stack /var/lib/kolla/venv/lib/python3.13/site-packages/nova/api/openstack/wsgi.py:551
2026-08-04 09:17:35.619 1106 DEBUG nova.compute.api [None req-b8a8a8c3-0305-4e7c-9a8b-dfb6805d9d9a dd4c924954994803b55087e2cc0c1309 836571b26ae54b739df1f5059b1cbece - - default default] [instance: d12a20f9-6b51-48de-83b7-e9e6d617e245] Fetching instance by UUID get /var/lib/kolla/venv/lib/python3.13/site-packages/nova/compute/api.py:3068
2026-08-04 09:17:35.625 1106 DEBUG oslo_concurrency.lockutils [None req-b8a8a8c3-0305-4e7c-9a8b-dfb6805d9d9a dd4c924954994803b55087e2cc0c1309 836571b26ae54b739df1f5059b1cbece - - default default] Acquiring lock "b3fe5f5a-374f-40c2-960f-0fe2695b654a" by "nova.context.set_target_cell..get_or_set_cached_cell_and_set_connections" inner /var/lib/kolla/venv/lib/python3.13/site-packages/oslo_concurrency/lockutils.py:512
2026-08-04 09:17:35.625 1106 DEBUG oslo_concurrency.lockutils [None req-b8a8a8c3-0305-4e7c-9a8b-dfb6805d9d9a dd4c924954994803b55087e2cc0c1309 836571b26ae54b739df1f5059b1cbece - - default default] Lock "b3fe5f5a-374f-40c2-960f-0fe2695b654a" acquired by "nova.context.set_target_cell..get_or_set_cached_cell_and_set_connections" :: waited 0.000s inner /var/lib/kolla/venv/lib/python3.13/site-packages/oslo_concurrency/lockutils.py:525
2026-08-04 09:17:35.626 1106 DEBUG oslo_concurrency.lockutils [None req-b8a8a8c3-0305-4e7c-9a8b-dfb6805d9d9a dd4c924954994803b55087e2cc0c1309 836571b26ae54b739df1f5059b1cbece - - default default] Lock "b3fe5f5a-374f-40c2-960f-0fe2695b654a" "released" by "nova.context.set_target_cell..get_or_set_cached_cell_and_set_connections" :: held 0.000s inner /var/lib/kolla/venv/lib/python3.13/site-packages/oslo_concurrency/lockutils.py:544
2026-08-04 09:17:35.626 1106 DEBUG oslo_concurrency.lockutils [None req-b8a8a8c3-0305-4e7c-9a8b-dfb6805d9d9a dd4c924954994803b55087e2cc0c1309 836571b26ae54b739df1f5059b1cbece - - default default] Acquiring lock "b3fe5f5a-374f-40c2-960f-0fe2695b654a" by "nova.context.set_target_cell..get_or_set_cached_cell_and_set_connections" inner /var/lib/kolla/venv/lib/python3.13/site-packages/oslo_concurrency/lockutils.py:512
2026-08-04 09:17:35.626 1106 DEBUG oslo_concurrency.lockutils [None req-b8a8a8c3-0305-4e7c-9a8b-dfb6805d9d9a dd4c924954994803b55087e2cc0c1309 836571b26ae54b739df1f5059b1cbece - - default default] Lock "b3fe5f5a-374f-40c2-960f-0fe2695b654a" acquired by "nova.context.set_target_cell..get_or_set_cached_cell_and_set_connections" :: waited 0.000s inner /var/lib/kolla/venv/lib/python3.13/site-packages/oslo_concurrency/lockutils.py:525
2026-08-04 09:17:35.627 1106 DEBUG oslo_concurrency.lockutils [None req-b8a8a8c3-0305-4e7c-9a8b-dfb6805d9d9a dd4c924954994803b55087e2cc0c1309 836571b26ae54b739df1f5059b1cbece - - default default] Lock "b3fe5f5a-374f-40c2-960f-0fe2695b654a" "released" by "nova.context.set_target_cell..get_or_set_cached_cell_and_set_connections" :: held 0.000s inner /var/lib/kolla/venv/lib/python3.13/site-packages/oslo_concurrency/lockutils.py:544
2026-08-04 09:17:35.684 1106 WARNING neutronclient.v2_0.client [None req-b8a8a8c3-0305-4e7c-9a8b-dfb6805d9d9a dd4c924954994803b55087e2cc0c1309 836571b26ae54b739df1f5059b1cbece - - default default] The python binding code in neutronclient is deprecated in favor of OpenstackSDK, please use that as this will be removed in a future release.
2026-08-04 09:17:35.774 1106 DEBUG nova.policy [None req-b8a8a8c3-0305-4e7c-9a8b-dfb6805d9d9a dd4c924954994803b55087e2cc0c1309 836571b26ae54b739df1f5059b1cbece - - default default] Policy check for os_compute_api:os-extended-server-attributes failed with credentials {'is_admin': False, 'user_id': 'dd4c924954994803b55087e2cc0c1309', 'user_domain_id': 'default', 'system_scope': None, 'domain_id': None, 'project_id': '836571b26ae54b739df1f5059b1cbece', 'project_domain_id': 'default', 'roles': ['member', 'reader'], 'is_admin_project': True, 'service_user_id': None, 'service_user_domain_id': None, 'service_project_id': None, 'service_project_domain_id': None, 'service_roles': []} authorize /var/lib/kolla/venv/lib/python3.13/site-packages/nova/policy.py:202
